{"id":9952,"date":"2022-02-14T12:18:50","date_gmt":"2022-02-14T10:18:50","guid":{"rendered":"https:\/\/www.saxsim.ee\/?post_type=product&#038;p=9952"},"modified":"2025-08-20T19:29:14","modified_gmt":"2025-08-20T16:29:14","slug":"jrl-fresh-fade-2020t-trimmer","status":"publish","type":"product","link":"https:\/\/saxsim.ee\/swp\/product\/jrl-fresh-fade-2020t-trimmer\/","title":{"rendered":"JRL Fresh Fade 2020T &#8211; trimmer"},"content":{"rendered":"<p>Uus , juhtmega\/juhtmeta, pika elueaga, v\u00f5imsa mootoriga, kerge juuksetrimmer.<br \/>\n<strong>Tehnilised andmed:<\/strong><br \/>\nCool Blade tehnoloogia<br \/>\nPatenteeritud Smart-Clip tehnoloogia<br \/>\n7200 p\u00f6\u00f6ret min.<br \/>\nAC 100-240V 50\/60Hz<br \/>\nAdapteri v\u00e4ljund &#8211; DC 5V, 1A<br \/>\nLiitiumioonaku maht &#8211; 3,6V 1400mAh<br \/>\nakutoitel t\u00f6\u00f6tab \u2013 120 min.<br \/>\naku laadimisaeg \u2013 120 min.<br \/>\nkaal \u2013 200 g.<br \/>\nLED-ekraan aku\u00a0laetusastme kuvamiseks<\/p>\n<p><strong>Komplektis:<\/strong><\/p>\n<p>2020T trimmeri tera (SF07) ( 0 &#8211; 3,5 mm ) tera ( laius &#8211; &#8230;.. mm. )<br \/>\nlaadimisadapter<br \/>\npuhastushari<br \/>\nmasina\u00f5li<br \/>\nkruvikeeraja<\/p>\n","protected":false},"excerpt":{"rendered":"<p>Uus , juhtmega\/juhtmeta, pika elueaga, v\u00f5imsa mootoriga, kerge juuksetrimmer. Tehnilised andmed: Cool Blade tehnoloogia Patenteeritud Smart-Clip tehnoloogia 7200 p\u00f6\u00f6ret min. AC 100-240V 50\/60Hz Adapteri v\u00e4ljund &#8211; DC 5V, 1A Liitiumioonaku maht &#8211; 3,6V 1400mAh akutoitel t\u00f6\u00f6tab \u2013 120 min. aku laadimisaeg \u2013 120 min. kaal \u2013 200 g. LED-ekraan aku\u00a0laetusastme kuvamiseks Komplektis: 2020T trimmeri tera [&hellip;]<\/p>\n","protected":false},"featured_media":9953,"comment_status":"closed","ping_status":"closed","template":"","meta":[],"product_cat":[792,712,401,280,286],"product_tag":[],"class_list":{"0":"post-9952","1":"product","2":"type-product","3":"status-publish","4":"has-post-thumbnail","6":"product_cat-uued-tooted","7":"product_cat-jrl-professional","8":"product_cat-juuksuri-tarvikud","9":"product_cat-elektrilised-toovahendid","10":"product_cat-loikusmasinad-ja-trimmerid","12":"first","13":"instock","14":"taxable","15":"shipping-taxable","16":"purchasable","17":"product-type-simple"},"_links":{"self":[{"href":"https:\/\/saxsim.ee\/swp\/wp-json\/wp\/v2\/product\/9952"}],"collection":[{"href":"https:\/\/saxsim.ee\/swp\/wp-json\/wp\/v2\/product"}],"about":[{"href":"https:\/\/saxsim.ee\/swp\/wp-json\/wp\/v2\/types\/product"}],"replies":[{"embeddable":true,"href":"https:\/\/saxsim.ee\/swp\/wp-json\/wp\/v2\/comments?post=9952"}],"wp:featuredmedia":[{"embeddable":true,"href":"https:\/\/saxsim.ee\/swp\/wp-json\/wp\/v2\/media\/9953"}],"wp:attachment":[{"href":"https:\/\/saxsim.ee\/swp\/wp-json\/wp\/v2\/media?parent=9952"}],"wp:term":[{"taxonomy":"product_cat","embeddable":true,"href":"https:\/\/saxsim.ee\/swp\/wp-json\/wp\/v2\/product_cat?post=9952"},{"taxonomy":"product_tag","embeddable":true,"href":"https:\/\/saxsim.ee\/swp\/wp-json\/wp\/v2\/product_tag?post=9952"}],"curies":[{"name":"wp","href":"https:\/\/api.w.org\/{rel}","templated":true}]}}