{"id":9926,"date":"2022-02-13T10:54:49","date_gmt":"2022-02-13T08:54:49","guid":{"rendered":"https:\/\/www.saxsim.ee\/?post_type=product&#038;p=9926"},"modified":"2025-07-03T12:29:08","modified_gmt":"2025-07-03T09:29:08","slug":"hairpearl-cream-oxidant-6-80-ml-ripsme-ja-kulmuvarvi-kreemvesinik","status":"publish","type":"product","link":"https:\/\/saxsim.ee\/swp\/product\/hairpearl-cream-oxidant-6-80-ml-ripsme-ja-kulmuvarvi-kreemvesinik\/","title":{"rendered":"Hairpearl Cream Oxidant 6% 80 ml &#8211; ripsme-ja kulmuv\u00e4rvi kreemvesinik"},"content":{"rendered":"<p>6% kreemvesinik k\u00f5ikidele Hairpearl ripsme- ja kulmuv\u00e4rvidele. <span class=\"VIiyi\" lang=\"et\"><span class=\"JLqJ4b ChMk0b\">Kreemvesinik sisaldab jojoba taimep\u00f5hist ekstrakti, mis tagab \u00f5rnema v\u00e4rvimiskogemuse.<\/span> <span class=\"JLqJ4b ChMk0b\">6% koostis on k\u00f5ige sagedamini kasutatav ja sobib ideaalselt hallide ripsme-ja kulmukarvade katmiseks.<\/span><\/span><\/p>\n<p><strong>Kasutamine:\u00a0<\/strong>Sega Hairpearl ripsme- ja kulmuv\u00e4rviga suhtes 1+1 ( nt. 10 ml + 10 ml ). V\u00e4ldi silma sattumist. Silma sattumisel loputa koheselt silmi rohke veega. Kasuta kaitsekindaid.<\/p>\n<p><strong><span class=\"VIiyi\" lang=\"et\"><span class=\"JLqJ4b ChMk0b\">Ainult professionaalseks kasutamiseks.<\/span><\/span><\/strong><\/p>\n<p>&nbsp;<\/p>\n","protected":false},"excerpt":{"rendered":"<p>6% kreemvesinik k\u00f5ikidele Hairpearl ripsme- ja kulmuv\u00e4rvidele. Kreemvesinik sisaldab jojoba taimep\u00f5hist ekstrakti, mis tagab \u00f5rnema v\u00e4rvimiskogemuse. 6% koostis on k\u00f5ige sagedamini kasutatav ja sobib ideaalselt hallide ripsme-ja kulmukarvade katmiseks. Kasutamine:\u00a0Sega Hairpearl ripsme- ja kulmuv\u00e4rviga suhtes 1+1 ( nt. 10 ml + 10 ml ). V\u00e4ldi silma sattumist. Silma sattumisel loputa koheselt silmi rohke veega. Kasuta [&hellip;]<\/p>\n","protected":false},"featured_media":9927,"comment_status":"closed","ping_status":"closed","template":"","meta":[],"product_cat":[799,97,697,800],"product_tag":[637],"class_list":{"0":"post-9926","1":"product","2":"type-product","3":"status-publish","4":"has-post-thumbnail","6":"product_cat-hairpearl","7":"product_cat-nagu-ja-keha","8":"product_cat-ripsmed","9":"product_cat-hairpearl-ripsmed","10":"product_tag-profitoode","12":"first","13":"instock","14":"taxable","15":"shipping-taxable","16":"purchasable","17":"product-type-simple"},"_links":{"self":[{"href":"https:\/\/saxsim.ee\/swp\/wp-json\/wp\/v2\/product\/9926"}],"collection":[{"href":"https:\/\/saxsim.ee\/swp\/wp-json\/wp\/v2\/product"}],"about":[{"href":"https:\/\/saxsim.ee\/swp\/wp-json\/wp\/v2\/types\/product"}],"replies":[{"embeddable":true,"href":"https:\/\/saxsim.ee\/swp\/wp-json\/wp\/v2\/comments?post=9926"}],"wp:featuredmedia":[{"embeddable":true,"href":"https:\/\/saxsim.ee\/swp\/wp-json\/wp\/v2\/media\/9927"}],"wp:attachment":[{"href":"https:\/\/saxsim.ee\/swp\/wp-json\/wp\/v2\/media?parent=9926"}],"wp:term":[{"taxonomy":"product_cat","embeddable":true,"href":"https:\/\/saxsim.ee\/swp\/wp-json\/wp\/v2\/product_cat?post=9926"},{"taxonomy":"product_tag","embeddable":true,"href":"https:\/\/saxsim.ee\/swp\/wp-json\/wp\/v2\/product_tag?post=9926"}],"curies":[{"name":"wp","href":"https:\/\/api.w.org\/{rel}","templated":true}]}}