{"id":9825,"date":"2022-01-25T20:53:10","date_gmt":"2022-01-25T18:53:10","guid":{"rendered":"https:\/\/www.saxsim.ee\/?post_type=product&#038;p=9825"},"modified":"2024-01-08T13:07:31","modified_gmt":"2024-01-08T11:07:31","slug":"gamma-xcell-ionic-technology-hair-dryer-1400-1600w-kasifoon","status":"publish","type":"product","link":"https:\/\/saxsim.ee\/swp\/product\/gamma-xcell-ionic-technology-hair-dryer-1400-1600w-kasifoon\/","title":{"rendered":"Gamma+ Xcell Ionic Technology Hair Dryer, 1400-1600W &#8211; k\u00e4sif\u00f6\u00f6n"},"content":{"rendered":"<p>Suure j\u00f5udlusega f\u00f6\u00f6n professionaalseks kasutamiseks.<\/p>\n<p>&#8211; Uue p\u00f5lvkonna f\u00f6\u00f6n digitaalse mootori ja ioontehnoloogiaga.<br \/>\n&#8211; \u00dclimalt kerge, tasakaalustatud ja kompaktne: vaid 290 grammi ja poole v\u00e4iksem kui klassikaline f\u00f6\u00f6n.<br \/>\n&#8211; Kauakestev digitaalmootor.<br \/>\n&#8211; 360\u00b0 3D \u00f5hu sisseimemise filter, mis tagab suurema \u00f5huvoolu ja parema filtreerimise.<br \/>\n&#8211; Tehisintellekti tarkvara tagab professionaalse j\u00f5udluse madala energiakuluga.<br \/>\n&#8211; LED-tuled n\u00e4itavad selgelt k\u00f5iki 12 soojuse ja kiiruse kombinatsiooni.<br \/>\n&#8211; Lukustusnupp lukustab k\u00f5ik 12 kuumuse ja kiiruse kombinatsiooni, et v\u00e4ltida soovimatuid seadistuste muutusi kasutamise ajal.<br \/>\n&#8211; K\u00fclma \u00f5huvoo nupp<br \/>\n&#8211; Ergonoomiline ja futuristlik disain, kerge ja teaduslikult kalibreeritud tasakaal tagavad f\u00f6\u00f6ni kasutamise maksimaalse mugavuse.<br \/>\n&#8211; Vaikne. M\u00f5nusam helisagedus v\u00f5rreldes sama kategooria f\u00f6\u00f6nidega.<br \/>\n&#8211; T\u00e4iustatud ioontehnoloogia k\u00f5rvaldab staatilise elektri ja tagab l\u00e4ikivad, niisutatud ja siledad juuksed.<br \/>\n&#8211; Autonoomne puhastustehnoloogia v\u00f5imaldab mootoriturbiinil p\u00f6\u00f6relda vastupidises suunas, et efektiivselt puhastada filter.<br \/>\n&#8211; Sisaldab 4 erinevat otsikut ja difuusorit.<br \/>\n&#8211; Disainitud, kokku pandud ja testitud Gamma+ Itaalias.<\/p>\n<p><strong>Tehnilised andmed:<\/strong><\/p>\n<p>Long-Lasting Digital mootor<br \/>\n110000 <span class=\"VIiyi\" lang=\"et\"><span class=\"JLqJ4b ChMk0b\">p\/min<\/span><\/span><br \/>\n1400-1600W<br \/>\nt\u00f6\u00f6pinge 220-240 V~<br \/>\nsagedus 50-60 Hz<br \/>\n3 kiirust<br \/>\n3 kuumusastet<br \/>\nk\u00fclma \u00f5huvoo nupp<br \/>\nkaal &#8211; 290 g<br \/>\njuhe &#8211; 3 m<br \/>\n4 \u00f5husuunajat ( 4,8&#215;64,\u00a07&#215;64, 5&#215;75 ja 5&#215;88 mm. ) + 1 difuusor<br \/>\ngarantii &#8211; 1 aasta<\/p>\n<p><strong>Puhastage oma Gamma+ Xcell k\u00e4sif\u00f6\u00f6ni!<\/strong><\/p>\n<p>Teie Gamma+ X Cell k\u00e4sif\u00f6\u00f6ni igap\u00e4evane puhastamine (\u00a0Auto Clean ) tagab korraliku toimimise ja pikendab tema eluiga, kindlustades garantii kehtivuse.<\/p>\n<p><strong>Puhastamine:<\/strong><\/p>\n<p>1* \u00d5rnalt pintsliga puhastades, eemaldage mustus Gamma+ Xcell f\u00f6\u00f6ni tagumises osas olevalt 360\u00b0 mikrofiltrilt.<br \/>\nT\u00c4HELEPANU! 360\u00b0 MIKROFILTRIT EI SAA F\u00d6\u00d6NI K\u00dcLJEST EEMALDADA.<\/p>\n<p>2* Kasutage perioodiliselt ( u. peale igat sajandat f\u00f6\u00f6ni kasutamist ) autonoomset puhastustehnoloogiat ( Autonomous Cleaning System ), mis v\u00f5imaldab mootoriturbiinil p\u00f6\u00f6relda vastupidises suunas, et efektiivselt puhastada filter.<\/p>\n<p><strong>Autonomous Cleaning System k\u00e4ivitamine:<\/strong><\/p>\n<ul>\n<li>L\u00fclitage Gamma+ Xcell f\u00f6\u00f6n k\u00f5rgel kuumusel 60 sekundiks t\u00f6\u00f6le.<\/li>\n<li>L\u00fclitage Gamma+ Xcell f\u00f6\u00f6n v\u00e4lja.<\/li>\n<li>Vajutage ja hoidke k\u00fclma \u00f5huvoo nuppu u. 5 sekundit sees, et k\u00e4ivitada autonoomne puhastustehnoloogia. Puhastamine k\u00e4ivitub m\u00f5neks sekundiks ja l\u00fclitub automaatselt v\u00e4lja.<\/li>\n<\/ul>\n","protected":false},"excerpt":{"rendered":"<p>Suure j\u00f5udlusega f\u00f6\u00f6n professionaalseks kasutamiseks. &#8211; Uue p\u00f5lvkonna f\u00f6\u00f6n digitaalse mootori ja ioontehnoloogiaga. &#8211; \u00dclimalt kerge, tasakaalustatud ja kompaktne: vaid 290 grammi ja poole v\u00e4iksem kui klassikaline f\u00f6\u00f6n. &#8211; Kauakestev digitaalmootor. &#8211; 360\u00b0 3D \u00f5hu sisseimemise filter, mis tagab suurema \u00f5huvoolu ja parema filtreerimise. &#8211; Tehisintellekti tarkvara tagab professionaalse j\u00f5udluse madala energiakuluga. &#8211; LED-tuled n\u00e4itavad [&hellip;]<\/p>\n","protected":false},"featured_media":9826,"comment_status":"closed","ping_status":"closed","template":"","meta":[],"product_cat":[792,798,401,280,285],"product_tag":[],"class_list":{"0":"post-9825","1":"product","2":"type-product","3":"status-publish","4":"has-post-thumbnail","6":"product_cat-uued-tooted","7":"product_cat-gamma-piu","8":"product_cat-juuksuri-tarvikud","9":"product_cat-elektrilised-toovahendid","10":"product_cat-kasifoonid","12":"first","13":"instock","14":"taxable","15":"shipping-taxable","16":"purchasable","17":"product-type-simple"},"_links":{"self":[{"href":"https:\/\/saxsim.ee\/swp\/wp-json\/wp\/v2\/product\/9825"}],"collection":[{"href":"https:\/\/saxsim.ee\/swp\/wp-json\/wp\/v2\/product"}],"about":[{"href":"https:\/\/saxsim.ee\/swp\/wp-json\/wp\/v2\/types\/product"}],"replies":[{"embeddable":true,"href":"https:\/\/saxsim.ee\/swp\/wp-json\/wp\/v2\/comments?post=9825"}],"wp:featuredmedia":[{"embeddable":true,"href":"https:\/\/saxsim.ee\/swp\/wp-json\/wp\/v2\/media\/9826"}],"wp:attachment":[{"href":"https:\/\/saxsim.ee\/swp\/wp-json\/wp\/v2\/media?parent=9825"}],"wp:term":[{"taxonomy":"product_cat","embeddable":true,"href":"https:\/\/saxsim.ee\/swp\/wp-json\/wp\/v2\/product_cat?post=9825"},{"taxonomy":"product_tag","embeddable":true,"href":"https:\/\/saxsim.ee\/swp\/wp-json\/wp\/v2\/product_tag?post=9825"}],"curies":[{"name":"wp","href":"https:\/\/api.w.org\/{rel}","templated":true}]}}