{"id":9356,"date":"2021-11-13T08:21:40","date_gmt":"2021-11-13T06:21:40","guid":{"rendered":"https:\/\/www.saxsim.ee\/?post_type=product&#038;p=9356"},"modified":"2024-01-10T12:37:21","modified_gmt":"2024-01-10T10:37:21","slug":"ultron-extreme-naked-blade-trimmer-trimmer","status":"publish","type":"product","link":"https:\/\/saxsim.ee\/swp\/product\/ultron-extreme-naked-blade-trimmer-trimmer\/","title":{"rendered":"Ultron Extreme Naked Blade Trimmer &#8211; trimmer"},"content":{"rendered":"<p>Kerge, vaikne, juhtmega\/juhtmeta trimmer.<\/p>\n<p><strong>Tehnilised andmed:<\/strong><\/p>\n<p>mootori v\u00f5imsus &#8211; 6,5 W<br \/>\nmootori p\u00f6\u00f6rded &#8211; 7000 p\/min.<br \/>\nLi-Ion aku<br \/>\ntitaanist keraamiline tera<br \/>\nakutoitel t\u00f6\u00f6tab &#8211; 120 min.<br \/>\naku laadimisaeg &#8211; \u00a0120 min.<br \/>\nm\u00fcratase &#8211; 62 dB<br \/>\nl\u00f5iketera k\u00f5rgus &#8211;\u00a0 mm.<br \/>\nkaal &#8211; 225 g.<br \/>\njuhe &#8211; 2,50 m.<br \/>\nindikaatortuli aku laetusastme kuvamiseks<\/p>\n<p><strong>Komplektis:<\/strong><\/p>\n<p>l\u00f5ikustera laius &#8211;\u00a0 mm.<br \/>\nlaadimisalus koos juhtmega<br \/>\npuhastushari<br \/>\nmasina\u00f5li<br \/>\nkruvikeeraja<br \/>\ntera reguleerimist\u00f6\u00f6riist ja kaitse<\/p>\n<div class=\"UdTY9 Yb6eTe\"><\/div>\n","protected":false},"excerpt":{"rendered":"<p>Kerge, vaikne, juhtmega\/juhtmeta trimmer. Tehnilised andmed: mootori v\u00f5imsus &#8211; 6,5 W mootori p\u00f6\u00f6rded &#8211; 7000 p\/min. Li-Ion aku titaanist keraamiline tera akutoitel t\u00f6\u00f6tab &#8211; 120 min. aku laadimisaeg &#8211; \u00a0120 min. m\u00fcratase &#8211; 62 dB l\u00f5iketera k\u00f5rgus &#8211;\u00a0 mm. kaal &#8211; 225 g. juhe &#8211; 2,50 m. indikaatortuli aku laetusastme kuvamiseks Komplektis: l\u00f5ikustera laius &#8211;\u00a0 [&hellip;]<\/p>\n","protected":false},"featured_media":9357,"comment_status":"closed","ping_status":"closed","template":"","meta":[],"product_cat":[792,733,401,280,286],"product_tag":[],"class_list":{"0":"post-9356","1":"product","2":"type-product","3":"status-publish","4":"has-post-thumbnail","6":"product_cat-uued-tooted","7":"product_cat-ultron","8":"product_cat-juuksuri-tarvikud","9":"product_cat-elektrilised-toovahendid","10":"product_cat-loikusmasinad-ja-trimmerid","12":"first","13":"instock","14":"taxable","15":"shipping-taxable","16":"purchasable","17":"product-type-simple"},"_links":{"self":[{"href":"https:\/\/saxsim.ee\/swp\/wp-json\/wp\/v2\/product\/9356"}],"collection":[{"href":"https:\/\/saxsim.ee\/swp\/wp-json\/wp\/v2\/product"}],"about":[{"href":"https:\/\/saxsim.ee\/swp\/wp-json\/wp\/v2\/types\/product"}],"replies":[{"embeddable":true,"href":"https:\/\/saxsim.ee\/swp\/wp-json\/wp\/v2\/comments?post=9356"}],"wp:featuredmedia":[{"embeddable":true,"href":"https:\/\/saxsim.ee\/swp\/wp-json\/wp\/v2\/media\/9357"}],"wp:attachment":[{"href":"https:\/\/saxsim.ee\/swp\/wp-json\/wp\/v2\/media?parent=9356"}],"wp:term":[{"taxonomy":"product_cat","embeddable":true,"href":"https:\/\/saxsim.ee\/swp\/wp-json\/wp\/v2\/product_cat?post=9356"},{"taxonomy":"product_tag","embeddable":true,"href":"https:\/\/saxsim.ee\/swp\/wp-json\/wp\/v2\/product_tag?post=9356"}],"curies":[{"name":"wp","href":"https:\/\/api.w.org\/{rel}","templated":true}]}}