{"id":9153,"date":"2021-10-22T09:39:43","date_gmt":"2021-10-22T06:39:43","guid":{"rendered":"https:\/\/www.saxsim.ee\/?post_type=product&#038;p=9153"},"modified":"2025-11-01T11:46:52","modified_gmt":"2025-11-01T09:46:52","slug":"vacuum-cleaner-clea-all-tolmuimeja-kopeeri","status":"publish","type":"product","link":"https:\/\/saxsim.ee\/swp\/product\/vacuum-cleaner-clea-all-tolmuimeja-kopeeri\/","title":{"rendered":"Vacuum Cleaner &#8211; tolmuimeja"},"content":{"rendered":"<p>Statsionaarne, tolmukotita, infrapunaanduriga tolmuimeja. Lihtsalt p\u00fchi juuksed, tolm ja muu pr\u00fcgi tolmuimeja ava juurde,\u00a0infrapunaandur k\u00e4ivitab tolmuimeja ja pr\u00fcgi imetakse konteinerisse. Konteinerit on kerge eemaldada ja puhastada. Tolmuimeja t\u00f6\u00f6tab h\u00e4sti siledatel pindadel nagu plaadid, puit, vin\u00fc\u00fcl v\u00f5i betoon.<\/p>\n<p>K\u00f5rgus &#8211;\u00a0 53,0 cm.<\/p>\n<p>Laius &#8211;\u00a0 33,0 cm.<\/p>\n<p>S\u00fcgavus &#8211;\u00a0 24,0 cm.<\/p>\n<p>V\u00f5imsus: 1400 W<\/p>\n<p>T\u00f6\u00f6pinge: 220\/240 V<\/p>\n<p>T\u00f6\u00f6sagedus: ~50 Hz<\/p>\n<p>Pr\u00fcgikonteineri sisemised m\u00f5\u00f5dud: u. 19,5&#215;20.5&#215;14,5 cm.<\/p>\n<p>&nbsp;<\/p>\n","protected":false},"excerpt":{"rendered":"<p>Statsionaarne, tolmukotita, infrapunaanduriga tolmuimeja. Lihtsalt p\u00fchi juuksed, tolm ja muu pr\u00fcgi tolmuimeja ava juurde,\u00a0infrapunaandur k\u00e4ivitab tolmuimeja ja pr\u00fcgi imetakse konteinerisse. Konteinerit on kerge eemaldada ja puhastada. Tolmuimeja t\u00f6\u00f6tab h\u00e4sti siledatel pindadel nagu plaadid, puit, vin\u00fc\u00fcl v\u00f5i betoon. K\u00f5rgus &#8211;\u00a0 53,0 cm. Laius &#8211;\u00a0 33,0 cm. S\u00fcgavus &#8211;\u00a0 24,0 cm. V\u00f5imsus: 1400 W T\u00f6\u00f6pinge: 220\/240 V [&hellip;]<\/p>\n","protected":false},"featured_media":9154,"comment_status":"closed","ping_status":"closed","template":"","meta":[],"product_cat":[325,639,401,599],"product_tag":[],"class_list":{"0":"post-9153","1":"product","2":"type-product","3":"status-publish","4":"has-post-thumbnail","6":"product_cat-juuksuri-ja-ilusalongi-sisustus","7":"product_cat-muud-tooted","8":"product_cat-juuksuri-tarvikud","9":"product_cat-puhastus-ja-desinfektsioonivahendid","11":"first","12":"instock","13":"taxable","14":"shipping-taxable","15":"purchasable","16":"product-type-simple"},"_links":{"self":[{"href":"https:\/\/saxsim.ee\/swp\/wp-json\/wp\/v2\/product\/9153"}],"collection":[{"href":"https:\/\/saxsim.ee\/swp\/wp-json\/wp\/v2\/product"}],"about":[{"href":"https:\/\/saxsim.ee\/swp\/wp-json\/wp\/v2\/types\/product"}],"replies":[{"embeddable":true,"href":"https:\/\/saxsim.ee\/swp\/wp-json\/wp\/v2\/comments?post=9153"}],"wp:featuredmedia":[{"embeddable":true,"href":"https:\/\/saxsim.ee\/swp\/wp-json\/wp\/v2\/media\/9154"}],"wp:attachment":[{"href":"https:\/\/saxsim.ee\/swp\/wp-json\/wp\/v2\/media?parent=9153"}],"wp:term":[{"taxonomy":"product_cat","embeddable":true,"href":"https:\/\/saxsim.ee\/swp\/wp-json\/wp\/v2\/product_cat?post=9153"},{"taxonomy":"product_tag","embeddable":true,"href":"https:\/\/saxsim.ee\/swp\/wp-json\/wp\/v2\/product_tag?post=9153"}],"curies":[{"name":"wp","href":"https:\/\/api.w.org\/{rel}","templated":true}]}}