{"id":8627,"date":"2021-04-28T08:25:29","date_gmt":"2021-04-28T05:25:29","guid":{"rendered":"https:\/\/www.saxsim.ee\/?post_type=product&#038;p=8627"},"modified":"2024-04-19T08:44:19","modified_gmt":"2024-04-19T05:44:19","slug":"balayage-set-ml-salgutamise-abivahendid","status":"publish","type":"product","link":"https:\/\/saxsim.ee\/swp\/product\/balayage-set-ml-salgutamise-abivahendid\/","title":{"rendered":"Balayage Set M+L &#8211; salgutamise abivahendid"},"content":{"rendered":"<p>Spetsiaalne abivahend, mida kasutatakse Balayage v\u00e4rvitehnikaga.<\/p>\n<p>M\u00f5\u00f5dud:\u00a0 10,80 x 15,24 cm.<\/p>\n<p>M\u00f5\u00f5dud: 10,16 x 23,50 cm.<\/p>\n<p>Pakend: 2 tk.<\/p>\n<p>&nbsp;<\/p>\n<p>&nbsp;<\/p>\n","protected":false},"excerpt":{"rendered":"<p>Spetsiaalne abivahend, mida kasutatakse Balayage v\u00e4rvitehnikaga. M\u00f5\u00f5dud:\u00a0 10,80 x 15,24 cm. M\u00f5\u00f5dud: 10,16 x 23,50 cm. Pakend: 2 tk. &nbsp; &nbsp;<\/p>\n","protected":false},"featured_media":8628,"comment_status":"closed","ping_status":"closed","template":"","meta":[],"product_cat":[401,176],"product_tag":[],"class_list":{"0":"post-8627","1":"product","2":"type-product","3":"status-publish","4":"has-post-thumbnail","6":"product_cat-juuksuri-tarvikud","7":"product_cat-varvitarvikud","9":"first","10":"instock","11":"taxable","12":"shipping-taxable","13":"purchasable","14":"product-type-simple"},"_links":{"self":[{"href":"https:\/\/saxsim.ee\/swp\/wp-json\/wp\/v2\/product\/8627"}],"collection":[{"href":"https:\/\/saxsim.ee\/swp\/wp-json\/wp\/v2\/product"}],"about":[{"href":"https:\/\/saxsim.ee\/swp\/wp-json\/wp\/v2\/types\/product"}],"replies":[{"embeddable":true,"href":"https:\/\/saxsim.ee\/swp\/wp-json\/wp\/v2\/comments?post=8627"}],"wp:featuredmedia":[{"embeddable":true,"href":"https:\/\/saxsim.ee\/swp\/wp-json\/wp\/v2\/media\/8628"}],"wp:attachment":[{"href":"https:\/\/saxsim.ee\/swp\/wp-json\/wp\/v2\/media?parent=8627"}],"wp:term":[{"taxonomy":"product_cat","embeddable":true,"href":"https:\/\/saxsim.ee\/swp\/wp-json\/wp\/v2\/product_cat?post=8627"},{"taxonomy":"product_tag","embeddable":true,"href":"https:\/\/saxsim.ee\/swp\/wp-json\/wp\/v2\/product_tag?post=8627"}],"curies":[{"name":"wp","href":"https:\/\/api.w.org\/{rel}","templated":true}]}}