{"id":8500,"date":"2021-04-01T08:09:55","date_gmt":"2021-04-01T05:09:55","guid":{"rendered":"https:\/\/www.saxsim.ee\/?post_type=product&#038;p=8500"},"modified":"2025-09-17T16:13:33","modified_gmt":"2025-09-17T13:13:33","slug":"hand-soap-500-ml-tsitruselohnaline-katepesuseep","status":"publish","type":"product","link":"https:\/\/saxsim.ee\/swp\/product\/hand-soap-500-ml-tsitruselohnaline-katepesuseep\/","title":{"rendered":"Hand Soap 500 ml. &#8211; tsitrusel\u00f5hnaline k\u00e4tepesuseep"},"content":{"rendered":"<p>Tsitrusel\u00f5hnaline k\u00e4tepesuseep tihedaks pesemiseks. Rohkelt vahutav seep puhastab k\u00e4si t\u00f5husalt ilma nahka kuivatamata. Sisaldab nahka niisutavat aloe verat\u00a0 ja nahka pehmendavat betaiini.<\/p>\n<p><strong>Kasutamine: <\/strong>Kanna niisketele k\u00e4tele, aja vahule ja loputa korralikult.<\/p>\n<p>pH: 5.0<\/p>\n<p><strong>Aloe Vera ekstrakt<\/strong> on segu mitmest nahahooldus- ja niisutusainest. <span class=\"JLqJ4b ChMk0b\">Aitab <\/span><span class=\"JLqJ4b ChMk0b\">s\u00e4ilitada naha niiskustasakaalu, rahustab nahka, v\u00e4ldib dermatiiti, on antibakteriaalse ja antiseptilise toimega.<\/span><\/p>\n<p><strong>Betaiin<\/strong> niisutab, ravib ja pehmendab nahka. V\u00e4hendab teiste ainete poolt p\u00f5hjustatud naha\u00e4rritust.<\/p>\n<p><strong>Glyceryl Oleate<\/strong> aitab s\u00e4ilitada naha loomuliku kaitset. V\u00e4hendab detergentide poolt p\u00f5hjustatud naha\u00e4rritust.<\/p>\n<p><strong>Sodium Lactate, Sodium PCA, Glycine, Fructose, Urea, Niacinamide, Inositol, Lactic Acid<\/strong> &#8211; s<span class=\"VIiyi\" lang=\"et\"><span class=\"JLqJ4b ChMk0b\">petsiaalne segu nahka niisutavatest ja hooldavatest (nahal looduslikult esinevatest) koostisosadest, mis hoiab naha loomulikku kaitsekihti.<\/span> <span class=\"JLqJ4b ChMk0b\">S\u00e4ilitab ja parandab naha l\u00fchi- ja pikaajalist niiskustasakaalu.<\/span><\/span><\/p>\n","protected":false},"excerpt":{"rendered":"<p>Tsitrusel\u00f5hnaline k\u00e4tepesuseep tihedaks pesemiseks. Rohkelt vahutav seep puhastab k\u00e4si t\u00f5husalt ilma nahka kuivatamata. Sisaldab nahka niisutavat aloe verat\u00a0 ja nahka pehmendavat betaiini. Kasutamine: Kanna niisketele k\u00e4tele, aja vahule ja loputa korralikult. pH: 5.0 Aloe Vera ekstrakt on segu mitmest nahahooldus- ja niisutusainest. Aitab s\u00e4ilitada naha niiskustasakaalu, rahustab nahka, v\u00e4ldib dermatiiti, on antibakteriaalse ja antiseptilise toimega. [&hellip;]<\/p>\n","protected":false},"featured_media":8501,"comment_status":"closed","ping_status":"closed","template":"","meta":[],"product_cat":[696,577,600,401,599],"product_tag":[],"class_list":{"0":"post-8500","1":"product","2":"type-product","3":"status-publish","4":"has-post-thumbnail","6":"product_cat-tarvikud","7":"product_cat-iluteenindaja-tarvikud","8":"product_cat-puhastus-ja-desinfektsioonivahendid-iluteenindaja-tarvikud","9":"product_cat-juuksuri-tarvikud","10":"product_cat-puhastus-ja-desinfektsioonivahendid","12":"first","13":"instock","14":"taxable","15":"shipping-taxable","16":"purchasable","17":"product-type-simple"},"_links":{"self":[{"href":"https:\/\/saxsim.ee\/swp\/wp-json\/wp\/v2\/product\/8500"}],"collection":[{"href":"https:\/\/saxsim.ee\/swp\/wp-json\/wp\/v2\/product"}],"about":[{"href":"https:\/\/saxsim.ee\/swp\/wp-json\/wp\/v2\/types\/product"}],"replies":[{"embeddable":true,"href":"https:\/\/saxsim.ee\/swp\/wp-json\/wp\/v2\/comments?post=8500"}],"wp:featuredmedia":[{"embeddable":true,"href":"https:\/\/saxsim.ee\/swp\/wp-json\/wp\/v2\/media\/8501"}],"wp:attachment":[{"href":"https:\/\/saxsim.ee\/swp\/wp-json\/wp\/v2\/media?parent=8500"}],"wp:term":[{"taxonomy":"product_cat","embeddable":true,"href":"https:\/\/saxsim.ee\/swp\/wp-json\/wp\/v2\/product_cat?post=8500"},{"taxonomy":"product_tag","embeddable":true,"href":"https:\/\/saxsim.ee\/swp\/wp-json\/wp\/v2\/product_tag?post=8500"}],"curies":[{"name":"wp","href":"https:\/\/api.w.org\/{rel}","templated":true}]}}