{"id":8280,"date":"2021-01-22T11:12:38","date_gmt":"2021-01-22T09:12:38","guid":{"rendered":"https:\/\/www.saxsim.ee\/?post_type=product&#038;p=8280"},"modified":"2024-01-11T11:53:33","modified_gmt":"2024-01-11T09:53:33","slug":"joewell-supreme-scs-5500-loikuskaarid","status":"publish","type":"product","link":"https:\/\/saxsim.ee\/swp\/product\/joewell-supreme-scs-5500-loikuskaarid\/","title":{"rendered":"Joewell Supreme SCS-5500 &#8211; l\u00f5ikusk\u00e4\u00e4rid"},"content":{"rendered":"<p>Eriti vastupidavad professionaalsed l\u00f5ikusk\u00e4\u00e4rid. Titaankate v\u00e4hendab <span class=\"VIiyi\" lang=\"et\"><span class=\"JLqJ4b\">\u00fclitundlikust niklile. Spetsiaalsed m\u00f5\u00f5gakujulised terad annavad k\u00e4\u00e4ridele mugava taskaalu ja sujuva <span class=\"VIiyi\" lang=\"et\"><span class=\"JLqJ4b\">kasutamise tunde. Innovatiivne\u00a0 kuivlaagriga kruvis\u00fcsteem on praktiliselt hooldusvaba, mis hoiab terade vahel t\u00e4pse pinge, ilma et neid oleks vaja pidevalt reguleerida. Samuti pole ohtu, et juuksed j\u00e4\u00e4vad laagris\u00fcsteemi kinni. K\u00e4\u00e4ride eluiga on keskmiselt 2,5 korda pikem kui tavalisest legeeritud terasest k\u00e4\u00e4ridel.<\/span><\/span><\/span><\/span><\/p>\n<p><strong>Eelised:<\/strong> eriti <span class=\"VIiyi\" lang=\"et\"><span class=\"JLqJ4b\">vastupidavad, minimaalne hooldus\u00a0<\/span><\/span><br \/>\n<strong>Materjal:<\/strong> <span class=\"VIiyi\" lang=\"et\"><span class=\"JLqJ4b\">k\u00f5va titaankattega koobalti sulam (CBA -1)<\/span><\/span>, mis sisaldab v\u00e4hem niklit (alla 0,6%)<\/p>\n<p><strong>Disainielemendid:<\/strong><br \/>\n&#8211; m\u00f5\u00f5gakujuline tera<br \/>\n<span class=\"VIiyi\" lang=\"et\"><span class=\"JLqJ4b\">&#8211; s\u00fcmmeetriline k\u00e4epide<\/span><\/span><br \/>\n&#8211; kuivlaagriga kruvis\u00fcsteem<br \/>\n&#8211; eemaldatav s\u00f5rmetugi<br \/>\n&#8211; regulaarse\u00a0suurusega s\u00f5rmeaugud<\/p>\n<p><strong>Lisatud:<\/strong><br \/>\n&#8211; Joewell k\u00e4\u00e4ri\u00f5li \u2013 1 tk.<br \/>\n&#8211; s\u00f5rmer\u00f5ngad \u2013 2 tk.<\/p>\n<p>Tootja &#8211; TOKOSHA CO., LTD, Japan<\/p>\n","protected":false},"excerpt":{"rendered":"<p>Eriti vastupidavad professionaalsed l\u00f5ikusk\u00e4\u00e4rid. Titaankate v\u00e4hendab \u00fclitundlikust niklile. Spetsiaalsed m\u00f5\u00f5gakujulised terad annavad k\u00e4\u00e4ridele mugava taskaalu ja sujuva kasutamise tunde. Innovatiivne\u00a0 kuivlaagriga kruvis\u00fcsteem on praktiliselt hooldusvaba, mis hoiab terade vahel t\u00e4pse pinge, ilma et neid oleks vaja pidevalt reguleerida. Samuti pole ohtu, et juuksed j\u00e4\u00e4vad laagris\u00fcsteemi kinni. K\u00e4\u00e4ride eluiga on keskmiselt 2,5 korda pikem kui tavalisest [&hellip;]<\/p>\n","protected":false},"featured_media":8281,"comment_status":"closed","ping_status":"closed","template":"","meta":[],"product_cat":[703,401,174,276],"product_tag":[],"class_list":{"0":"post-8280","1":"product","2":"type-product","3":"status-publish","4":"has-post-thumbnail","6":"product_cat-joewell","7":"product_cat-juuksuri-tarvikud","8":"product_cat-kaarid","9":"product_cat-loikuskaarid","11":"first","12":"instock","13":"taxable","14":"shipping-taxable","15":"purchasable","16":"product-type-simple"},"_links":{"self":[{"href":"https:\/\/saxsim.ee\/swp\/wp-json\/wp\/v2\/product\/8280"}],"collection":[{"href":"https:\/\/saxsim.ee\/swp\/wp-json\/wp\/v2\/product"}],"about":[{"href":"https:\/\/saxsim.ee\/swp\/wp-json\/wp\/v2\/types\/product"}],"replies":[{"embeddable":true,"href":"https:\/\/saxsim.ee\/swp\/wp-json\/wp\/v2\/comments?post=8280"}],"wp:featuredmedia":[{"embeddable":true,"href":"https:\/\/saxsim.ee\/swp\/wp-json\/wp\/v2\/media\/8281"}],"wp:attachment":[{"href":"https:\/\/saxsim.ee\/swp\/wp-json\/wp\/v2\/media?parent=8280"}],"wp:term":[{"taxonomy":"product_cat","embeddable":true,"href":"https:\/\/saxsim.ee\/swp\/wp-json\/wp\/v2\/product_cat?post=8280"},{"taxonomy":"product_tag","embeddable":true,"href":"https:\/\/saxsim.ee\/swp\/wp-json\/wp\/v2\/product_tag?post=8280"}],"curies":[{"name":"wp","href":"https:\/\/api.w.org\/{rel}","templated":true}]}}