{"id":8069,"date":"2020-11-20T08:42:44","date_gmt":"2020-11-20T06:42:44","guid":{"rendered":"https:\/\/www.saxsim.ee\/?post_type=product&#038;p=8069"},"modified":"2025-10-18T11:45:27","modified_gmt":"2025-10-18T08:45:27","slug":"ermila-hotstyler-rullfoon","status":"publish","type":"product","link":"https:\/\/saxsim.ee\/swp\/product\/ermila-hotstyler-rullfoon\/","title":{"rendered":"Moser Hotstyler &#8211; rullf\u00f6\u00f6n"},"content":{"rendered":"<p>Kolme vahetatava otsikuga rullf\u00f6\u00f6n.<\/p>\n<p><strong>Tehnilised andmed:<\/strong><\/p>\n<p>v\u00f5imsus: 1000 &#8211; 1100 W<br \/>\npehmete plastpiidega otsik: 25 mm<br \/>\nsisset\u00f5mmatavate tugevate plastpiidega otsik: 30 mm<br \/>\npehmete\u00a0plastpiidega otsik: 38 mm<br \/>\notsikutel mittekuumenev ots<br \/>\n3 temperatuuri\/kiiruse astet<br \/>\np\u00f6\u00f6rlev juhe: 2,8 m ( 360 \u00b0 p\u00f6\u00f6ratav ) ja riputusaasaga<br \/>\nkaal: 240 &#8211; 270 g. ( ilma juhtmeta )<br \/>\nm\u00f5\u00f5dud: u. 45 mm x 360 mm<\/p>\n","protected":false},"excerpt":{"rendered":"<p>Kolme vahetatava otsikuga rullf\u00f6\u00f6n. Tehnilised andmed: v\u00f5imsus: 1000 &#8211; 1100 W pehmete plastpiidega otsik: 25 mm sisset\u00f5mmatavate tugevate plastpiidega otsik: 30 mm pehmete\u00a0plastpiidega otsik: 38 mm otsikutel mittekuumenev ots 3 temperatuuri\/kiiruse astet p\u00f6\u00f6rlev juhe: 2,8 m ( 360 \u00b0 p\u00f6\u00f6ratav ) ja riputusaasaga kaal: 240 &#8211; 270 g. ( ilma juhtmeta ) m\u00f5\u00f5dud: u. 45 [&hellip;]<\/p>\n","protected":false},"featured_media":8070,"comment_status":"closed","ping_status":"closed","template":"","meta":[],"product_cat":[401,280,593],"product_tag":[],"class_list":{"0":"post-8069","1":"product","2":"type-product","3":"status-publish","4":"has-post-thumbnail","6":"product_cat-juuksuri-tarvikud","7":"product_cat-elektrilised-toovahendid","8":"product_cat-rullfoonid","10":"first","11":"instock","12":"taxable","13":"shipping-taxable","14":"purchasable","15":"product-type-simple"},"_links":{"self":[{"href":"https:\/\/saxsim.ee\/swp\/wp-json\/wp\/v2\/product\/8069"}],"collection":[{"href":"https:\/\/saxsim.ee\/swp\/wp-json\/wp\/v2\/product"}],"about":[{"href":"https:\/\/saxsim.ee\/swp\/wp-json\/wp\/v2\/types\/product"}],"replies":[{"embeddable":true,"href":"https:\/\/saxsim.ee\/swp\/wp-json\/wp\/v2\/comments?post=8069"}],"wp:featuredmedia":[{"embeddable":true,"href":"https:\/\/saxsim.ee\/swp\/wp-json\/wp\/v2\/media\/8070"}],"wp:attachment":[{"href":"https:\/\/saxsim.ee\/swp\/wp-json\/wp\/v2\/media?parent=8069"}],"wp:term":[{"taxonomy":"product_cat","embeddable":true,"href":"https:\/\/saxsim.ee\/swp\/wp-json\/wp\/v2\/product_cat?post=8069"},{"taxonomy":"product_tag","embeddable":true,"href":"https:\/\/saxsim.ee\/swp\/wp-json\/wp\/v2\/product_tag?post=8069"}],"curies":[{"name":"wp","href":"https:\/\/api.w.org\/{rel}","templated":true}]}}