{"id":7906,"date":"2020-09-16T10:11:29","date_gmt":"2020-09-16T07:11:29","guid":{"rendered":"https:\/\/www.saxsim.ee\/?post_type=product&#038;p=7906"},"modified":"2023-08-04T10:55:47","modified_gmt":"2023-08-04T07:55:47","slug":"antibac-disinfection-spray-500-ml-refill-desinfitseerimisvahendi-taitepudel","status":"publish","type":"product","link":"https:\/\/saxsim.ee\/swp\/product\/antibac-disinfection-spray-500-ml-refill-desinfitseerimisvahendi-taitepudel\/","title":{"rendered":"Antibac Disinfection Spray 500 ml \/ Refill  &#8211; desinfitseerimisvahendi t\u00e4itepudel"},"content":{"rendered":"<p>Efektiivne t\u00f6\u00f6riistade ja pindade desinfitseerimisaine.<\/p>\n<p>Antibac on m\u00f5eldud k\u00e4\u00e4ridega, kammide, harjade, peeglite ja pindade desinfitseerimiseks. Toimeaineteks on etanool ja isopropanool, mis desinfitseerivad t\u00f5husalt ja aurustuvad kiiresti.<br \/>\nToode m\u00f5jub efektiivselt bakterite, p\u00e4rm- ja hallitusseente vastu.<\/p>\n<p><strong>Kasutamine: <\/strong>Pihusta desinfitseeritavale pinnale v\u00f5i instrumendile ja kuivata puhta lapi v\u00f5i paberiga.<\/p>\n<p><span class=\"label label-primary\">Perfume free \/<\/span> <span class=\"label label-primary\">Colorant free<\/span><\/p>\n","protected":false},"excerpt":{"rendered":"<p>Efektiivne t\u00f6\u00f6riistade ja pindade desinfitseerimisaine. Antibac on m\u00f5eldud k\u00e4\u00e4ridega, kammide, harjade, peeglite ja pindade desinfitseerimiseks. Toimeaineteks on etanool ja isopropanool, mis desinfitseerivad t\u00f5husalt ja aurustuvad kiiresti. Toode m\u00f5jub efektiivselt bakterite, p\u00e4rm- ja hallitusseente vastu. Kasutamine: Pihusta desinfitseeritavale pinnale v\u00f5i instrumendile ja kuivata puhta lapi v\u00f5i paberiga. Perfume free \/ Colorant free<\/p>\n","protected":false},"featured_media":7908,"comment_status":"closed","ping_status":"closed","template":"","meta":[],"product_cat":[266,696,600,578,599],"product_tag":[],"class_list":{"0":"post-7906","1":"product","2":"type-product","3":"status-publish","4":"has-post-thumbnail","6":"product_cat-antibac","7":"product_cat-tarvikud","8":"product_cat-puhastus-ja-desinfektsioonivahendid-iluteenindaja-tarvikud","9":"product_cat-antibac-iluteenindajale","10":"product_cat-puhastus-ja-desinfektsioonivahendid","12":"first","13":"outofstock","14":"taxable","15":"shipping-taxable","16":"purchasable","17":"product-type-simple"},"_links":{"self":[{"href":"https:\/\/saxsim.ee\/swp\/wp-json\/wp\/v2\/product\/7906"}],"collection":[{"href":"https:\/\/saxsim.ee\/swp\/wp-json\/wp\/v2\/product"}],"about":[{"href":"https:\/\/saxsim.ee\/swp\/wp-json\/wp\/v2\/types\/product"}],"replies":[{"embeddable":true,"href":"https:\/\/saxsim.ee\/swp\/wp-json\/wp\/v2\/comments?post=7906"}],"wp:featuredmedia":[{"embeddable":true,"href":"https:\/\/saxsim.ee\/swp\/wp-json\/wp\/v2\/media\/7908"}],"wp:attachment":[{"href":"https:\/\/saxsim.ee\/swp\/wp-json\/wp\/v2\/media?parent=7906"}],"wp:term":[{"taxonomy":"product_cat","embeddable":true,"href":"https:\/\/saxsim.ee\/swp\/wp-json\/wp\/v2\/product_cat?post=7906"},{"taxonomy":"product_tag","embeddable":true,"href":"https:\/\/saxsim.ee\/swp\/wp-json\/wp\/v2\/product_tag?post=7906"}],"curies":[{"name":"wp","href":"https:\/\/api.w.org\/{rel}","templated":true}]}}