{"id":7065,"date":"2020-01-21T20:13:06","date_gmt":"2020-01-21T18:13:06","guid":{"rendered":"https:\/\/www.saxsim.ee\/?post_type=product&#038;p=7065"},"modified":"2025-07-30T10:12:49","modified_gmt":"2025-07-30T07:12:49","slug":"cera-compact-sirgendaja","status":"publish","type":"product","link":"https:\/\/saxsim.ee\/swp\/product\/cera-compact-sirgendaja\/","title":{"rendered":"Cera Compact &#8211; sirgendaja"},"content":{"rendered":"<p>V\u00f5imas, keraamiliste plaatidega sirgendaja, mille pikkus on vaid 23 cm. <span class=\"tlid-translation translation\" lang=\"et\"><span title=\"\">Selle kompaktne suurus ja \u00fchtlane kummeeritud pind muudavad selle ideaalseks abivahendiks, mitte ainult juuste sirgendamisel, vaid ka lainete ja lokkide tegemisel v\u00f5i juustele kohevuse andmisel. I<\/span><\/span><span class=\"tlid-translation translation\" lang=\"et\"><span title=\"\">deaalne reisimiseks.<\/span><\/span><\/p>\n<p><strong>Tehnilised andmed:<\/strong><\/p>\n<p>t\u00f6\u00f6temperatuur saavutatakse 15 sekundiga<br \/>\ntemperatuur &#8211; 140\u00b0C kuni 220\u00b0C<br \/>\nv\u00f5rgupinge &#8211; <span class=\"\" title=\"\">120 V v\u00f5i 240 V<\/span><br \/>\nkeraamilised plaadid &#8211; 20 x 80 mm, \u201d ujuvad \u201d<br \/>\nION tehnoloogia<br \/>\nautomaatne v\u00e4ljal\u00fclitus 30 min. m\u00f6\u00f6dumisel<br \/>\nm\u00e4lu nupp<br \/>\n5-astmeline digitaalne temperatuuri reguleerimine<br \/>\npikkus &#8211; 23 cm<br \/>\nkaal &#8211; 250 g<br \/>\np\u00f6\u00f6rlev juhe &#8211; 2,5 m<\/p>\n","protected":false},"excerpt":{"rendered":"<p>V\u00f5imas, keraamiliste plaatidega sirgendaja, mille pikkus on vaid 23 cm. Selle kompaktne suurus ja \u00fchtlane kummeeritud pind muudavad selle ideaalseks abivahendiks, mitte ainult juuste sirgendamisel, vaid ka lainete ja lokkide tegemisel v\u00f5i juustele kohevuse andmisel. Ideaalne reisimiseks. Tehnilised andmed: t\u00f6\u00f6temperatuur saavutatakse 15 sekundiga temperatuur &#8211; 140\u00b0C kuni 220\u00b0C v\u00f5rgupinge &#8211; 120 V v\u00f5i 240 V [&hellip;]<\/p>\n","protected":false},"featured_media":7068,"comment_status":"closed","ping_status":"closed","template":"","meta":[],"product_cat":[710,401,280,338],"product_tag":[],"class_list":{"0":"post-7065","1":"product","2":"type-product","3":"status-publish","4":"has-post-thumbnail","6":"product_cat-cera-professional","7":"product_cat-juuksuri-tarvikud","8":"product_cat-elektrilised-toovahendid","9":"product_cat-sirgendajad","11":"first","12":"outofstock","13":"taxable","14":"shipping-taxable","15":"purchasable","16":"product-type-simple"},"_links":{"self":[{"href":"https:\/\/saxsim.ee\/swp\/wp-json\/wp\/v2\/product\/7065"}],"collection":[{"href":"https:\/\/saxsim.ee\/swp\/wp-json\/wp\/v2\/product"}],"about":[{"href":"https:\/\/saxsim.ee\/swp\/wp-json\/wp\/v2\/types\/product"}],"replies":[{"embeddable":true,"href":"https:\/\/saxsim.ee\/swp\/wp-json\/wp\/v2\/comments?post=7065"}],"wp:featuredmedia":[{"embeddable":true,"href":"https:\/\/saxsim.ee\/swp\/wp-json\/wp\/v2\/media\/7068"}],"wp:attachment":[{"href":"https:\/\/saxsim.ee\/swp\/wp-json\/wp\/v2\/media?parent=7065"}],"wp:term":[{"taxonomy":"product_cat","embeddable":true,"href":"https:\/\/saxsim.ee\/swp\/wp-json\/wp\/v2\/product_cat?post=7065"},{"taxonomy":"product_tag","embeddable":true,"href":"https:\/\/saxsim.ee\/swp\/wp-json\/wp\/v2\/product_tag?post=7065"}],"curies":[{"name":"wp","href":"https:\/\/api.w.org\/{rel}","templated":true}]}}