{"id":7013,"date":"2020-01-09T22:04:32","date_gmt":"2020-01-09T20:04:32","guid":{"rendered":"https:\/\/www.saxsim.ee\/?post_type=product&#038;p=7013"},"modified":"2020-05-22T11:02:10","modified_gmt":"2020-05-22T08:02:10","slug":"bacticid-5000-ml-pindade-kiirdesinfektsioonivahend","status":"publish","type":"product","link":"https:\/\/saxsim.ee\/swp\/product\/bacticid-5000-ml-pindade-kiirdesinfektsioonivahend\/","title":{"rendered":"Bacticid 5000 ml. &#8211; pindade kiirdesinfektsioonivahend"},"content":{"rendered":"<p>BACTICID on alkoholi baasil valmislahus alkoholi taluvate pindade kiirdesinfektsiooniks. Valmislahusena, on seda mugav kasutada. Meditsiiniseadmete desinfektsiooni tuleb teha regulaarselt vastavalt desinfektsiooniplaanile peale iga patsiendi visiiti.<\/p>\n<p>Tootes BACTICID on kasutatud puhast ja v\u00e4helenduvat et\u00fc\u00fclalkoholi, v\u00e4ltimaks respiratoorsete allergooside teket. BACTICID on laia fungitsiidse ja bakteritsiidse toimega, h\u00e4vitab Gram- negatiivseid ja Gram-positiivseid baktereid, sh. tuberkuloosi tekitajat ja seeni, desaktiveerib nii \u00fcmbrisega kui ka \u00fcmbriseta viirusi ( sh HBV, HIV, rota- ja adeno).<\/p>\n<p><strong>Kasutamine:<\/strong><\/p>\n<p>BACTICID on efektiivne vahend meditsiiniseadmete nagu operatsioonilauad, kanderaamid, patsienditoolid, haigla- ja s\u00fcnnitusvoodid, ratastoolid jne. kiireks desinfektsiooniks k\u00f5rgendatud h\u00fcgieenin\u00f5uete tingimustes, kus desinfitseerimine on t\u00e4htsaim prof\u00fclaktiline abin\u00f5u infektsiooni v\u00e4ltimiseks.<\/p>\n<p>BACTICID on valmislahus ja ei vaja lahjendamist. Ei sobi kasutamiseks akr\u00fc\u00fclklaasile ja alkohol- lahustuvale lakile. Kui ei teata pinnakatte taluvust alkoholile, v\u00f5ib seda proovida pinna silmatorkamatus kohas.<\/p>\n<p>Ei vaja mahapesemist. Ei muuda pindade visuaalset v\u00e4ljan\u00e4gemist. V\u00f5ib kasutada ka toiduga kokkupuutuvate pindade kiirdesinfektsiooniks.<\/p>\n<p>BACTICID kantakse meditsiiniseadmete pindadele niisutatud lapi v\u00f5i paberiga. Pind peab j\u00e4\u00e4ma n\u00e4htavalt niiskeks.<\/p>\n<p>Toimeaeg 30 sek<\/p>\n<p>Kui pinnal on n\u00e4htavat eritist, eemaldada see esmalt puhastusainega, pind kuivatada ning desinfitseerida Bacticidiga.<\/p>\n<p>Et BACTICID on l\u00e4binud testid BVDV (HCV surrogaat) ja vaccinia viirustele, inaktiveerib toode k\u00f5iki kapseldunud viirusi. Nende katsetuste p\u00f5hjal v\u00f5ib v\u00e4ita, et BACTICID on efektiivne ka nn. verega edasikanduvate viiruste suhtes nagu HBV, HCV ja HIV, samuti viirusgruppidele nagu orthomyxoviirused (kaasaarvatud influensaviirus, H5N1) ja herpesviirused (Herpes simplex virus). Vastavalt nendele testidele kinnitame, et ka Bacticid toimib l\u00e4bi vere levivate viiruste vastu (nagu HBV, HCV and HIV, lisaks Herpes viirused).<\/p>\n<p>Toode vastab EN 1040, EN 13727, EN 1275, EN 1276, EN 14348, EN 13624, EN13697, EN 1650,\u00a0EN 14476 n\u00f5uetele.<\/p>\n<p>ETTEVAATUSABIN\u00d5UD:<\/p>\n<p>K\u00e4itlemisel t\u00e4ita ohutusn\u00f5udeid! Sisaldab biotsiidi! Enne kasutamist tutvuda kasutusjuhendiga!<br \/>\nVahend on v\u00e4ga tuleohtlik. Hoida eemale s\u00fcttimisallikast &#8211; Mitte suitsetada!<\/p>\n<p>SILMA SATTUMISE KORRAL: loputada ettevaatlikult mitme minuti jooksul veega. Eemaldada kontaktl\u00e4\u00e4tsed, kui neid kasutatakse ja i neid on kerge eemaldada. Loputada veel kord. Hoida h\u00e4sti ventileeritavas kohas. Hoida mahuti tihedalt suletuna.<\/p>\n<p>PAKENDID:<br \/>\n500 ml pihustuspudel<br \/>\n1000 ml pihustuspudel<br \/>\n5000 ml kanister<\/p>\n","protected":false},"excerpt":{"rendered":"<p>BACTICID on alkoholi baasil valmislahus alkoholi taluvate pindade kiirdesinfektsiooniks. Valmislahusena, on seda mugav kasutada. Meditsiiniseadmete desinfektsiooni tuleb teha regulaarselt vastavalt desinfektsiooniplaanile peale iga patsiendi visiiti. Tootes BACTICID on kasutatud puhast ja v\u00e4helenduvat et\u00fc\u00fclalkoholi, v\u00e4ltimaks respiratoorsete allergooside teket. BACTICID on laia fungitsiidse ja bakteritsiidse toimega, h\u00e4vitab Gram- negatiivseid ja Gram-positiivseid baktereid, sh. tuberkuloosi tekitajat ja seeni, [&hellip;]<\/p>\n","protected":false},"featured_media":7014,"comment_status":"closed","ping_status":"closed","template":"","meta":[],"product_cat":[745,696,577,600,401,599],"product_tag":[],"class_list":{"0":"post-7013","1":"product","2":"type-product","3":"status-publish","4":"has-post-thumbnail","6":"product_cat-chemi-pharm","7":"product_cat-tarvikud","8":"product_cat-iluteenindaja-tarvikud","9":"product_cat-puhastus-ja-desinfektsioonivahendid-iluteenindaja-tarvikud","10":"product_cat-juuksuri-tarvikud","11":"product_cat-puhastus-ja-desinfektsioonivahendid","13":"first","14":"instock","15":"taxable","16":"shipping-taxable","17":"purchasable","18":"product-type-simple"},"_links":{"self":[{"href":"https:\/\/saxsim.ee\/swp\/wp-json\/wp\/v2\/product\/7013"}],"collection":[{"href":"https:\/\/saxsim.ee\/swp\/wp-json\/wp\/v2\/product"}],"about":[{"href":"https:\/\/saxsim.ee\/swp\/wp-json\/wp\/v2\/types\/product"}],"replies":[{"embeddable":true,"href":"https:\/\/saxsim.ee\/swp\/wp-json\/wp\/v2\/comments?post=7013"}],"wp:featuredmedia":[{"embeddable":true,"href":"https:\/\/saxsim.ee\/swp\/wp-json\/wp\/v2\/media\/7014"}],"wp:attachment":[{"href":"https:\/\/saxsim.ee\/swp\/wp-json\/wp\/v2\/media?parent=7013"}],"wp:term":[{"taxonomy":"product_cat","embeddable":true,"href":"https:\/\/saxsim.ee\/swp\/wp-json\/wp\/v2\/product_cat?post=7013"},{"taxonomy":"product_tag","embeddable":true,"href":"https:\/\/saxsim.ee\/swp\/wp-json\/wp\/v2\/product_tag?post=7013"}],"curies":[{"name":"wp","href":"https:\/\/api.w.org\/{rel}","templated":true}]}}