{"id":6888,"date":"2019-12-10T19:42:29","date_gmt":"2019-12-10T17:42:29","guid":{"rendered":"https:\/\/www.saxsim.ee\/?post_type=product&#038;p=6888"},"modified":"2019-12-10T20:25:44","modified_gmt":"2019-12-10T18:25:44","slug":"tinting-trolley-metal-tookaru","status":"publish","type":"product","link":"https:\/\/saxsim.ee\/swp\/product\/tinting-trolley-metal-tookaru\/","title":{"rendered":"Tinting Trolley, Metal &#8211; t\u00f6\u00f6k\u00e4ru"},"content":{"rendered":"<p>Kummist ratastega, praktiline metallist v\u00e4rvik\u00e4ru erinevate tarvikute ja t\u00f6\u00f6vahendite hoidmiseks. K\u00e4ru t\u00f6\u00f6pinda saab plastikust korvidega laiendada.<\/p>\n<p><strong>M\u00f5\u00f5dud:<\/strong><\/p>\n<p>K\u00f5rgus &#8211; 93,0 cm.<br \/>\nLaius &#8211; 31,0 cm.<br \/>\nS\u00fcgavus &#8211; 52,5 cm.<\/p>\n<p><strong>Komplektis:<\/strong><\/p>\n<p>7 plastikust korvi<br \/>\n2 v\u00e4rvikaussi<br \/>\n2 v\u00e4rvipintslit<br \/>\n1 sheiker<br \/>\n1 fooliumihoidja<\/p>\n<p><strong>NB! Pildil n\u00e4idatud punane foolium ei sisaldu hinnas!!!<\/strong><\/p>\n","protected":false},"excerpt":{"rendered":"<p>Kummist ratastega, praktiline metallist v\u00e4rvik\u00e4ru erinevate tarvikute ja t\u00f6\u00f6vahendite hoidmiseks. K\u00e4ru t\u00f6\u00f6pinda saab plastikust korvidega laiendada. M\u00f5\u00f5dud: K\u00f5rgus &#8211; 93,0 cm. Laius &#8211; 31,0 cm. S\u00fcgavus &#8211; 52,5 cm. Komplektis: 7 plastikust korvi 2 v\u00e4rvikaussi 2 v\u00e4rvipintslit 1 sheiker 1 fooliumihoidja NB! Pildil n\u00e4idatud punane foolium ei sisaldu hinnas!!!<\/p>\n","protected":false},"featured_media":6890,"comment_status":"closed","ping_status":"closed","template":"","meta":[],"product_cat":[325,334],"product_tag":[],"class_list":{"0":"post-6888","1":"product","2":"type-product","3":"status-publish","4":"has-post-thumbnail","6":"product_cat-juuksuri-ja-ilusalongi-sisustus","7":"product_cat-tookarud","9":"first","10":"instock","11":"taxable","12":"shipping-taxable","13":"purchasable","14":"product-type-simple"},"_links":{"self":[{"href":"https:\/\/saxsim.ee\/swp\/wp-json\/wp\/v2\/product\/6888"}],"collection":[{"href":"https:\/\/saxsim.ee\/swp\/wp-json\/wp\/v2\/product"}],"about":[{"href":"https:\/\/saxsim.ee\/swp\/wp-json\/wp\/v2\/types\/product"}],"replies":[{"embeddable":true,"href":"https:\/\/saxsim.ee\/swp\/wp-json\/wp\/v2\/comments?post=6888"}],"wp:featuredmedia":[{"embeddable":true,"href":"https:\/\/saxsim.ee\/swp\/wp-json\/wp\/v2\/media\/6890"}],"wp:attachment":[{"href":"https:\/\/saxsim.ee\/swp\/wp-json\/wp\/v2\/media?parent=6888"}],"wp:term":[{"taxonomy":"product_cat","embeddable":true,"href":"https:\/\/saxsim.ee\/swp\/wp-json\/wp\/v2\/product_cat?post=6888"},{"taxonomy":"product_tag","embeddable":true,"href":"https:\/\/saxsim.ee\/swp\/wp-json\/wp\/v2\/product_tag?post=6888"}],"curies":[{"name":"wp","href":"https:\/\/api.w.org\/{rel}","templated":true}]}}