{"id":6850,"date":"2019-12-08T20:02:25","date_gmt":"2019-12-08T18:02:25","guid":{"rendered":"https:\/\/www.saxsim.ee\/?post_type=product&#038;p=6850"},"modified":"2025-07-05T18:16:53","modified_gmt":"2025-07-05T15:16:53","slug":"forme-essentials-hydrating-conditioner-250-ml-niisutav-palsam-kuivadele-varvitud-juustele","status":"publish","type":"product","link":"https:\/\/saxsim.ee\/swp\/product\/forme-essentials-hydrating-conditioner-250-ml-niisutav-palsam-kuivadele-varvitud-juustele\/","title":{"rendered":"Forme Essentials Hydrating Conditioner 250 ml &#8211; niisutav palsam kuivadele v\u00e4rvitud juustele"},"content":{"rendered":"<p><span class=\"tlid-translation translation\" lang=\"et\"><span title=\"\">Kaera\u00f5li sisaldav, rikkalik palsam kuivadele, kahjustatud ja v\u00e4rvitud juustele.<\/span><\/span><\/p>\n<p><span title=\"\">Toidab ja hooldab juukseid, muutes nad\u00a0paremini kammitavateks.<\/span> <span title=\"\">Juuksed muutuvad siledateks, siidiselt pehmeteks ja loomulikult l\u00e4ikivateks.<\/span> <span title=\"\">Hoiab juuksev\u00e4rvi erksa ja elavana.<\/span> <span title=\"\">Kaera\u00f5li niisutab ja toidab juukseid t\u00f5husalt mitmel moel.<\/span> <span title=\"\">Sisaldab UV-kaitset.<\/span> <span title=\"\">Vegan<\/span><span title=\"\">.<\/span><\/p>\n<p><strong><span class=\"\" title=\"\">Toode sobib Curly Cirl meetodiga.<\/span><\/strong><\/p>\n<p><strong>Kasutamine:<\/strong> Kanna palsam pestud r\u00e4tikukuivadesse juustesse ja lase m\u00f5juda 2-5 minutit. Loputa korralikult.<\/p>\n<p>pH: 3,8<\/p>\n","protected":false},"excerpt":{"rendered":"<p>Kaera\u00f5li sisaldav, rikkalik palsam kuivadele, kahjustatud ja v\u00e4rvitud juustele. Toidab ja hooldab juukseid, muutes nad\u00a0paremini kammitavateks. Juuksed muutuvad siledateks, siidiselt pehmeteks ja loomulikult l\u00e4ikivateks. Hoiab juuksev\u00e4rvi erksa ja elavana. Kaera\u00f5li niisutab ja toidab juukseid t\u00f5husalt mitmel moel. Sisaldab UV-kaitset. Vegan. Toode sobib Curly Cirl meetodiga. Kasutamine: Kanna palsam pestud r\u00e4tikukuivadesse juustesse ja lase m\u00f5juda 2-5 [&hellip;]<\/p>\n","protected":false},"featured_media":6851,"comment_status":"closed","ping_status":"closed","template":"","meta":[],"product_cat":[752,395,660],"product_tag":[],"class_list":{"0":"post-6850","1":"product","2":"type-product","3":"status-publish","4":"has-post-thumbnail","6":"product_cat-forme-essentials","7":"product_cat-juuksed","8":"product_cat-palsamid","10":"first","11":"instock","12":"taxable","13":"shipping-taxable","14":"purchasable","15":"product-type-simple"},"_links":{"self":[{"href":"https:\/\/saxsim.ee\/swp\/wp-json\/wp\/v2\/product\/6850"}],"collection":[{"href":"https:\/\/saxsim.ee\/swp\/wp-json\/wp\/v2\/product"}],"about":[{"href":"https:\/\/saxsim.ee\/swp\/wp-json\/wp\/v2\/types\/product"}],"replies":[{"embeddable":true,"href":"https:\/\/saxsim.ee\/swp\/wp-json\/wp\/v2\/comments?post=6850"}],"wp:featuredmedia":[{"embeddable":true,"href":"https:\/\/saxsim.ee\/swp\/wp-json\/wp\/v2\/media\/6851"}],"wp:attachment":[{"href":"https:\/\/saxsim.ee\/swp\/wp-json\/wp\/v2\/media?parent=6850"}],"wp:term":[{"taxonomy":"product_cat","embeddable":true,"href":"https:\/\/saxsim.ee\/swp\/wp-json\/wp\/v2\/product_cat?post=6850"},{"taxonomy":"product_tag","embeddable":true,"href":"https:\/\/saxsim.ee\/swp\/wp-json\/wp\/v2\/product_tag?post=6850"}],"curies":[{"name":"wp","href":"https:\/\/api.w.org\/{rel}","templated":true}]}}