{"id":6732,"date":"2019-11-12T09:22:55","date_gmt":"2019-11-12T07:22:55","guid":{"rendered":"https:\/\/www.saxsim.ee\/?post_type=product&#038;p=6732"},"modified":"2023-09-05T20:12:57","modified_gmt":"2023-09-05T17:12:57","slug":"e-trolley-tookaru","status":"publish","type":"product","link":"https:\/\/saxsim.ee\/swp\/product\/e-trolley-tookaru\/","title":{"rendered":"E-Trolley &#8211; t\u00f6\u00f6k\u00e4ru"},"content":{"rendered":"<p>Kerge, vastupidavast p<span class=\"tlid-translation translation\" lang=\"et\"><span class=\"\" title=\"\">ol\u00fcprop\u00fcleen<\/span><\/span>ist, v\u00e4ikeste plastratastega, soodne, 5 sahtliga t\u00f6\u00f6k\u00e4ru. V\u00f5i\u00admal\u00addab laien\u00adda\u00adda t\u00f6\u00f6\u00adpin\u00adda k\u00fcl\u00adje\u00adle kin\u00adni\u00adta\u00adta\u00advate saht\u00adli\u00adtega.<\/p>\n<p>K\u00f5rgus &#8211; 82,5 cm.<\/p>\n<p>Laius &#8211; 24,0 cm.<\/p>\n<p>S\u00fcgavus &#8211; 39,5 cm.<\/p>\n<p>&nbsp;<\/p>\n","protected":false},"excerpt":{"rendered":"<p>Kerge, vastupidavast pol\u00fcprop\u00fcleenist, v\u00e4ikeste plastratastega, soodne, 5 sahtliga t\u00f6\u00f6k\u00e4ru. V\u00f5i\u00admal\u00addab laien\u00adda\u00adda t\u00f6\u00f6\u00adpin\u00adda k\u00fcl\u00adje\u00adle kin\u00adni\u00adta\u00adta\u00advate saht\u00adli\u00adtega. K\u00f5rgus &#8211; 82,5 cm. Laius &#8211; 24,0 cm. S\u00fcgavus &#8211; 39,5 cm. &nbsp;<\/p>\n","protected":false},"featured_media":6733,"comment_status":"closed","ping_status":"closed","template":"","meta":[],"product_cat":[325,334,401],"product_tag":[],"class_list":{"0":"post-6732","1":"product","2":"type-product","3":"status-publish","4":"has-post-thumbnail","6":"product_cat-juuksuri-ja-ilusalongi-sisustus","7":"product_cat-tookarud","8":"product_cat-juuksuri-tarvikud","10":"first","11":"instock","12":"taxable","13":"shipping-taxable","14":"purchasable","15":"product-type-simple"},"_links":{"self":[{"href":"https:\/\/saxsim.ee\/swp\/wp-json\/wp\/v2\/product\/6732"}],"collection":[{"href":"https:\/\/saxsim.ee\/swp\/wp-json\/wp\/v2\/product"}],"about":[{"href":"https:\/\/saxsim.ee\/swp\/wp-json\/wp\/v2\/types\/product"}],"replies":[{"embeddable":true,"href":"https:\/\/saxsim.ee\/swp\/wp-json\/wp\/v2\/comments?post=6732"}],"wp:featuredmedia":[{"embeddable":true,"href":"https:\/\/saxsim.ee\/swp\/wp-json\/wp\/v2\/media\/6733"}],"wp:attachment":[{"href":"https:\/\/saxsim.ee\/swp\/wp-json\/wp\/v2\/media?parent=6732"}],"wp:term":[{"taxonomy":"product_cat","embeddable":true,"href":"https:\/\/saxsim.ee\/swp\/wp-json\/wp\/v2\/product_cat?post=6732"},{"taxonomy":"product_tag","embeddable":true,"href":"https:\/\/saxsim.ee\/swp\/wp-json\/wp\/v2\/product_tag?post=6732"}],"curies":[{"name":"wp","href":"https:\/\/api.w.org\/{rel}","templated":true}]}}