{"id":6567,"date":"2019-10-02T18:03:19","date_gmt":"2019-10-02T15:03:19","guid":{"rendered":"https:\/\/www.saxsim.ee\/?post_type=product&#038;p=6567"},"modified":"2019-10-02T18:50:03","modified_gmt":"2019-10-02T15:50:03","slug":"sensido-trillion-tones-coloring-apron-poll","status":"publish","type":"product","link":"https:\/\/saxsim.ee\/swp\/product\/sensido-trillion-tones-coloring-apron-poll\/","title":{"rendered":"SensiDO Trillion Tones Coloring Apron &#8211; p\u00f5ll"},"content":{"rendered":"<p>Kergesti puhastatav p\u00f5ll.<\/p>\n<p>Suurus &#8211; sobib enamusele<\/p>\n<p>Kinnitus &#8211;\u00a0 paeltega<\/p>\n<p>Materjal \u2013 100% pol\u00fcester<\/p>\n<p><strong>Hooldus:<\/strong><\/p>\n<p>masinpesu madalal temperatuuril ( 40\u00b0C )<\/p>\n<p>kuivatada soovitavalt n\u00f6\u00f6ril. Trummelkuivatust mitte kasutada!<\/p>\n<p>pesemisel \u00e4rge kunagi kasutage vedelaid valgendusvahendeid!<\/p>\n<p>v\u00e4rviplekid eemaldage koheselt niiske paberr\u00e4tikuga. Raskemaid v\u00e4rviplekke proovi eemaldada sooja vee ja seebiga. Eriti rasketel juhtudel v\u00f5ib vaja minna v\u00e4rvieemaldajat.<\/p>\n<p>\u00e4rge kunagi pange v\u00e4rviplekkidega r\u00f5ivast otse masinasse<\/p>\n","protected":false},"excerpt":{"rendered":"<p>Kergesti puhastatav p\u00f5ll. Suurus &#8211; sobib enamusele Kinnitus &#8211;\u00a0 paeltega Materjal \u2013 100% pol\u00fcester Hooldus: masinpesu madalal temperatuuril ( 40\u00b0C ) kuivatada soovitavalt n\u00f6\u00f6ril. Trummelkuivatust mitte kasutada! pesemisel \u00e4rge kunagi kasutage vedelaid valgendusvahendeid! v\u00e4rviplekid eemaldage koheselt niiske paberr\u00e4tikuga. Raskemaid v\u00e4rviplekke proovi eemaldada sooja vee ja seebiga. Eriti rasketel juhtudel v\u00f5ib vaja minna v\u00e4rvieemaldajat. \u00e4rge kunagi [&hellip;]<\/p>\n","protected":false},"featured_media":6568,"comment_status":"closed","ping_status":"closed","template":"","meta":[],"product_cat":[577,592,401,297],"product_tag":[],"class_list":{"0":"post-6567","1":"product","2":"type-product","3":"status-publish","4":"has-post-thumbnail","6":"product_cat-iluteenindaja-tarvikud","7":"product_cat-polled-ja-tooroivad-iluteenindajale","8":"product_cat-juuksuri-tarvikud","9":"product_cat-polled-ja-tooroivad","11":"first","12":"instock","13":"taxable","14":"shipping-taxable","15":"purchasable","16":"product-type-simple"},"_links":{"self":[{"href":"https:\/\/saxsim.ee\/swp\/wp-json\/wp\/v2\/product\/6567"}],"collection":[{"href":"https:\/\/saxsim.ee\/swp\/wp-json\/wp\/v2\/product"}],"about":[{"href":"https:\/\/saxsim.ee\/swp\/wp-json\/wp\/v2\/types\/product"}],"replies":[{"embeddable":true,"href":"https:\/\/saxsim.ee\/swp\/wp-json\/wp\/v2\/comments?post=6567"}],"wp:featuredmedia":[{"embeddable":true,"href":"https:\/\/saxsim.ee\/swp\/wp-json\/wp\/v2\/media\/6568"}],"wp:attachment":[{"href":"https:\/\/saxsim.ee\/swp\/wp-json\/wp\/v2\/media?parent=6567"}],"wp:term":[{"taxonomy":"product_cat","embeddable":true,"href":"https:\/\/saxsim.ee\/swp\/wp-json\/wp\/v2\/product_cat?post=6567"},{"taxonomy":"product_tag","embeddable":true,"href":"https:\/\/saxsim.ee\/swp\/wp-json\/wp\/v2\/product_tag?post=6567"}],"curies":[{"name":"wp","href":"https:\/\/api.w.org\/{rel}","templated":true}]}}