{"id":6513,"date":"2019-09-17T21:16:25","date_gmt":"2019-09-17T18:16:25","guid":{"rendered":"https:\/\/www.saxsim.ee\/?post_type=product&#038;p=6513"},"modified":"2025-08-06T20:30:48","modified_gmt":"2025-08-06T17:30:48","slug":"oster-finisher-trimmer-trimmer","status":"publish","type":"product","link":"https:\/\/saxsim.ee\/swp\/product\/oster-finisher-trimmer-trimmer\/","title":{"rendered":"Oster Finisher Trimmer &#8211; trimmer"},"content":{"rendered":"<p>Kerge, juhtmega, T-kujulise l\u00f5ikusteraga viimistlusmasin. Ideaalne kuivade juuste\/habeme l\u00f5ikamiseks.<\/p>\n<p><strong>Tehnilised andmed:<\/strong><\/p>\n<p>v\u00f5imas pivot-mootor, ei kuumene \u00fcle<\/p>\n<p>kaal &#8211; 230 g.<\/p>\n<p>juhe &#8211; 3,0 m.<\/p>\n<p><strong>Komplektis:<\/strong><\/p>\n<p>1 Oster Finisher T-tera ( 0,2 mm. )<\/p>\n<p>2 pikendustalda ( 12 mm. ja 18 mm. )<\/p>\n<p>masina\u00f5li<\/p>\n<p>puhastushari<\/p>\n","protected":false},"excerpt":{"rendered":"<p>Kerge, juhtmega, T-kujulise l\u00f5ikusteraga viimistlusmasin. Ideaalne kuivade juuste\/habeme l\u00f5ikamiseks. Tehnilised andmed: v\u00f5imas pivot-mootor, ei kuumene \u00fcle kaal &#8211; 230 g. juhe &#8211; 3,0 m. Komplektis: 1 Oster Finisher T-tera ( 0,2 mm. ) 2 pikendustalda ( 12 mm. ja 18 mm. ) masina\u00f5li puhastushari<\/p>\n","protected":false},"featured_media":6514,"comment_status":"closed","ping_status":"closed","template":"","meta":[],"product_cat":[670,401,280,286],"product_tag":[],"class_list":{"0":"post-6513","1":"product","2":"type-product","3":"status-publish","4":"has-post-thumbnail","6":"product_cat-oster","7":"product_cat-juuksuri-tarvikud","8":"product_cat-elektrilised-toovahendid","9":"product_cat-loikusmasinad-ja-trimmerid","11":"first","12":"instock","13":"taxable","14":"shipping-taxable","15":"purchasable","16":"product-type-simple"},"_links":{"self":[{"href":"https:\/\/saxsim.ee\/swp\/wp-json\/wp\/v2\/product\/6513"}],"collection":[{"href":"https:\/\/saxsim.ee\/swp\/wp-json\/wp\/v2\/product"}],"about":[{"href":"https:\/\/saxsim.ee\/swp\/wp-json\/wp\/v2\/types\/product"}],"replies":[{"embeddable":true,"href":"https:\/\/saxsim.ee\/swp\/wp-json\/wp\/v2\/comments?post=6513"}],"wp:featuredmedia":[{"embeddable":true,"href":"https:\/\/saxsim.ee\/swp\/wp-json\/wp\/v2\/media\/6514"}],"wp:attachment":[{"href":"https:\/\/saxsim.ee\/swp\/wp-json\/wp\/v2\/media?parent=6513"}],"wp:term":[{"taxonomy":"product_cat","embeddable":true,"href":"https:\/\/saxsim.ee\/swp\/wp-json\/wp\/v2\/product_cat?post=6513"},{"taxonomy":"product_tag","embeddable":true,"href":"https:\/\/saxsim.ee\/swp\/wp-json\/wp\/v2\/product_tag?post=6513"}],"curies":[{"name":"wp","href":"https:\/\/api.w.org\/{rel}","templated":true}]}}