{"id":6146,"date":"2019-04-22T21:07:21","date_gmt":"2019-04-22T18:07:21","guid":{"rendered":"https:\/\/www.saxsim.ee\/?post_type=product&#038;p=6146"},"modified":"2025-07-15T09:51:02","modified_gmt":"2025-07-15T06:51:02","slug":"sterisept-1000-ml-aldehuudivaba-instrumentide-puhastus-ja-desinfektsioonivahend","status":"publish","type":"product","link":"https:\/\/saxsim.ee\/swp\/product\/sterisept-1000-ml-aldehuudivaba-instrumentide-puhastus-ja-desinfektsioonivahend\/","title":{"rendered":"Sterisept 1000 ml. &#8211; aldeh\u00fc\u00fcdivaba instrumentide puhastus- ja desinfektsioonivahend"},"content":{"rendered":"<p>STERISEPT on fenooli-, aldeh\u00fc\u00fcdi- ja fosfaadivaba vedel kontsentraat\u00a0termostabiilsete ja \u2013labiilsete meditsiiniinstrumentide pesemiseks ja desinfektsiooniks.<\/p>\n<p>Toode on laia bakteritsiidse, virutsiidse ja fungitsiidse toimega, inaktiveerides Gram- negatiivseid ja Gram-positiivseid baktereid (k.a Mycobacterium terrae ja Mycobacterium avium ) ja viiruseid (k.a HIV, HBV, HCV, Vaccinia, Rota ja Adeno ). Oma erilise koostise t\u00f5ttu on toode materjalis\u00f5bralik ja omab head puhastavat toimet.<\/p>\n<p>Eemaldab meditsiinilistelt instrumentidelt vere, valgud, sekreedid ja rasvad. Loputamisel eemaldub materjalidelt kiiresti ja t\u00e4ielikult.<br \/>\nKasutatakse meditsiiniinstrumentaariumi nagu endoskoobid, optilised instrumendid ja nende abivahendid, bronhoskoobid, biopsia lingud ja \u2013tangid, intubatsioonitorud, lar\u00fcngoskoobid, aspiratsioonitorud, neerukausid, siibrid, laborin\u00f5ud, stomatoloogilise instrumentaariumi jne. desinfitseerivaks pesuks v\u00f5i desinfektsiooniks. Sobib kasutamiseks k\u00f5ikides roostevabast terasest ultrahelivannides kui ka endoskoopide masinpesu seadmetes. Kasutamisel masipesuseadmetes soovitav lisada vahublokaatorit.<\/p>\n<p><strong>Kasutamine:<\/strong><\/p>\n<p>Kohe peale kasutamist asetada lahtiv\u00f5etud instrumendid kaanega suletavasse STERISEPT t\u00f6\u00f6lahusega t\u00e4idetud n\u00f5usse. J\u00e4lgida, et instrumendid oleks lahusega kaetud. Toimeaja m\u00f6\u00f6dudes loputada (vastavalt vajadusele) steriilse v\u00f5i jooksva veega.<\/p>\n<p><img decoding=\"async\" src=\"https:\/\/www.chemi-pharm.com\/images\/Artboard_1sterisept.jpg\" alt=\"Artboard 1sterisept.jpg\" \/><\/p>\n<p>Sterisept on testitud vastavalt j\u00e4rgnevatele Euroopa standarditele:<\/p>\n<p><strong>EN 1040; EN 1275; EN 1276; EN13727<\/strong><\/p>\n<p>T\u00f6\u00f6lahused valmistatakse kontsentraadi lahustamisel vees (toatemperatuuril). Valmis t\u00f6\u00f6lahus s\u00e4ilib suletult 28 \u00f6\u00f6p\u00e4eva. Kasutusel olevat t\u00f6\u00f6lahust v\u00f5ib kasutada 7 \u00f6\u00f6p\u00e4eva jooksul. Eritisega saastunud instrumentide puhul vahetada t\u00f6\u00f6lahust iga p\u00e4ev, muudel juhtudel vahetada lahust vastavalt saastumisele. Ainet s\u00e4ilitada tihedalt suletud korgiga anumates, temperatuuril mitte alla +5\u00baC.<\/p>\n<p>V\u00e4ltida glutaaraldeh\u00fc\u00fcdi sisaldavate toodete kasutamist enne ja p\u00e4rast desinfektsiooni STERISEPT\u00b4iga.<\/p>\n<p>OHULAUSED:<br \/>\nAllaneelamisel kahjulik<br \/>\nP\u00f6hjustab rasket nahas\u00f6\u00f6vitust ja silmakahjustusi<br \/>\nV\u00f5ib kahjustada elundeid pikaajalisel v\u00f5i korduval kokkupuutel seedeelundkonnaga<br \/>\nV\u00f6ib p\u00f6hjustada unisust voi peap\u00f6\u00f6ritust<\/p>\n<p>HOIATUSLAUSED:<br \/>\nAuru mitte sisse hingata<br \/>\nKanda kaitsekindaid<br \/>\nALLANEELAMISE KORRAL: loputada suud. MITTE kutsuda esile oksendamist<br \/>\nNAHALE (v\u00f5i juustele) SATTUMISE KORRAL: v\u00f5tta viivitamata k\u00f5ik saastunud r\u00f5ivad seljast. Loputada nahka veega\/loputada du\u0161i all<br \/>\nSISSEHINGAMISE KORRAL: toimetada isik v\u00e4rske \u00f5hu k\u00e4tte ja hoida asendis, mis v\u00f5imaldab kergesti hingata<br \/>\nMahavoolanud toode kokku koguda<\/p>\n<p>Registreeritud Ravimiameti meditsiiniseadmete osakonnas<br \/>\nOmab CE m\u00e4rgistust vastavalt Meditsiiniseadmete Direktiivile<\/p>\n<p>PAKENDID:<br \/>\n1000 ml dosaatorkambriga<br \/>\n5000 ml kanister<\/p>\n","protected":false},"excerpt":{"rendered":"<p>STERISEPT on fenooli-, aldeh\u00fc\u00fcdi- ja fosfaadivaba vedel kontsentraat\u00a0termostabiilsete ja \u2013labiilsete meditsiiniinstrumentide pesemiseks ja desinfektsiooniks. Toode on laia bakteritsiidse, virutsiidse ja fungitsiidse toimega, inaktiveerides Gram- negatiivseid ja Gram-positiivseid baktereid (k.a Mycobacterium terrae ja Mycobacterium avium ) ja viiruseid (k.a HIV, HBV, HCV, Vaccinia, Rota ja Adeno ). Oma erilise koostise t\u00f5ttu on toode materjalis\u00f5bralik ja omab [&hellip;]<\/p>\n","protected":false},"featured_media":6385,"comment_status":"closed","ping_status":"closed","template":"","meta":[],"product_cat":[745,696,577,600,401,599],"product_tag":[],"class_list":{"0":"post-6146","1":"product","2":"type-product","3":"status-publish","4":"has-post-thumbnail","6":"product_cat-chemi-pharm","7":"product_cat-tarvikud","8":"product_cat-iluteenindaja-tarvikud","9":"product_cat-puhastus-ja-desinfektsioonivahendid-iluteenindaja-tarvikud","10":"product_cat-juuksuri-tarvikud","11":"product_cat-puhastus-ja-desinfektsioonivahendid","13":"first","14":"instock","15":"taxable","16":"shipping-taxable","17":"purchasable","18":"product-type-simple"},"_links":{"self":[{"href":"https:\/\/saxsim.ee\/swp\/wp-json\/wp\/v2\/product\/6146"}],"collection":[{"href":"https:\/\/saxsim.ee\/swp\/wp-json\/wp\/v2\/product"}],"about":[{"href":"https:\/\/saxsim.ee\/swp\/wp-json\/wp\/v2\/types\/product"}],"replies":[{"embeddable":true,"href":"https:\/\/saxsim.ee\/swp\/wp-json\/wp\/v2\/comments?post=6146"}],"wp:featuredmedia":[{"embeddable":true,"href":"https:\/\/saxsim.ee\/swp\/wp-json\/wp\/v2\/media\/6385"}],"wp:attachment":[{"href":"https:\/\/saxsim.ee\/swp\/wp-json\/wp\/v2\/media?parent=6146"}],"wp:term":[{"taxonomy":"product_cat","embeddable":true,"href":"https:\/\/saxsim.ee\/swp\/wp-json\/wp\/v2\/product_cat?post=6146"},{"taxonomy":"product_tag","embeddable":true,"href":"https:\/\/saxsim.ee\/swp\/wp-json\/wp\/v2\/product_tag?post=6146"}],"curies":[{"name":"wp","href":"https:\/\/api.w.org\/{rel}","templated":true}]}}