{"id":6023,"date":"2019-03-11T20:47:07","date_gmt":"2019-03-11T18:47:07","guid":{"rendered":"https:\/\/www.saxsim.ee\/?post_type=product&#038;p=6023"},"modified":"2019-03-11T21:06:31","modified_gmt":"2019-03-11T19:06:31","slug":"olivia-garden-eco-hair-combo-juuksehari","status":"publish","type":"product","link":"https:\/\/saxsim.ee\/swp\/product\/olivia-garden-eco-hair-combo-juuksehari\/","title":{"rendered":"Olivia Garden Eco Hair Combo &#8211; juuksehari"},"content":{"rendered":"<p><span class=\"tlid-translation translation\"><span class=\"\" title=\"\">Eco Hair kollektsiooni tooted on <span title=\"\">k\u00e4sitsi valmistatud<\/span> bambusest ( 100% looduslikult taastuv resurss ).<\/span> <span class=\"\" title=\"\">Bambus on tugev, kerge ja vastupidavam kui puit.<\/span> Ioonidega laetud harjased niisutavad juuksekutiikulit ning lisavad juustele l\u00e4iget.<br \/>\n<\/span><\/p>\n<div class=\"text-wrap tlid-copy-target\">\n<div class=\"result-shield-container tlid-copy-target\"><span class=\"tlid-translation translation\"><span class=\"\" title=\"\">Eco Hair Combo juukseharjal on ioonidega laetud piid ja metsseakarvadest harjasete segu. <\/span><span class=\"\" title=\"\">See hari sobib k\u00f5ikidele juukset\u00fc\u00fcpidele ja -pikendustele.<\/span><\/span><\/div>\n<\/div>\n","protected":false},"excerpt":{"rendered":"<p>Eco Hair kollektsiooni tooted on k\u00e4sitsi valmistatud bambusest ( 100% looduslikult taastuv resurss ). Bambus on tugev, kerge ja vastupidavam kui puit. Ioonidega laetud harjased niisutavad juuksekutiikulit ning lisavad juustele l\u00e4iget. Eco Hair Combo juukseharjal on ioonidega laetud piid ja metsseakarvadest harjasete segu. See hari sobib k\u00f5ikidele juukset\u00fc\u00fcpidele ja -pikendustele.<\/p>\n","protected":false},"featured_media":6024,"comment_status":"closed","ping_status":"closed","template":"","meta":[],"product_cat":[722,401,172,397],"product_tag":[],"class_list":{"0":"post-6023","1":"product","2":"type-product","3":"status-publish","4":"has-post-thumbnail","6":"product_cat-olivia-garden","7":"product_cat-juuksuri-tarvikud","8":"product_cat-juukseharjad","9":"product_cat-lapikud-juukseharjad","11":"first","12":"instock","13":"taxable","14":"shipping-taxable","15":"purchasable","16":"product-type-simple"},"_links":{"self":[{"href":"https:\/\/saxsim.ee\/swp\/wp-json\/wp\/v2\/product\/6023"}],"collection":[{"href":"https:\/\/saxsim.ee\/swp\/wp-json\/wp\/v2\/product"}],"about":[{"href":"https:\/\/saxsim.ee\/swp\/wp-json\/wp\/v2\/types\/product"}],"replies":[{"embeddable":true,"href":"https:\/\/saxsim.ee\/swp\/wp-json\/wp\/v2\/comments?post=6023"}],"wp:featuredmedia":[{"embeddable":true,"href":"https:\/\/saxsim.ee\/swp\/wp-json\/wp\/v2\/media\/6024"}],"wp:attachment":[{"href":"https:\/\/saxsim.ee\/swp\/wp-json\/wp\/v2\/media?parent=6023"}],"wp:term":[{"taxonomy":"product_cat","embeddable":true,"href":"https:\/\/saxsim.ee\/swp\/wp-json\/wp\/v2\/product_cat?post=6023"},{"taxonomy":"product_tag","embeddable":true,"href":"https:\/\/saxsim.ee\/swp\/wp-json\/wp\/v2\/product_tag?post=6023"}],"curies":[{"name":"wp","href":"https:\/\/api.w.org\/{rel}","templated":true}]}}