{"id":6002,"date":"2019-03-11T17:38:46","date_gmt":"2019-03-11T15:38:46","guid":{"rendered":"https:\/\/www.saxsim.ee\/?post_type=product&#038;p=6002"},"modified":"2025-08-04T11:08:44","modified_gmt":"2025-08-04T08:08:44","slug":"gbs-absolute-shaver-pardel","status":"publish","type":"product","link":"https:\/\/saxsim.ee\/swp\/product\/gbs-absolute-shaver-pardel\/","title":{"rendered":"GBS Absolute Shaver &#8211; pardel"},"content":{"rendered":"<p>Kerge, juhtmega\/juhtmeta pardel. Ideaalne vuntside ja p\u00f5skhabeme kujundamiseks.<\/p>\n<p><strong>Tehnilised andmed:<\/strong><\/p>\n<p>vastupidav Li-Ion aku<br \/>\nakutoitel t\u00f6\u00f6tab &#8211; 90 min.<br \/>\naku laadimisaeg &#8211; \u00a0120 min.<br \/>\n2 erineva k\u00f5rgusega l\u00f5iketera<br \/>\nkaal &#8211; 139 g.<br \/>\ntera kaitse<br \/>\njuhe &#8211; \u00a0m.<\/p>\n","protected":false},"excerpt":{"rendered":"<p>Kerge, juhtmega\/juhtmeta pardel. Ideaalne vuntside ja p\u00f5skhabeme kujundamiseks. Tehnilised andmed: vastupidav Li-Ion aku akutoitel t\u00f6\u00f6tab &#8211; 90 min. aku laadimisaeg &#8211; \u00a0120 min. 2 erineva k\u00f5rgusega l\u00f5iketera kaal &#8211; 139 g. tera kaitse juhe &#8211; \u00a0m.<\/p>\n","protected":false},"featured_media":6003,"comment_status":"closed","ping_status":"closed","template":"","meta":[],"product_cat":[401,280,286],"product_tag":[],"class_list":{"0":"post-6002","1":"product","2":"type-product","3":"status-publish","4":"has-post-thumbnail","6":"product_cat-juuksuri-tarvikud","7":"product_cat-elektrilised-toovahendid","8":"product_cat-loikusmasinad-ja-trimmerid","10":"first","11":"instock","12":"taxable","13":"shipping-taxable","14":"purchasable","15":"product-type-simple"},"_links":{"self":[{"href":"https:\/\/saxsim.ee\/swp\/wp-json\/wp\/v2\/product\/6002"}],"collection":[{"href":"https:\/\/saxsim.ee\/swp\/wp-json\/wp\/v2\/product"}],"about":[{"href":"https:\/\/saxsim.ee\/swp\/wp-json\/wp\/v2\/types\/product"}],"replies":[{"embeddable":true,"href":"https:\/\/saxsim.ee\/swp\/wp-json\/wp\/v2\/comments?post=6002"}],"wp:featuredmedia":[{"embeddable":true,"href":"https:\/\/saxsim.ee\/swp\/wp-json\/wp\/v2\/media\/6003"}],"wp:attachment":[{"href":"https:\/\/saxsim.ee\/swp\/wp-json\/wp\/v2\/media?parent=6002"}],"wp:term":[{"taxonomy":"product_cat","embeddable":true,"href":"https:\/\/saxsim.ee\/swp\/wp-json\/wp\/v2\/product_cat?post=6002"},{"taxonomy":"product_tag","embeddable":true,"href":"https:\/\/saxsim.ee\/swp\/wp-json\/wp\/v2\/product_tag?post=6002"}],"curies":[{"name":"wp","href":"https:\/\/api.w.org\/{rel}","templated":true}]}}