{"id":5979,"date":"2019-03-09T16:18:42","date_gmt":"2019-03-09T14:18:42","guid":{"rendered":"https:\/\/www.saxsim.ee\/?post_type=product&#038;p=5979"},"modified":"2019-03-09T16:24:49","modified_gmt":"2019-03-09T14:24:49","slug":"block-nail-buffer-200240-kuunte-poleerija","status":"publish","type":"product","link":"https:\/\/saxsim.ee\/swp\/product\/block-nail-buffer-200240-kuunte-poleerija\/","title":{"rendered":"Block, Nail Buffer 200\/240 &#8211; k\u00fc\u00fcnte poleerija"},"content":{"rendered":"<p>4-tahuline, 2 erineva karedusega k\u00fc\u00fcnte plokkpoleer.<\/p>\n<p>Karedus &#8211; 200\/240 grit.<\/p>\n<p>Pikkus &#8211; 9 cm.<\/p>\n<p>&nbsp;<\/p>\n","protected":false},"excerpt":{"rendered":"<p>4-tahuline, 2 erineva karedusega k\u00fc\u00fcnte plokkpoleer. Karedus &#8211; 200\/240 grit. Pikkus &#8211; 9 cm. &nbsp;<\/p>\n","protected":false},"featured_media":5980,"comment_status":"closed","ping_status":"closed","template":"","meta":[],"product_cat":[577,363],"product_tag":[],"class_list":{"0":"post-5979","1":"product","2":"type-product","3":"status-publish","4":"has-post-thumbnail","6":"product_cat-iluteenindaja-tarvikud","7":"product_cat-poleerijad","9":"first","10":"instock","11":"taxable","12":"shipping-taxable","13":"purchasable","14":"product-type-simple"},"_links":{"self":[{"href":"https:\/\/saxsim.ee\/swp\/wp-json\/wp\/v2\/product\/5979"}],"collection":[{"href":"https:\/\/saxsim.ee\/swp\/wp-json\/wp\/v2\/product"}],"about":[{"href":"https:\/\/saxsim.ee\/swp\/wp-json\/wp\/v2\/types\/product"}],"replies":[{"embeddable":true,"href":"https:\/\/saxsim.ee\/swp\/wp-json\/wp\/v2\/comments?post=5979"}],"wp:featuredmedia":[{"embeddable":true,"href":"https:\/\/saxsim.ee\/swp\/wp-json\/wp\/v2\/media\/5980"}],"wp:attachment":[{"href":"https:\/\/saxsim.ee\/swp\/wp-json\/wp\/v2\/media?parent=5979"}],"wp:term":[{"taxonomy":"product_cat","embeddable":true,"href":"https:\/\/saxsim.ee\/swp\/wp-json\/wp\/v2\/product_cat?post=5979"},{"taxonomy":"product_tag","embeddable":true,"href":"https:\/\/saxsim.ee\/swp\/wp-json\/wp\/v2\/product_tag?post=5979"}],"curies":[{"name":"wp","href":"https:\/\/api.w.org\/{rel}","templated":true}]}}