{"id":5944,"date":"2019-03-02T00:36:43","date_gmt":"2019-03-01T22:36:43","guid":{"rendered":"https:\/\/www.saxsim.ee\/?post_type=product&#038;p=5944"},"modified":"2024-01-21T10:33:26","modified_gmt":"2024-01-21T08:33:26","slug":"jaguar-es-jp38-left-525-vasakukaeliste-fileerkaarid","status":"publish","type":"product","link":"https:\/\/saxsim.ee\/swp\/product\/jaguar-es-jp38-left-525-vasakukaeliste-fileerkaarid\/","title":{"rendered":"JAGUAR ES JP38 LEFT 5,25&#8243; &#8211; vasakuk\u00e4eliste fileerk\u00e4\u00e4rid"},"content":{"rendered":"<p>AINULT VASAKUK\u00c4ELISTELE m\u00f5eldud fileerk\u00e4\u00e4rid.<\/p>\n<p>K\u00e4epide &#8211; nihkes (offset)<\/p>\n<p>Materjal &#8211; Chrome stainless steel<\/p>\n<p>Metalli pinnat\u00f6\u00f6tlus &#8211; <span class=\"tlid-translation translation\"><span class=\"\" title=\"\">poleeritud viimistlus<\/span><\/span><\/p>\n<p>K\u00e4\u00e4ride suurus &#8211; 5,25&#8243;<\/p>\n<p>Kaal &#8211; 39 g.<\/p>\n<p>&nbsp;<\/p>\n<p>&nbsp;<\/p>\n","protected":false},"excerpt":{"rendered":"<p>AINULT VASAKUK\u00c4ELISTELE m\u00f5eldud fileerk\u00e4\u00e4rid. K\u00e4epide &#8211; nihkes (offset) Materjal &#8211; Chrome stainless steel Metalli pinnat\u00f6\u00f6tlus &#8211; poleeritud viimistlus K\u00e4\u00e4ride suurus &#8211; 5,25&#8243; Kaal &#8211; 39 g. &nbsp; &nbsp;<\/p>\n","protected":false},"featured_media":5945,"comment_status":"closed","ping_status":"closed","template":"","meta":[],"product_cat":[736,401,174,740],"product_tag":[],"class_list":{"0":"post-5944","1":"product","2":"type-product","3":"status-publish","4":"has-post-thumbnail","6":"product_cat-jaguar","7":"product_cat-juuksuri-tarvikud","8":"product_cat-kaarid","9":"product_cat-vasakukaeliste-kaarid","11":"first","12":"instock","13":"taxable","14":"shipping-taxable","15":"purchasable","16":"product-type-simple"},"_links":{"self":[{"href":"https:\/\/saxsim.ee\/swp\/wp-json\/wp\/v2\/product\/5944"}],"collection":[{"href":"https:\/\/saxsim.ee\/swp\/wp-json\/wp\/v2\/product"}],"about":[{"href":"https:\/\/saxsim.ee\/swp\/wp-json\/wp\/v2\/types\/product"}],"replies":[{"embeddable":true,"href":"https:\/\/saxsim.ee\/swp\/wp-json\/wp\/v2\/comments?post=5944"}],"wp:featuredmedia":[{"embeddable":true,"href":"https:\/\/saxsim.ee\/swp\/wp-json\/wp\/v2\/media\/5945"}],"wp:attachment":[{"href":"https:\/\/saxsim.ee\/swp\/wp-json\/wp\/v2\/media?parent=5944"}],"wp:term":[{"taxonomy":"product_cat","embeddable":true,"href":"https:\/\/saxsim.ee\/swp\/wp-json\/wp\/v2\/product_cat?post=5944"},{"taxonomy":"product_tag","embeddable":true,"href":"https:\/\/saxsim.ee\/swp\/wp-json\/wp\/v2\/product_tag?post=5944"}],"curies":[{"name":"wp","href":"https:\/\/api.w.org\/{rel}","templated":true}]}}