{"id":5331,"date":"2018-12-09T20:02:07","date_gmt":"2018-12-09T18:02:07","guid":{"rendered":"https:\/\/www.saxsim.ee\/?post_type=product&#038;p=5331"},"modified":"2024-09-12T08:34:29","modified_gmt":"2024-09-12T05:34:29","slug":"nano-dyeing-apron-poll","status":"publish","type":"product","link":"https:\/\/saxsim.ee\/swp\/product\/nano-dyeing-apron-poll\/","title":{"rendered":"NANO Dyeing Apron &#8211; p\u00f5ll"},"content":{"rendered":"<p>Kvaliteetsest, Nano-tehnoloogilisest kangast p\u00f5ll on veekindel ja plekke h\u00fclgav.<\/p>\n<p>Suurus &#8211; 83*92 cm.<\/p>\n<p>Kinnitus &#8211;\u00a0reguleeritavate paeltega<\/p>\n<p>Materjal \u2013 <span class=\"tlid-translation translation\"><span class=\"\" title=\"\">97% pol\u00fcester, 3% pol\u00fcuretaan<\/span><\/span><\/p>\n<p>V\u00e4rv &#8211; must\/hall<\/p>\n<p>Lukkudega taskud<\/p>\n<p><strong>Hooldus:<\/strong><\/p>\n<p>k\u00e4sipesu<\/p>\n<p>kuivatada soovitavalt n\u00f6\u00f6ril<\/p>\n","protected":false},"excerpt":{"rendered":"<p>Kvaliteetsest, Nano-tehnoloogilisest kangast p\u00f5ll on veekindel ja plekke h\u00fclgav. Suurus &#8211; 83*92 cm. Kinnitus &#8211;\u00a0reguleeritavate paeltega Materjal \u2013 97% pol\u00fcester, 3% pol\u00fcuretaan V\u00e4rv &#8211; must\/hall Lukkudega taskud Hooldus: k\u00e4sipesu kuivatada soovitavalt n\u00f6\u00f6ril<\/p>\n","protected":false},"featured_media":5332,"comment_status":"closed","ping_status":"closed","template":"","meta":[],"product_cat":[577,592,401,297],"product_tag":[],"class_list":{"0":"post-5331","1":"product","2":"type-product","3":"status-publish","4":"has-post-thumbnail","6":"product_cat-iluteenindaja-tarvikud","7":"product_cat-polled-ja-tooroivad-iluteenindajale","8":"product_cat-juuksuri-tarvikud","9":"product_cat-polled-ja-tooroivad","11":"first","12":"instock","13":"taxable","14":"shipping-taxable","15":"purchasable","16":"product-type-simple"},"_links":{"self":[{"href":"https:\/\/saxsim.ee\/swp\/wp-json\/wp\/v2\/product\/5331"}],"collection":[{"href":"https:\/\/saxsim.ee\/swp\/wp-json\/wp\/v2\/product"}],"about":[{"href":"https:\/\/saxsim.ee\/swp\/wp-json\/wp\/v2\/types\/product"}],"replies":[{"embeddable":true,"href":"https:\/\/saxsim.ee\/swp\/wp-json\/wp\/v2\/comments?post=5331"}],"wp:featuredmedia":[{"embeddable":true,"href":"https:\/\/saxsim.ee\/swp\/wp-json\/wp\/v2\/media\/5332"}],"wp:attachment":[{"href":"https:\/\/saxsim.ee\/swp\/wp-json\/wp\/v2\/media?parent=5331"}],"wp:term":[{"taxonomy":"product_cat","embeddable":true,"href":"https:\/\/saxsim.ee\/swp\/wp-json\/wp\/v2\/product_cat?post=5331"},{"taxonomy":"product_tag","embeddable":true,"href":"https:\/\/saxsim.ee\/swp\/wp-json\/wp\/v2\/product_tag?post=5331"}],"curies":[{"name":"wp","href":"https:\/\/api.w.org\/{rel}","templated":true}]}}