{"id":5263,"date":"2018-11-26T16:57:33","date_gmt":"2018-11-26T14:57:33","guid":{"rendered":"https:\/\/www.saxsim.ee\/?post_type=product&#038;p=5263"},"modified":"2022-04-18T09:14:24","modified_gmt":"2022-04-18T06:14:24","slug":"olivia-garden-idetangle-for-thick-hair-juuksehari-paksudele-juustele","status":"publish","type":"product","link":"https:\/\/saxsim.ee\/swp\/product\/olivia-garden-idetangle-for-thick-hair-juuksehari-paksudele-juustele\/","title":{"rendered":"Olivia Garden iDetangle For Thick Hair &#8211; juuksehari paksudele juustele"},"content":{"rendered":"<p><span id=\"result_box\" class=\"\" lang=\"et\">Olivia Garden iDetangle paksudele juustele. Harja kumer kuju v\u00f5imaldab \u00f5rnalt masseerida peanahka ja harjata nii kuivi, kui ka niiskeid juukseid. Juukseharjal on ergonoomiline k\u00e4epide ja f\u00f6\u00f6nitamiseks h\u00e4stiventileeritud \u00f5huavad. Harja elastsed piid sobivad erinevate juustet\u00fc\u00fcpida harjamiseks.<br \/>\n<\/span><\/p>\n<p>&nbsp;<\/p>\n<p>&nbsp;<\/p>\n<p>&nbsp;<\/p>\n","protected":false},"excerpt":{"rendered":"<p>Olivia Garden iDetangle paksudele juustele. Harja kumer kuju v\u00f5imaldab \u00f5rnalt masseerida peanahka ja harjata nii kuivi, kui ka niiskeid juukseid. Juukseharjal on ergonoomiline k\u00e4epide ja f\u00f6\u00f6nitamiseks h\u00e4stiventileeritud \u00f5huavad. Harja elastsed piid sobivad erinevate juustet\u00fc\u00fcpida harjamiseks. &nbsp; &nbsp; &nbsp;<\/p>\n","protected":false},"featured_media":5264,"comment_status":"closed","ping_status":"closed","template":"","meta":[],"product_cat":[722,401,172,397],"product_tag":[],"class_list":{"0":"post-5263","1":"product","2":"type-product","3":"status-publish","4":"has-post-thumbnail","6":"product_cat-olivia-garden","7":"product_cat-juuksuri-tarvikud","8":"product_cat-juukseharjad","9":"product_cat-lapikud-juukseharjad","11":"first","12":"instock","13":"taxable","14":"shipping-taxable","15":"purchasable","16":"product-type-simple"},"_links":{"self":[{"href":"https:\/\/saxsim.ee\/swp\/wp-json\/wp\/v2\/product\/5263"}],"collection":[{"href":"https:\/\/saxsim.ee\/swp\/wp-json\/wp\/v2\/product"}],"about":[{"href":"https:\/\/saxsim.ee\/swp\/wp-json\/wp\/v2\/types\/product"}],"replies":[{"embeddable":true,"href":"https:\/\/saxsim.ee\/swp\/wp-json\/wp\/v2\/comments?post=5263"}],"wp:featuredmedia":[{"embeddable":true,"href":"https:\/\/saxsim.ee\/swp\/wp-json\/wp\/v2\/media\/5264"}],"wp:attachment":[{"href":"https:\/\/saxsim.ee\/swp\/wp-json\/wp\/v2\/media?parent=5263"}],"wp:term":[{"taxonomy":"product_cat","embeddable":true,"href":"https:\/\/saxsim.ee\/swp\/wp-json\/wp\/v2\/product_cat?post=5263"},{"taxonomy":"product_tag","embeddable":true,"href":"https:\/\/saxsim.ee\/swp\/wp-json\/wp\/v2\/product_tag?post=5263"}],"curies":[{"name":"wp","href":"https:\/\/api.w.org\/{rel}","templated":true}]}}