{"id":5089,"date":"2018-10-22T14:19:50","date_gmt":"2018-10-22T11:19:50","guid":{"rendered":"https:\/\/www.saxsim.ee\/?post_type=product&#038;p=5089"},"modified":"2026-02-16T19:38:30","modified_gmt":"2026-02-16T17:38:30","slug":"moser-chromini-ni-mh-battery-rechargeable-laetav-aku","status":"publish","type":"product","link":"https:\/\/saxsim.ee\/swp\/product\/moser-chromini-ni-mh-battery-rechargeable-laetav-aku\/","title":{"rendered":"Moser ChroMini Ni-Mh Battery (Rechargeable) &#8211; laetav aku"},"content":{"rendered":"<p>Moser 1590 ChroMini Ni-Mh laetav aku, mille m\u00f5lemas otsas on klemmid mikroskeemile jootmiseks.<br \/>\n&#8211; 1,2 V<br \/>\n&#8211; 1800 mAh<br \/>\n&#8211; pikkus u. 50 mm<\/p>\n<p>Pange t\u00e4hele kontakti t\u00fc\u00fcpi \u2013 see v\u00f5ib vajada kohandamist vanemate seadmete jaoks!<\/p>\n<p>Sobib ka Wahl Chromini trimmerile.<\/p>\n","protected":false},"excerpt":{"rendered":"<p>Moser 1590 ChroMini Ni-Mh laetav aku, mille m\u00f5lemas otsas on klemmid mikroskeemile jootmiseks. &#8211; 1,2 V &#8211; 1800 mAh &#8211; pikkus u. 50 mm Pange t\u00e4hele kontakti t\u00fc\u00fcpi \u2013 see v\u00f5ib vajada kohandamist vanemate seadmete jaoks! Sobib ka Wahl Chromini trimmerile.<\/p>\n","protected":false},"featured_media":15641,"comment_status":"closed","ping_status":"closed","template":"","meta":[],"product_cat":[866,668,401,278],"product_tag":[],"class_list":{"0":"post-5089","1":"product","2":"type-product","3":"status-publish","4":"has-post-thumbnail","6":"product_cat-wahl-professional","7":"product_cat-moser","8":"product_cat-juuksuri-tarvikud","9":"product_cat-varuosad","11":"first","12":"instock","13":"taxable","14":"shipping-taxable","15":"purchasable","16":"product-type-simple"},"_links":{"self":[{"href":"https:\/\/saxsim.ee\/swp\/wp-json\/wp\/v2\/product\/5089"}],"collection":[{"href":"https:\/\/saxsim.ee\/swp\/wp-json\/wp\/v2\/product"}],"about":[{"href":"https:\/\/saxsim.ee\/swp\/wp-json\/wp\/v2\/types\/product"}],"replies":[{"embeddable":true,"href":"https:\/\/saxsim.ee\/swp\/wp-json\/wp\/v2\/comments?post=5089"}],"wp:featuredmedia":[{"embeddable":true,"href":"https:\/\/saxsim.ee\/swp\/wp-json\/wp\/v2\/media\/15641"}],"wp:attachment":[{"href":"https:\/\/saxsim.ee\/swp\/wp-json\/wp\/v2\/media?parent=5089"}],"wp:term":[{"taxonomy":"product_cat","embeddable":true,"href":"https:\/\/saxsim.ee\/swp\/wp-json\/wp\/v2\/product_cat?post=5089"},{"taxonomy":"product_tag","embeddable":true,"href":"https:\/\/saxsim.ee\/swp\/wp-json\/wp\/v2\/product_tag?post=5089"}],"curies":[{"name":"wp","href":"https:\/\/api.w.org\/{rel}","templated":true}]}}