{"id":4999,"date":"2018-09-08T09:36:27","date_gmt":"2018-09-08T06:36:27","guid":{"rendered":"https:\/\/www.saxsim.ee\/?post_type=product&#038;p=4999"},"modified":"2024-01-10T10:35:01","modified_gmt":"2024-01-10T08:35:01","slug":"trimmer-contour-ninakorva-trimmer","status":"publish","type":"product","link":"https:\/\/saxsim.ee\/swp\/product\/trimmer-contour-ninakorva-trimmer\/","title":{"rendered":"Trimmer, Contour &#8211; nina\/k\u00f5rva trimmer"},"content":{"rendered":"<p>AA &#8211; t\u00fc\u00fcpi patareil t\u00f6\u00f6tav nina\/k\u00f5rva trimmer, millel on 3 erinevat l\u00f5iketera ja 3 erinevat l\u00f5ikustalda. V\u00f5imaldab eemaldada karvad ninast ja k\u00f5rvadest, ning korrigeerida kulmu- ja habemejoont.<\/p>\n<p><strong>Komplektis:<\/strong><\/p>\n<p>3 erinevat l\u00f5iketera<\/p>\n<p>3 erinevat l\u00f5ikustalda<\/p>\n<p>puhastushari<\/p>\n<p>AA patarei<\/p>\n<p>&nbsp;<\/p>\n<p>&nbsp;<\/p>\n<p>&nbsp;<\/p>\n","protected":false},"excerpt":{"rendered":"<p>AA &#8211; t\u00fc\u00fcpi patareil t\u00f6\u00f6tav nina\/k\u00f5rva trimmer, millel on 3 erinevat l\u00f5iketera ja 3 erinevat l\u00f5ikustalda. V\u00f5imaldab eemaldada karvad ninast ja k\u00f5rvadest, ning korrigeerida kulmu- ja habemejoont. Komplektis: 3 erinevat l\u00f5iketera 3 erinevat l\u00f5ikustalda puhastushari AA patarei &nbsp; &nbsp; &nbsp;<\/p>\n","protected":false},"featured_media":5051,"comment_status":"closed","ping_status":"closed","template":"","meta":[],"product_cat":[401,280,286,284],"product_tag":[],"class_list":{"0":"post-4999","1":"product","2":"type-product","3":"status-publish","4":"has-post-thumbnail","6":"product_cat-juuksuri-tarvikud","7":"product_cat-elektrilised-toovahendid","8":"product_cat-loikusmasinad-ja-trimmerid","9":"product_cat-reisimiseks","11":"first","12":"instock","13":"taxable","14":"shipping-taxable","15":"purchasable","16":"product-type-simple"},"_links":{"self":[{"href":"https:\/\/saxsim.ee\/swp\/wp-json\/wp\/v2\/product\/4999"}],"collection":[{"href":"https:\/\/saxsim.ee\/swp\/wp-json\/wp\/v2\/product"}],"about":[{"href":"https:\/\/saxsim.ee\/swp\/wp-json\/wp\/v2\/types\/product"}],"replies":[{"embeddable":true,"href":"https:\/\/saxsim.ee\/swp\/wp-json\/wp\/v2\/comments?post=4999"}],"wp:featuredmedia":[{"embeddable":true,"href":"https:\/\/saxsim.ee\/swp\/wp-json\/wp\/v2\/media\/5051"}],"wp:attachment":[{"href":"https:\/\/saxsim.ee\/swp\/wp-json\/wp\/v2\/media?parent=4999"}],"wp:term":[{"taxonomy":"product_cat","embeddable":true,"href":"https:\/\/saxsim.ee\/swp\/wp-json\/wp\/v2\/product_cat?post=4999"},{"taxonomy":"product_tag","embeddable":true,"href":"https:\/\/saxsim.ee\/swp\/wp-json\/wp\/v2\/product_tag?post=4999"}],"curies":[{"name":"wp","href":"https:\/\/api.w.org\/{rel}","templated":true}]}}