{"id":4884,"date":"2018-07-23T09:06:40","date_gmt":"2018-07-23T06:06:40","guid":{"rendered":"https:\/\/www.saxsim.ee\/?post_type=product&#038;p=4884"},"modified":"2024-01-07T17:27:00","modified_gmt":"2024-01-07T15:27:00","slug":"hairways-03-conditioning-shampoo-100-ml-niisutav-sampoon","status":"publish","type":"product","link":"https:\/\/saxsim.ee\/swp\/product\/hairways-03-conditioning-shampoo-100-ml-niisutav-sampoon\/","title":{"rendered":"Hairways 03 Conditioning Shampoo 100 ml &#8211; niisutav \u0161ampoon"},"content":{"rendered":"<p><span id=\"result_box\" class=\"\" lang=\"et\"><span class=\"\">Niisutav \u0161ampoon normaalsete, kahjustatud ja v\u00e4rvitud juustele.<\/span> <span class=\"\">Toidab ja niisutab t\u00f5husalt juukseid, muutmata neid rasketeks. <\/span>Annab juustele s\u00e4ra. Sisaldab UV-kaitset, mis takistab juuksev\u00e4rvide pleekimist.<\/span><\/p>\n<p><span id=\"result_box\" class=\"\" lang=\"et\"><span class=\"\"><strong>Kasutamine:<\/strong><\/span> lisage niiskele juustele, \u00f5rnalt masseerides, ajage vahule ja loputage hoolikalt.<\/span><\/p>\n<p><strong>pH:<\/strong> 5,2<\/p>\n<p>&nbsp;<\/p>\n<p>&nbsp;<\/p>\n<p>&nbsp;<\/p>\n<p>&nbsp;<\/p>\n<p>&nbsp;<\/p>\n<p>&nbsp;<\/p>\n<p>&nbsp;<\/p>\n<p>&nbsp;<\/p>\n","protected":false},"excerpt":{"rendered":"<p>Niisutav \u0161ampoon normaalsete, kahjustatud ja v\u00e4rvitud juustele. Toidab ja niisutab t\u00f5husalt juukseid, muutmata neid rasketeks. Annab juustele s\u00e4ra. Sisaldab UV-kaitset, mis takistab juuksev\u00e4rvide pleekimist. Kasutamine: lisage niiskele juustele, \u00f5rnalt masseerides, ajage vahule ja loputage hoolikalt. pH: 5,2 &nbsp; &nbsp; &nbsp; &nbsp; &nbsp; &nbsp; &nbsp; &nbsp;<\/p>\n","protected":false},"featured_media":4885,"comment_status":"closed","ping_status":"closed","template":"","meta":[],"product_cat":[642,395,284],"product_tag":[],"class_list":{"0":"post-4884","1":"product","2":"type-product","3":"status-publish","4":"has-post-thumbnail","6":"product_cat-hairways","7":"product_cat-juuksed","8":"product_cat-reisimiseks","10":"first","11":"instock","12":"taxable","13":"shipping-taxable","14":"purchasable","15":"product-type-simple"},"_links":{"self":[{"href":"https:\/\/saxsim.ee\/swp\/wp-json\/wp\/v2\/product\/4884"}],"collection":[{"href":"https:\/\/saxsim.ee\/swp\/wp-json\/wp\/v2\/product"}],"about":[{"href":"https:\/\/saxsim.ee\/swp\/wp-json\/wp\/v2\/types\/product"}],"replies":[{"embeddable":true,"href":"https:\/\/saxsim.ee\/swp\/wp-json\/wp\/v2\/comments?post=4884"}],"wp:featuredmedia":[{"embeddable":true,"href":"https:\/\/saxsim.ee\/swp\/wp-json\/wp\/v2\/media\/4885"}],"wp:attachment":[{"href":"https:\/\/saxsim.ee\/swp\/wp-json\/wp\/v2\/media?parent=4884"}],"wp:term":[{"taxonomy":"product_cat","embeddable":true,"href":"https:\/\/saxsim.ee\/swp\/wp-json\/wp\/v2\/product_cat?post=4884"},{"taxonomy":"product_tag","embeddable":true,"href":"https:\/\/saxsim.ee\/swp\/wp-json\/wp\/v2\/product_tag?post=4884"}],"curies":[{"name":"wp","href":"https:\/\/api.w.org\/{rel}","templated":true}]}}