{"id":4848,"date":"2018-07-05T18:20:53","date_gmt":"2018-07-05T15:20:53","guid":{"rendered":"https:\/\/www.saxsim.ee\/?post_type=product&#038;p=4848"},"modified":"2026-02-24T13:06:07","modified_gmt":"2026-02-24T11:06:07","slug":"refectocil-styling-gel-9-ml","status":"publish","type":"product","link":"https:\/\/saxsim.ee\/swp\/product\/refectocil-styling-gel-9-ml\/","title":{"rendered":"RefectoCil Styling Gel, 9 ml &#8211; ripsmete ja kulmude v\u00e4rvihooldus- ning kujundusgeel"},"content":{"rendered":"<p>Kulmude ja ripsmete v\u00e4rvihooldus ja kujundamise geel. Hooldus, v\u00e4rvikaitse ja kujundus v\u00e4rvitud kulmudele ja ripsmetele. Ainulaadne Colour Protect tehnoloogia kaitseb v\u00e4rvi. Kulmud ja ripsmed paistavad kauem, nagu \u00e4sja v\u00e4rvitud. D-pantenool seob niiskust karvadesse ja teeb nad l\u00e4ikivateks. Lisaks aitab geel fikseerida kulmu- ja ripsmekarvad soovitud asendisse.<\/p>\n<p><strong><u>Kasutamine:<\/u><\/strong> Kandke iga p\u00e4ev kulmudele ja ripsmetele. V\u00e4limuse v\u00e4rskendamiseks, v\u00f5ib kasutada ka tihedamini.<\/p>\n<p>&nbsp;<\/p>\n<p>&nbsp;<\/p>\n<p>&nbsp;<\/p>\n<p>&nbsp;<\/p>\n","protected":false},"excerpt":{"rendered":"<p>Kulmude ja ripsmete v\u00e4rvihooldus ja kujundamise geel. Hooldus, v\u00e4rvikaitse ja kujundus v\u00e4rvitud kulmudele ja ripsmetele. Ainulaadne Colour Protect tehnoloogia kaitseb v\u00e4rvi. Kulmud ja ripsmed paistavad kauem, nagu \u00e4sja v\u00e4rvitud. D-pantenool seob niiskust karvadesse ja teeb nad l\u00e4ikivateks. Lisaks aitab geel fikseerida kulmu- ja ripsmekarvad soovitud asendisse. Kasutamine: Kandke iga p\u00e4ev kulmudele ja ripsmetele. V\u00e4limuse v\u00e4rskendamiseks, [&hellip;]<\/p>\n","protected":false},"featured_media":4849,"comment_status":"closed","ping_status":"closed","template":"","meta":[],"product_cat":[717,97,268],"product_tag":[],"class_list":{"0":"post-4848","1":"product","2":"type-product","3":"status-publish","4":"has-post-thumbnail","6":"product_cat-refectocil-2","7":"product_cat-nagu-ja-keha","8":"product_cat-refectocil","10":"first","11":"instock","12":"taxable","13":"shipping-taxable","14":"purchasable","15":"product-type-simple"},"_links":{"self":[{"href":"https:\/\/saxsim.ee\/swp\/wp-json\/wp\/v2\/product\/4848"}],"collection":[{"href":"https:\/\/saxsim.ee\/swp\/wp-json\/wp\/v2\/product"}],"about":[{"href":"https:\/\/saxsim.ee\/swp\/wp-json\/wp\/v2\/types\/product"}],"replies":[{"embeddable":true,"href":"https:\/\/saxsim.ee\/swp\/wp-json\/wp\/v2\/comments?post=4848"}],"wp:featuredmedia":[{"embeddable":true,"href":"https:\/\/saxsim.ee\/swp\/wp-json\/wp\/v2\/media\/4849"}],"wp:attachment":[{"href":"https:\/\/saxsim.ee\/swp\/wp-json\/wp\/v2\/media?parent=4848"}],"wp:term":[{"taxonomy":"product_cat","embeddable":true,"href":"https:\/\/saxsim.ee\/swp\/wp-json\/wp\/v2\/product_cat?post=4848"},{"taxonomy":"product_tag","embeddable":true,"href":"https:\/\/saxsim.ee\/swp\/wp-json\/wp\/v2\/product_tag?post=4848"}],"curies":[{"name":"wp","href":"https:\/\/api.w.org\/{rel}","templated":true}]}}