{"id":4776,"date":"2018-06-06T22:11:54","date_gmt":"2018-06-06T19:11:54","guid":{"rendered":"https:\/\/www.saxsim.ee\/?post_type=product&#038;p=4776"},"modified":"2025-07-11T10:24:51","modified_gmt":"2025-07-11T07:24:51","slug":"hairdressers-cutting-collars-pehme-kaelapaber-80-tk","status":"publish","type":"product","link":"https:\/\/saxsim.ee\/swp\/product\/hairdressers-cutting-collars-pehme-kaelapaber-80-tk\/","title":{"rendered":"Hairdressers Cutting Collars &#8211; pehme kaelapaber, 80 tk."},"content":{"rendered":"<p><span id=\"result_box\" class=\"\" lang=\"et\"><span class=\"\">\u00d5hukesest kiudkangast kaelapaber.<\/span><\/span><\/p>\n<p><span id=\"result_box\" class=\"\" lang=\"et\"><span class=\"\">Materjal: 70% viskoos + 30% pol\u00fcester.<\/span><\/span><\/p>\n<p><span id=\"result_box\" class=\"\" lang=\"et\"><span class=\"\">V\u00e4rv: valge.<\/span><\/span><\/p>\n<p><span id=\"result_box\" class=\"\" lang=\"et\"><span class=\"\">Kaal: 50 gsm.<\/span><\/span><\/p>\n<p><span id=\"result_box\" class=\"\" lang=\"et\"><span class=\"\">Suurus: 10 cm x 48 cm<\/span><\/span><\/p>\n<p>Pakis &#8211; 80 tk.<\/p>\n<p>&nbsp;<\/p>\n<p>&nbsp;<\/p>\n<p>&nbsp;<\/p>\n<p>&nbsp;<\/p>\n<p>&nbsp;<\/p>\n<p>&nbsp;<\/p>\n","protected":false},"excerpt":{"rendered":"<p>\u00d5hukesest kiudkangast kaelapaber. Materjal: 70% viskoos + 30% pol\u00fcester. V\u00e4rv: valge. Kaal: 50 gsm. Suurus: 10 cm x 48 cm Pakis &#8211; 80 tk. &nbsp; &nbsp; &nbsp; &nbsp; &nbsp; &nbsp;<\/p>\n","protected":false},"featured_media":4777,"comment_status":"closed","ping_status":"closed","template":"","meta":[],"product_cat":[401,291,594],"product_tag":[],"class_list":{"0":"post-4776","1":"product","2":"type-product","3":"status-publish","4":"has-post-thumbnail","6":"product_cat-juuksuri-tarvikud","7":"product_cat-uhekordsed-tooted","8":"product_cat-kaelapaberid","10":"first","11":"instock","12":"taxable","13":"shipping-taxable","14":"purchasable","15":"product-type-simple"},"_links":{"self":[{"href":"https:\/\/saxsim.ee\/swp\/wp-json\/wp\/v2\/product\/4776"}],"collection":[{"href":"https:\/\/saxsim.ee\/swp\/wp-json\/wp\/v2\/product"}],"about":[{"href":"https:\/\/saxsim.ee\/swp\/wp-json\/wp\/v2\/types\/product"}],"replies":[{"embeddable":true,"href":"https:\/\/saxsim.ee\/swp\/wp-json\/wp\/v2\/comments?post=4776"}],"wp:featuredmedia":[{"embeddable":true,"href":"https:\/\/saxsim.ee\/swp\/wp-json\/wp\/v2\/media\/4777"}],"wp:attachment":[{"href":"https:\/\/saxsim.ee\/swp\/wp-json\/wp\/v2\/media?parent=4776"}],"wp:term":[{"taxonomy":"product_cat","embeddable":true,"href":"https:\/\/saxsim.ee\/swp\/wp-json\/wp\/v2\/product_cat?post=4776"},{"taxonomy":"product_tag","embeddable":true,"href":"https:\/\/saxsim.ee\/swp\/wp-json\/wp\/v2\/product_tag?post=4776"}],"curies":[{"name":"wp","href":"https:\/\/api.w.org\/{rel}","templated":true}]}}