{"id":4614,"date":"2018-03-22T21:27:49","date_gmt":"2018-03-22T19:27:49","guid":{"rendered":"https:\/\/www.saxsim.ee\/?post_type=product&#038;p=4614"},"modified":"2025-07-06T10:11:49","modified_gmt":"2025-07-06T07:11:49","slug":"ds-volume-mousse-300-ml","status":"publish","type":"product","link":"https:\/\/saxsim.ee\/swp\/product\/ds-volume-mousse-300-ml\/","title":{"rendered":"DS Volume Mousse 300 ml. &#8211; tugev soenguvaht"},"content":{"rendered":"<p>L\u00f5hnavaba tugev vaht.\u00a0Annab juustele paindliku toe, lisab vol\u00fc\u00fcmi ning juuksed tunduvad tihedamad. V\u00f5imendab juuste loomulikku s\u00e4ra ja eemaldab juustest staatilise elektri.\u00a0UV-kaitse hoiab \u00e4ra juuksev\u00e4rvi tuhmumise.<\/p>\n<p><strong><u>Kasutamine:<\/u><\/strong>\u00a0Enne kasutamist raputa.\u00a0Kanna r\u00e4tikukuivadesse juustesse ja kuivata f\u00f6\u00f6niga v\u00f5i viimistle vastavalt oma soovile.<\/p>\n","protected":false},"excerpt":{"rendered":"<p>L\u00f5hnavaba tugev vaht.\u00a0Annab juustele paindliku toe, lisab vol\u00fc\u00fcmi ning juuksed tunduvad tihedamad. V\u00f5imendab juuste loomulikku s\u00e4ra ja eemaldab juustest staatilise elektri.\u00a0UV-kaitse hoiab \u00e4ra juuksev\u00e4rvi tuhmumise. Kasutamine:\u00a0Enne kasutamist raputa.\u00a0Kanna r\u00e4tikukuivadesse juustesse ja kuivata f\u00f6\u00f6niga v\u00f5i viimistle vastavalt oma soovile.<\/p>\n","protected":false},"featured_media":4615,"comment_status":"closed","ping_status":"closed","template":"","meta":[],"product_cat":[728,395,682],"product_tag":[],"class_list":{"0":"post-4614","1":"product","2":"type-product","3":"status-publish","4":"has-post-thumbnail","6":"product_cat-ds","7":"product_cat-juuksed","8":"product_cat-juuksevahud","10":"first","11":"instock","12":"taxable","13":"shipping-taxable","14":"purchasable","15":"product-type-simple"},"_links":{"self":[{"href":"https:\/\/saxsim.ee\/swp\/wp-json\/wp\/v2\/product\/4614"}],"collection":[{"href":"https:\/\/saxsim.ee\/swp\/wp-json\/wp\/v2\/product"}],"about":[{"href":"https:\/\/saxsim.ee\/swp\/wp-json\/wp\/v2\/types\/product"}],"replies":[{"embeddable":true,"href":"https:\/\/saxsim.ee\/swp\/wp-json\/wp\/v2\/comments?post=4614"}],"wp:featuredmedia":[{"embeddable":true,"href":"https:\/\/saxsim.ee\/swp\/wp-json\/wp\/v2\/media\/4615"}],"wp:attachment":[{"href":"https:\/\/saxsim.ee\/swp\/wp-json\/wp\/v2\/media?parent=4614"}],"wp:term":[{"taxonomy":"product_cat","embeddable":true,"href":"https:\/\/saxsim.ee\/swp\/wp-json\/wp\/v2\/product_cat?post=4614"},{"taxonomy":"product_tag","embeddable":true,"href":"https:\/\/saxsim.ee\/swp\/wp-json\/wp\/v2\/product_tag?post=4614"}],"curies":[{"name":"wp","href":"https:\/\/api.w.org\/{rel}","templated":true}]}}