{"id":4580,"date":"2018-03-19T21:51:11","date_gmt":"2018-03-19T19:51:11","guid":{"rendered":"https:\/\/www.saxsim.ee\/?post_type=product&#038;p=4580"},"modified":"2022-11-25T09:36:31","modified_gmt":"2022-11-25T07:36:31","slug":"wako-crinkle-cape-black-w-buttons-loikuslina","status":"publish","type":"product","link":"https:\/\/saxsim.ee\/swp\/product\/wako-crinkle-cape-black-w-buttons-loikuslina\/","title":{"rendered":"Wako Crinkle Cape, black w. buttons &#8211; l\u00f5ikuslina"},"content":{"rendered":"<p>Vastupidavast\u00a0kangast, v\u00e4ga kerge, kvaliteetne\u00a0l\u00f5ikuslina.<\/p>\n<p>Suurus &#8211; 135*150 cm.<\/p>\n<p>Kinnitus &#8211; trukkidega<\/p>\n<p>Kaeluse max. \u00fcmberm\u00f5\u00f5t &#8211; 54 cm.<\/p>\n<p>Materjal &#8211; vetth\u00fclgav, 100% \u00a0nailon<\/p>\n<p>K\u00e4eavadeta<\/p>\n<p><strong>Hooldus:<\/strong><\/p>\n<p>masinpesu madalal temperatuuril<\/p>\n<p>kuivatada soovitavalt n\u00f6\u00f6ril. Trummelkuivatus ainult madalatel p\u00f6\u00f6retel!<\/p>\n<p>pesemisel \u00e4rge kunagi kasutage vedelaid valgendusvahendeid!<\/p>\n<p>&nbsp;<\/p>\n","protected":false},"excerpt":{"rendered":"<p>Vastupidavast\u00a0kangast, v\u00e4ga kerge, kvaliteetne\u00a0l\u00f5ikuslina. Suurus &#8211; 135*150 cm. Kinnitus &#8211; trukkidega Kaeluse max. \u00fcmberm\u00f5\u00f5t &#8211; 54 cm. Materjal &#8211; vetth\u00fclgav, 100% \u00a0nailon K\u00e4eavadeta Hooldus: masinpesu madalal temperatuuril kuivatada soovitavalt n\u00f6\u00f6ril. Trummelkuivatus ainult madalatel p\u00f6\u00f6retel! pesemisel \u00e4rge kunagi kasutage vedelaid valgendusvahendeid! &nbsp;<\/p>\n","protected":false},"featured_media":4581,"comment_status":"closed","ping_status":"closed","template":"","meta":[],"product_cat":[716,401,296],"product_tag":[],"class_list":{"0":"post-4580","1":"product","2":"type-product","3":"status-publish","4":"has-post-thumbnail","6":"product_cat-wako","7":"product_cat-juuksuri-tarvikud","8":"product_cat-loikus-ja-varvilinad","10":"first","11":"instock","12":"taxable","13":"shipping-taxable","14":"purchasable","15":"product-type-simple"},"_links":{"self":[{"href":"https:\/\/saxsim.ee\/swp\/wp-json\/wp\/v2\/product\/4580"}],"collection":[{"href":"https:\/\/saxsim.ee\/swp\/wp-json\/wp\/v2\/product"}],"about":[{"href":"https:\/\/saxsim.ee\/swp\/wp-json\/wp\/v2\/types\/product"}],"replies":[{"embeddable":true,"href":"https:\/\/saxsim.ee\/swp\/wp-json\/wp\/v2\/comments?post=4580"}],"wp:featuredmedia":[{"embeddable":true,"href":"https:\/\/saxsim.ee\/swp\/wp-json\/wp\/v2\/media\/4581"}],"wp:attachment":[{"href":"https:\/\/saxsim.ee\/swp\/wp-json\/wp\/v2\/media?parent=4580"}],"wp:term":[{"taxonomy":"product_cat","embeddable":true,"href":"https:\/\/saxsim.ee\/swp\/wp-json\/wp\/v2\/product_cat?post=4580"},{"taxonomy":"product_tag","embeddable":true,"href":"https:\/\/saxsim.ee\/swp\/wp-json\/wp\/v2\/product_tag?post=4580"}],"curies":[{"name":"wp","href":"https:\/\/api.w.org\/{rel}","templated":true}]}}