{"id":4447,"date":"2018-02-06T13:32:40","date_gmt":"2018-02-06T11:32:40","guid":{"rendered":"https:\/\/www.saxsim.ee\/?post_type=product&#038;p=4447"},"modified":"2025-07-07T07:33:50","modified_gmt":"2025-07-07T04:33:50","slug":"ds-volume-shampoo-250-ml","status":"publish","type":"product","link":"https:\/\/saxsim.ee\/swp\/product\/ds-volume-shampoo-250-ml\/","title":{"rendered":"DS Volume Shampoo 250 ml. &#8211; tihendav \u0161ampoon \u00f5hukestele ja v\u00e4rvitud juustele"},"content":{"rendered":"<p>L\u00f5hnastamata,\u00a0<span id=\"result_box\" class=\"short_text\" lang=\"et\"><span class=\"\">tihendav <\/span><\/span>\u0161ampoon \u00f5hukestele\u00a0ja v\u00e4rvitud juustele.\u00a0Kerge koostisega \u0161ampoon niisutab ja taaselustab juukseid. Annab juustele vol\u00fc\u00fcmi ja kauni l\u00e4ike.\u00a0<span id=\"result_box\" class=\"\" lang=\"et\"><span class=\"\">Peale pesu tunduvad juuksed kergemad ja kohevamad.<\/span> <span class=\"\">Sisaldab UV-kaitset.<\/span><br \/>\n<\/span><\/p>\n<p><strong><u>Kasutamine:<\/u><\/strong>\u00a0Kanna\u00a0\u0161ampoon niisketesse juustesse, aja vahule ja loputa hoolikalt.<\/p>\n<p>pH: 6,0<\/p>\n<p><strong>DS Volume Shampoo on\u00a0dermatoloogiliselt\u00a0testitud tundlikul nahal.<\/strong><\/p>\n<p>DS Volume Shampoo on saadaval ka suurustes 50 ml. ja 1000 ml.<\/p>\n","protected":false},"excerpt":{"rendered":"<p>L\u00f5hnastamata,\u00a0tihendav \u0161ampoon \u00f5hukestele\u00a0ja v\u00e4rvitud juustele.\u00a0Kerge koostisega \u0161ampoon niisutab ja taaselustab juukseid. Annab juustele vol\u00fc\u00fcmi ja kauni l\u00e4ike.\u00a0Peale pesu tunduvad juuksed kergemad ja kohevamad. Sisaldab UV-kaitset. Kasutamine:\u00a0Kanna\u00a0\u0161ampoon niisketesse juustesse, aja vahule ja loputa hoolikalt. pH: 6,0 DS Volume Shampoo on\u00a0dermatoloogiliselt\u00a0testitud tundlikul nahal. DS Volume Shampoo on saadaval ka suurustes 50 ml. ja 1000 ml.<\/p>\n","protected":false},"featured_media":4448,"comment_status":"closed","ping_status":"closed","template":"","meta":[],"product_cat":[728,395,659],"product_tag":[],"class_list":{"0":"post-4447","1":"product","2":"type-product","3":"status-publish","4":"has-post-thumbnail","6":"product_cat-ds","7":"product_cat-juuksed","8":"product_cat-sampoonid","10":"first","11":"instock","12":"taxable","13":"shipping-taxable","14":"purchasable","15":"product-type-simple"},"_links":{"self":[{"href":"https:\/\/saxsim.ee\/swp\/wp-json\/wp\/v2\/product\/4447"}],"collection":[{"href":"https:\/\/saxsim.ee\/swp\/wp-json\/wp\/v2\/product"}],"about":[{"href":"https:\/\/saxsim.ee\/swp\/wp-json\/wp\/v2\/types\/product"}],"replies":[{"embeddable":true,"href":"https:\/\/saxsim.ee\/swp\/wp-json\/wp\/v2\/comments?post=4447"}],"wp:featuredmedia":[{"embeddable":true,"href":"https:\/\/saxsim.ee\/swp\/wp-json\/wp\/v2\/media\/4448"}],"wp:attachment":[{"href":"https:\/\/saxsim.ee\/swp\/wp-json\/wp\/v2\/media?parent=4447"}],"wp:term":[{"taxonomy":"product_cat","embeddable":true,"href":"https:\/\/saxsim.ee\/swp\/wp-json\/wp\/v2\/product_cat?post=4447"},{"taxonomy":"product_tag","embeddable":true,"href":"https:\/\/saxsim.ee\/swp\/wp-json\/wp\/v2\/product_tag?post=4447"}],"curies":[{"name":"wp","href":"https:\/\/api.w.org\/{rel}","templated":true}]}}