{"id":3945,"date":"2017-06-12T15:51:38","date_gmt":"2017-06-12T12:51:38","guid":{"rendered":"https:\/\/www.saxsim.ee\/?post_type=product&#038;p=3945"},"modified":"2026-02-24T10:44:57","modified_gmt":"2026-02-24T08:44:57","slug":"synthetic-hair-bun-s-must-soengutaidis-73-mm","status":"publish","type":"product","link":"https:\/\/saxsim.ee\/swp\/product\/synthetic-hair-bun-s-must-soengutaidis-73-mm\/","title":{"rendered":"Synthetic Hair Bun, S &#8211; must soengut\u00e4idis 73 mm."},"content":{"rendered":"<p>S\u00fcnteetiline, \u00fcmar\u00a0soengut\u00e4idis.<\/p>\n<p>&nbsp;<\/p>\n<p>&nbsp;<\/p>\n<p>&nbsp;<\/p>\n<p>&nbsp;<\/p>\n","protected":false},"excerpt":{"rendered":"<p>S\u00fcnteetiline, \u00fcmar\u00a0soengut\u00e4idis. &nbsp; &nbsp; &nbsp; &nbsp;<\/p>\n","protected":false},"featured_media":3946,"comment_status":"closed","ping_status":"closed","template":"","meta":[],"product_cat":[401,175,607],"product_tag":[],"class_list":{"0":"post-3945","1":"product","2":"type-product","3":"status-publish","4":"has-post-thumbnail","6":"product_cat-juuksuri-tarvikud","7":"product_cat-soenguvahendid","8":"product_cat-soengutaidised","10":"first","11":"instock","12":"taxable","13":"shipping-taxable","14":"purchasable","15":"product-type-simple"},"_links":{"self":[{"href":"https:\/\/saxsim.ee\/swp\/wp-json\/wp\/v2\/product\/3945"}],"collection":[{"href":"https:\/\/saxsim.ee\/swp\/wp-json\/wp\/v2\/product"}],"about":[{"href":"https:\/\/saxsim.ee\/swp\/wp-json\/wp\/v2\/types\/product"}],"replies":[{"embeddable":true,"href":"https:\/\/saxsim.ee\/swp\/wp-json\/wp\/v2\/comments?post=3945"}],"wp:featuredmedia":[{"embeddable":true,"href":"https:\/\/saxsim.ee\/swp\/wp-json\/wp\/v2\/media\/3946"}],"wp:attachment":[{"href":"https:\/\/saxsim.ee\/swp\/wp-json\/wp\/v2\/media?parent=3945"}],"wp:term":[{"taxonomy":"product_cat","embeddable":true,"href":"https:\/\/saxsim.ee\/swp\/wp-json\/wp\/v2\/product_cat?post=3945"},{"taxonomy":"product_tag","embeddable":true,"href":"https:\/\/saxsim.ee\/swp\/wp-json\/wp\/v2\/product_tag?post=3945"}],"curies":[{"name":"wp","href":"https:\/\/api.w.org\/{rel}","templated":true}]}}