{"id":3783,"date":"2017-05-30T22:11:24","date_gmt":"2017-05-30T19:11:24","guid":{"rendered":"https:\/\/www.saxsim.ee\/?post_type=product&#038;p=3783"},"modified":"2025-08-06T20:10:57","modified_gmt":"2025-08-06T17:10:57","slug":"panasonic-er-gp80-loikusmasin","status":"publish","type":"product","link":"https:\/\/saxsim.ee\/swp\/product\/panasonic-er-gp80-loikusmasin\/","title":{"rendered":"Panasonic ER-GP80 &#8211; juuksel\u00f5ikusmasin"},"content":{"rendered":"<p>V\u00f5imsa lineaarmootoriga, vaikne, juhtmega\/juhtmeta juuksel\u00f5ikusmasin n\u00f5udlikule professionaalile.\u00a0 Seade on ergonoomiliselt vormitud ja k\u00e4epide on libisemisvastase kattega, mis tagab kindla haarde.<\/p>\n<p><strong>Tehnilised andmed:<\/strong><\/p>\n<p>akutoitel t\u00f6\u00f6tab &#8211; 50 min.<br \/>\naku laadimisaeg &#8211; 60 min.<br \/>\nl\u00f5iketera pikkuse reguleerimine (0,8 &#8211; 2 mm.)<br \/>\nkaal &#8211; 245 g.<br \/>\njuhe &#8211; 3 m.<br \/>\nindikaatortuled\u00a0aku laetusastme kuvamiseks<\/p>\n<p><strong>Komplektis:<\/strong><\/p>\n<p>1 s\u00fcsinik-titaankattega l\u00f5ikustera ( laius &#8211; 43 mm. )<br \/>\n3 erinevat l\u00f5ikustalda ( 3\/4 mm., 6\/9 mm., 12\/15 mm. )<br \/>\nlaadimisalus koos juhtmega<br \/>\npuhastushari<br \/>\nmasina\u00f5li<\/p>\n","protected":false},"excerpt":{"rendered":"<p>V\u00f5imsa lineaarmootoriga, vaikne, juhtmega\/juhtmeta juuksel\u00f5ikusmasin n\u00f5udlikule professionaalile.\u00a0 Seade on ergonoomiliselt vormitud ja k\u00e4epide on libisemisvastase kattega, mis tagab kindla haarde. Tehnilised andmed: akutoitel t\u00f6\u00f6tab &#8211; 50 min. aku laadimisaeg &#8211; 60 min. l\u00f5iketera pikkuse reguleerimine (0,8 &#8211; 2 mm.) kaal &#8211; 245 g. juhe &#8211; 3 m. indikaatortuled\u00a0aku laetusastme kuvamiseks Komplektis: 1 s\u00fcsinik-titaankattega l\u00f5ikustera ( [&hellip;]<\/p>\n","protected":false},"featured_media":3784,"comment_status":"closed","ping_status":"closed","template":"","meta":[],"product_cat":[669,401,280,286],"product_tag":[],"class_list":{"0":"post-3783","1":"product","2":"type-product","3":"status-publish","4":"has-post-thumbnail","6":"product_cat-panasonic","7":"product_cat-juuksuri-tarvikud","8":"product_cat-elektrilised-toovahendid","9":"product_cat-loikusmasinad-ja-trimmerid","11":"first","12":"instock","13":"taxable","14":"shipping-taxable","15":"purchasable","16":"product-type-simple"},"_links":{"self":[{"href":"https:\/\/saxsim.ee\/swp\/wp-json\/wp\/v2\/product\/3783"}],"collection":[{"href":"https:\/\/saxsim.ee\/swp\/wp-json\/wp\/v2\/product"}],"about":[{"href":"https:\/\/saxsim.ee\/swp\/wp-json\/wp\/v2\/types\/product"}],"replies":[{"embeddable":true,"href":"https:\/\/saxsim.ee\/swp\/wp-json\/wp\/v2\/comments?post=3783"}],"wp:featuredmedia":[{"embeddable":true,"href":"https:\/\/saxsim.ee\/swp\/wp-json\/wp\/v2\/media\/3784"}],"wp:attachment":[{"href":"https:\/\/saxsim.ee\/swp\/wp-json\/wp\/v2\/media?parent=3783"}],"wp:term":[{"taxonomy":"product_cat","embeddable":true,"href":"https:\/\/saxsim.ee\/swp\/wp-json\/wp\/v2\/product_cat?post=3783"},{"taxonomy":"product_tag","embeddable":true,"href":"https:\/\/saxsim.ee\/swp\/wp-json\/wp\/v2\/product_tag?post=3783"}],"curies":[{"name":"wp","href":"https:\/\/api.w.org\/{rel}","templated":true}]}}