{"id":3214,"date":"2017-04-19T13:03:58","date_gmt":"2017-04-19T10:03:58","guid":{"rendered":"https:\/\/www.saxsim.ee\/swp\/?post_type=product&#038;p=3214"},"modified":"2017-05-30T20:58:16","modified_gmt":"2017-05-30T17:58:16","slug":"tool-case-in-leather-look-toovahendite-kott","status":"publish","type":"product","link":"https:\/\/saxsim.ee\/swp\/product\/tool-case-in-leather-look-toovahendite-kott\/","title":{"rendered":"Tool Case in Leather Look &#8211; t\u00f6\u00f6vahendite kott"},"content":{"rendered":"<p>\u00dcmmarguse kujuga, mahukas, lukustatav t\u00f6\u00f6vahendite kott. Koti pind on valmistatud kergesti puhastatavast materjalist.<\/p>\n<p>M\u00f5\u00f5dud &#8211; 29*36*20 cm.<\/p>\n<p>V\u00e4rv &#8211; must.<\/p>\n<p>&nbsp;<\/p>\n","protected":false},"excerpt":{"rendered":"<p>\u00dcmmarguse kujuga, mahukas, lukustatav t\u00f6\u00f6vahendite kott. Koti pind on valmistatud kergesti puhastatavast materjalist. M\u00f5\u00f5dud &#8211; 29*36*20 cm. V\u00e4rv &#8211; must. &nbsp;<\/p>\n","protected":false},"featured_media":3215,"comment_status":"closed","ping_status":"closed","template":"","meta":[],"product_cat":[577,590,401,313],"product_tag":[],"class_list":{"0":"post-3214","1":"product","2":"type-product","3":"status-publish","4":"has-post-thumbnail","6":"product_cat-iluteenindaja-tarvikud","7":"product_cat-kohvrid-ja-kotid-iluteenindaja-tarvikud","8":"product_cat-juuksuri-tarvikud","9":"product_cat-kohvrid-ja-kotid","11":"first","12":"instock","13":"taxable","14":"shipping-taxable","15":"purchasable","16":"product-type-simple"},"_links":{"self":[{"href":"https:\/\/saxsim.ee\/swp\/wp-json\/wp\/v2\/product\/3214"}],"collection":[{"href":"https:\/\/saxsim.ee\/swp\/wp-json\/wp\/v2\/product"}],"about":[{"href":"https:\/\/saxsim.ee\/swp\/wp-json\/wp\/v2\/types\/product"}],"replies":[{"embeddable":true,"href":"https:\/\/saxsim.ee\/swp\/wp-json\/wp\/v2\/comments?post=3214"}],"wp:featuredmedia":[{"embeddable":true,"href":"https:\/\/saxsim.ee\/swp\/wp-json\/wp\/v2\/media\/3215"}],"wp:attachment":[{"href":"https:\/\/saxsim.ee\/swp\/wp-json\/wp\/v2\/media?parent=3214"}],"wp:term":[{"taxonomy":"product_cat","embeddable":true,"href":"https:\/\/saxsim.ee\/swp\/wp-json\/wp\/v2\/product_cat?post=3214"},{"taxonomy":"product_tag","embeddable":true,"href":"https:\/\/saxsim.ee\/swp\/wp-json\/wp\/v2\/product_tag?post=3214"}],"curies":[{"name":"wp","href":"https:\/\/api.w.org\/{rel}","templated":true}]}}