{"id":3211,"date":"2017-04-19T12:38:59","date_gmt":"2017-04-19T09:38:59","guid":{"rendered":"https:\/\/www.saxsim.ee\/swp\/?post_type=product&#038;p=3211"},"modified":"2025-12-12T09:07:55","modified_gmt":"2025-12-12T07:07:55","slug":"quartz-tool-sterilizer-macrostop-sterilisaator","status":"publish","type":"product","link":"https:\/\/saxsim.ee\/swp\/product\/quartz-tool-sterilizer-macrostop-sterilisaator\/","title":{"rendered":"Quartz Tool Sterilizer, MacroStop &#8211; sterilisaator"},"content":{"rendered":"<p>K\u00f5rgel temperatuuril ( kuni 250\u00b0C ) t\u00f6\u00f6tav, kvartskuulidega sterilisaator metallist t\u00f6\u00f6riistadele. V\u00e4ltimatu t\u00f6\u00f6vahend juuksuri- ja kosmeetikasalongides, et tagada absoluutne h\u00fcgieen ja v\u00e4ltida klientide ja t\u00f6\u00f6tajate nakatumist pisikutega.<\/p>\n<p>V\u00f5imsus &#8211; 75 W<\/p>\n<p>Kasutamine &#8211; aseta metallist t\u00f6\u00f6vahendid 30 sek. sterilisaatorisse ja lase jahtuda normaaltemperatuurini.<\/p>\n","protected":false},"excerpt":{"rendered":"<p>K\u00f5rgel temperatuuril ( kuni 250\u00b0C ) t\u00f6\u00f6tav, kvartskuulidega sterilisaator metallist t\u00f6\u00f6riistadele. V\u00e4ltimatu t\u00f6\u00f6vahend juuksuri- ja kosmeetikasalongides, et tagada absoluutne h\u00fcgieen ja v\u00e4ltida klientide ja t\u00f6\u00f6tajate nakatumist pisikutega. V\u00f5imsus &#8211; 75 W Kasutamine &#8211; aseta metallist t\u00f6\u00f6vahendid 30 sek. sterilisaatorisse ja lase jahtuda normaaltemperatuurini.<\/p>\n","protected":false},"featured_media":3212,"comment_status":"closed","ping_status":"closed","template":"","meta":[],"product_cat":[400,591,577],"product_tag":[],"class_list":{"0":"post-3211","1":"product","2":"type-product","3":"status-publish","4":"has-post-thumbnail","6":"product_cat-ilusalongi-sisustus","7":"product_cat-sterilisaatorid-ilusalongi-sisustus","8":"product_cat-iluteenindaja-tarvikud","10":"first","11":"instock","12":"taxable","13":"shipping-taxable","14":"purchasable","15":"product-type-simple"},"_links":{"self":[{"href":"https:\/\/saxsim.ee\/swp\/wp-json\/wp\/v2\/product\/3211"}],"collection":[{"href":"https:\/\/saxsim.ee\/swp\/wp-json\/wp\/v2\/product"}],"about":[{"href":"https:\/\/saxsim.ee\/swp\/wp-json\/wp\/v2\/types\/product"}],"replies":[{"embeddable":true,"href":"https:\/\/saxsim.ee\/swp\/wp-json\/wp\/v2\/comments?post=3211"}],"wp:featuredmedia":[{"embeddable":true,"href":"https:\/\/saxsim.ee\/swp\/wp-json\/wp\/v2\/media\/3212"}],"wp:attachment":[{"href":"https:\/\/saxsim.ee\/swp\/wp-json\/wp\/v2\/media?parent=3211"}],"wp:term":[{"taxonomy":"product_cat","embeddable":true,"href":"https:\/\/saxsim.ee\/swp\/wp-json\/wp\/v2\/product_cat?post=3211"},{"taxonomy":"product_tag","embeddable":true,"href":"https:\/\/saxsim.ee\/swp\/wp-json\/wp\/v2\/product_tag?post=3211"}],"curies":[{"name":"wp","href":"https:\/\/api.w.org\/{rel}","templated":true}]}}