{"id":3135,"date":"2017-04-17T10:26:45","date_gmt":"2017-04-17T07:26:45","guid":{"rendered":"https:\/\/www.saxsim.ee\/swp\/?post_type=product&#038;p=3135"},"modified":"2025-08-22T19:11:17","modified_gmt":"2025-08-22T16:11:17","slug":"paper-towel-paberratikud-2","status":"publish","type":"product","link":"https:\/\/saxsim.ee\/swp\/product\/paper-towel-paberratikud-2\/","title":{"rendered":"Paper Towel 40\u00d778 &#8211; paberr\u00e4tikud"},"content":{"rendered":"<p>V\u00e4ga hea imavusega kvaliteetne paberr\u00e4tik sissepressitud mustriga. Sobib kasutamiseks nii juuksurile, kui ka kosmeetikule.<\/p>\n<p>M\u00f5\u00f5dud &#8211; 40*78 cm.<\/p>\n<p>Pakis &#8211; u. 100 tk.<\/p>\n<p>Valmistatud &#8211; Soomes<\/p>\n<p>&nbsp;<\/p>\n<p>&nbsp;<\/p>\n<p>&nbsp;<\/p>\n","protected":false},"excerpt":{"rendered":"<p>V\u00e4ga hea imavusega kvaliteetne paberr\u00e4tik sissepressitud mustriga. Sobib kasutamiseks nii juuksurile, kui ka kosmeetikule. M\u00f5\u00f5dud &#8211; 40*78 cm. Pakis &#8211; u. 100 tk. Valmistatud &#8211; Soomes &nbsp; &nbsp; &nbsp;<\/p>\n","protected":false},"featured_media":3134,"comment_status":"closed","ping_status":"closed","template":"","meta":[],"product_cat":[577,583,401,291,346],"product_tag":[],"class_list":{"0":"post-3135","1":"product","2":"type-product","3":"status-publish","4":"has-post-thumbnail","6":"product_cat-iluteenindaja-tarvikud","7":"product_cat-uhekordsed-tooted-iluteenindaja-tarvikud","8":"product_cat-juuksuri-tarvikud","9":"product_cat-uhekordsed-tooted","10":"product_cat-uhekordsed-ratikud","12":"first","13":"instock","14":"taxable","15":"shipping-taxable","16":"purchasable","17":"product-type-simple"},"_links":{"self":[{"href":"https:\/\/saxsim.ee\/swp\/wp-json\/wp\/v2\/product\/3135"}],"collection":[{"href":"https:\/\/saxsim.ee\/swp\/wp-json\/wp\/v2\/product"}],"about":[{"href":"https:\/\/saxsim.ee\/swp\/wp-json\/wp\/v2\/types\/product"}],"replies":[{"embeddable":true,"href":"https:\/\/saxsim.ee\/swp\/wp-json\/wp\/v2\/comments?post=3135"}],"wp:featuredmedia":[{"embeddable":true,"href":"https:\/\/saxsim.ee\/swp\/wp-json\/wp\/v2\/media\/3134"}],"wp:attachment":[{"href":"https:\/\/saxsim.ee\/swp\/wp-json\/wp\/v2\/media?parent=3135"}],"wp:term":[{"taxonomy":"product_cat","embeddable":true,"href":"https:\/\/saxsim.ee\/swp\/wp-json\/wp\/v2\/product_cat?post=3135"},{"taxonomy":"product_tag","embeddable":true,"href":"https:\/\/saxsim.ee\/swp\/wp-json\/wp\/v2\/product_tag?post=3135"}],"curies":[{"name":"wp","href":"https:\/\/api.w.org\/{rel}","templated":true}]}}