{"id":3102,"date":"2017-04-16T21:22:22","date_gmt":"2017-04-16T18:22:22","guid":{"rendered":"https:\/\/www.saxsim.ee\/swp\/?post_type=product&#038;p=3102"},"modified":"2019-01-09T13:33:08","modified_gmt":"2019-01-09T11:33:08","slug":"argan-care-brush-juuksehari","status":"publish","type":"product","link":"https:\/\/saxsim.ee\/swp\/product\/argan-care-brush-juuksehari\/","title":{"rendered":"Argan Care Brush &#8211; juuksehari"},"content":{"rendered":"<p>Naturaalsete harjastega ja nailonpiidega kvaliteetne Argan Care juuksehari on ainulaadne juuksehari juuste silumiseks. Naturaalsed harjased on\u00a045-kraadise nurga all, mis teevad juuksed eriti l\u00e4ikivateks ja harutavad lahti k\u00f5ige raskemad pusad.<\/p>\n<p>Ideaalne professionaalseks kasutamiseks.<\/p>\n<p>M\u00fc\u00fcgil ainult\u00a0ilusalongides.<\/p>\n<p>&nbsp;<\/p>\n","protected":false},"excerpt":{"rendered":"<p>Naturaalsete harjastega ja nailonpiidega kvaliteetne Argan Care juuksehari on ainulaadne juuksehari juuste silumiseks. Naturaalsed harjased on\u00a045-kraadise nurga all, mis teevad juuksed eriti l\u00e4ikivateks ja harutavad lahti k\u00f5ige raskemad pusad. Ideaalne professionaalseks kasutamiseks. M\u00fc\u00fcgil ainult\u00a0ilusalongides. &nbsp;<\/p>\n","protected":false},"featured_media":3105,"comment_status":"closed","ping_status":"closed","template":"","meta":[],"product_cat":[727,395,401,172,397],"product_tag":[],"class_list":{"0":"post-3102","1":"product","2":"type-product","3":"status-publish","4":"has-post-thumbnail","6":"product_cat-argan-care","7":"product_cat-juuksed","8":"product_cat-juuksuri-tarvikud","9":"product_cat-juukseharjad","10":"product_cat-lapikud-juukseharjad","12":"first","13":"instock","14":"taxable","15":"shipping-taxable","16":"purchasable","17":"product-type-simple"},"_links":{"self":[{"href":"https:\/\/saxsim.ee\/swp\/wp-json\/wp\/v2\/product\/3102"}],"collection":[{"href":"https:\/\/saxsim.ee\/swp\/wp-json\/wp\/v2\/product"}],"about":[{"href":"https:\/\/saxsim.ee\/swp\/wp-json\/wp\/v2\/types\/product"}],"replies":[{"embeddable":true,"href":"https:\/\/saxsim.ee\/swp\/wp-json\/wp\/v2\/comments?post=3102"}],"wp:featuredmedia":[{"embeddable":true,"href":"https:\/\/saxsim.ee\/swp\/wp-json\/wp\/v2\/media\/3105"}],"wp:attachment":[{"href":"https:\/\/saxsim.ee\/swp\/wp-json\/wp\/v2\/media?parent=3102"}],"wp:term":[{"taxonomy":"product_cat","embeddable":true,"href":"https:\/\/saxsim.ee\/swp\/wp-json\/wp\/v2\/product_cat?post=3102"},{"taxonomy":"product_tag","embeddable":true,"href":"https:\/\/saxsim.ee\/swp\/wp-json\/wp\/v2\/product_tag?post=3102"}],"curies":[{"name":"wp","href":"https:\/\/api.w.org\/{rel}","templated":true}]}}