{"id":2976,"date":"2017-04-13T22:59:03","date_gmt":"2017-04-13T19:59:03","guid":{"rendered":"https:\/\/www.saxsim.ee\/swp\/?post_type=product&#038;p=2976"},"modified":"2025-01-17T14:02:04","modified_gmt":"2025-01-17T12:02:04","slug":"notebook-luxe-registreerimisraamat","status":"publish","type":"product","link":"https:\/\/saxsim.ee\/swp\/product\/notebook-luxe-registreerimisraamat\/","title":{"rendered":"Notebook, Luxe &#8211; registreerimisraamat"},"content":{"rendered":"<p>Tugevdatud kaantega\u00a0registreerimisraamat.<\/p>\n<p>&#8211; 200 lk.<br \/>\n&#8211; tugevdatud kaaned<br \/>\n&#8211; \u00fchel A4 lehek\u00fcljel 4 tulpa<br \/>\n&#8211; \u00fclemine lahter kuup\u00e4eva jaoks<br \/>\n&#8211; j\u00e4rgmine lahter t\u00f6\u00f6taja nime jaoks<br \/>\n&#8211; kellaajad: 8.00 &#8211; 20.30<\/p>\n","protected":false},"excerpt":{"rendered":"<p>Tugevdatud kaantega\u00a0registreerimisraamat. &#8211; 200 lk. &#8211; tugevdatud kaaned &#8211; \u00fchel A4 lehek\u00fcljel 4 tulpa &#8211; \u00fclemine lahter kuup\u00e4eva jaoks &#8211; j\u00e4rgmine lahter t\u00f6\u00f6taja nime jaoks &#8211; kellaajad: 8.00 &#8211; 20.30<\/p>\n","protected":false},"featured_media":2977,"comment_status":"closed","ping_status":"closed","template":"","meta":[],"product_cat":[368,577,597,401],"product_tag":[],"class_list":{"0":"post-2976","1":"product","2":"type-product","3":"status-publish","4":"has-post-thumbnail","6":"product_cat-registreerimisraamatud","7":"product_cat-iluteenindaja-tarvikud","8":"product_cat-registreerimisraamatud-iluteenindaja-tarvikud","9":"product_cat-juuksuri-tarvikud","11":"first","12":"instock","13":"taxable","14":"shipping-taxable","15":"purchasable","16":"product-type-simple"},"_links":{"self":[{"href":"https:\/\/saxsim.ee\/swp\/wp-json\/wp\/v2\/product\/2976"}],"collection":[{"href":"https:\/\/saxsim.ee\/swp\/wp-json\/wp\/v2\/product"}],"about":[{"href":"https:\/\/saxsim.ee\/swp\/wp-json\/wp\/v2\/types\/product"}],"replies":[{"embeddable":true,"href":"https:\/\/saxsim.ee\/swp\/wp-json\/wp\/v2\/comments?post=2976"}],"wp:featuredmedia":[{"embeddable":true,"href":"https:\/\/saxsim.ee\/swp\/wp-json\/wp\/v2\/media\/2977"}],"wp:attachment":[{"href":"https:\/\/saxsim.ee\/swp\/wp-json\/wp\/v2\/media?parent=2976"}],"wp:term":[{"taxonomy":"product_cat","embeddable":true,"href":"https:\/\/saxsim.ee\/swp\/wp-json\/wp\/v2\/product_cat?post=2976"},{"taxonomy":"product_tag","embeddable":true,"href":"https:\/\/saxsim.ee\/swp\/wp-json\/wp\/v2\/product_tag?post=2976"}],"curies":[{"name":"wp","href":"https:\/\/api.w.org\/{rel}","templated":true}]}}