{"id":2941,"date":"2017-04-13T19:57:45","date_gmt":"2017-04-13T16:57:45","guid":{"rendered":"https:\/\/www.saxsim.ee\/swp\/?post_type=product&#038;p=2941"},"modified":"2017-05-31T00:25:38","modified_gmt":"2017-05-30T21:25:38","slug":"equipment-holster-belt-3-vookott","status":"publish","type":"product","link":"https:\/\/saxsim.ee\/swp\/product\/equipment-holster-belt-3-vookott\/","title":{"rendered":"Equipment Holster, Belt 3 &#8211; v\u00f6\u00f6kott"},"content":{"rendered":"<p>V\u00f6\u00f6kott k\u00e4\u00e4ridele + lahter kammidele v\u00f5i teistele t\u00f6\u00f6vahenditele + lukuga lisalahter.<\/p>\n<p>M\u00f5\u00f5dud &#8211; 19*25 cm.<\/p>\n<p>*Tarvikud ei kuulu toote juurde!<\/p>\n<p>&nbsp;<\/p>\n","protected":false},"excerpt":{"rendered":"<p>V\u00f6\u00f6kott k\u00e4\u00e4ridele + lahter kammidele v\u00f5i teistele t\u00f6\u00f6vahenditele + lukuga lisalahter. M\u00f5\u00f5dud &#8211; 19*25 cm. *Tarvikud ei kuulu toote juurde! &nbsp;<\/p>\n","protected":false},"featured_media":2942,"comment_status":"closed","ping_status":"closed","template":"","meta":[],"product_cat":[401,313],"product_tag":[],"class_list":{"0":"post-2941","1":"product","2":"type-product","3":"status-publish","4":"has-post-thumbnail","6":"product_cat-juuksuri-tarvikud","7":"product_cat-kohvrid-ja-kotid","9":"first","10":"instock","11":"taxable","12":"shipping-taxable","13":"purchasable","14":"product-type-simple"},"_links":{"self":[{"href":"https:\/\/saxsim.ee\/swp\/wp-json\/wp\/v2\/product\/2941"}],"collection":[{"href":"https:\/\/saxsim.ee\/swp\/wp-json\/wp\/v2\/product"}],"about":[{"href":"https:\/\/saxsim.ee\/swp\/wp-json\/wp\/v2\/types\/product"}],"replies":[{"embeddable":true,"href":"https:\/\/saxsim.ee\/swp\/wp-json\/wp\/v2\/comments?post=2941"}],"wp:featuredmedia":[{"embeddable":true,"href":"https:\/\/saxsim.ee\/swp\/wp-json\/wp\/v2\/media\/2942"}],"wp:attachment":[{"href":"https:\/\/saxsim.ee\/swp\/wp-json\/wp\/v2\/media?parent=2941"}],"wp:term":[{"taxonomy":"product_cat","embeddable":true,"href":"https:\/\/saxsim.ee\/swp\/wp-json\/wp\/v2\/product_cat?post=2941"},{"taxonomy":"product_tag","embeddable":true,"href":"https:\/\/saxsim.ee\/swp\/wp-json\/wp\/v2\/product_tag?post=2941"}],"curies":[{"name":"wp","href":"https:\/\/api.w.org\/{rel}","templated":true}]}}