{"id":2813,"date":"2017-04-10T23:46:11","date_gmt":"2017-04-10T20:46:11","guid":{"rendered":"https:\/\/www.saxsim.ee\/swp\/?post_type=product&#038;p=2813"},"modified":"2025-07-08T10:45:03","modified_gmt":"2025-07-08T07:45:03","slug":"cotton-wool-1-kg-vatinoor","status":"publish","type":"product","link":"https:\/\/saxsim.ee\/swp\/product\/cotton-wool-1-kg-vatinoor\/","title":{"rendered":"Cotton Wool 1 kg. &#8211; vatin\u00f6\u00f6r"},"content":{"rendered":"<p>V\u00e4ga hea imavusega, 100% puuvillast vatin\u00f6\u00f6r.<\/p>\n<p>Pakis 1 kg.<\/p>\n<p>&nbsp;<\/p>\n<p>&nbsp;<\/p>\n","protected":false},"excerpt":{"rendered":"<p>V\u00e4ga hea imavusega, 100% puuvillast vatin\u00f6\u00f6r. Pakis 1 kg. &nbsp; &nbsp;<\/p>\n","protected":false},"featured_media":2814,"comment_status":"closed","ping_status":"closed","template":"","meta":[],"product_cat":[577,583,401,288,177,291,602,176],"product_tag":[],"class_list":{"0":"post-2813","1":"product","2":"type-product","3":"status-publish","4":"has-post-thumbnail","6":"product_cat-iluteenindaja-tarvikud","7":"product_cat-uhekordsed-tooted-iluteenindaja-tarvikud","8":"product_cat-juuksuri-tarvikud","9":"product_cat-lokitarvikud","10":"product_cat-muud-lokitarvikud","11":"product_cat-uhekordsed-tooted","12":"product_cat-vatt","13":"product_cat-varvitarvikud","15":"first","16":"instock","17":"taxable","18":"shipping-taxable","19":"purchasable","20":"product-type-simple"},"_links":{"self":[{"href":"https:\/\/saxsim.ee\/swp\/wp-json\/wp\/v2\/product\/2813"}],"collection":[{"href":"https:\/\/saxsim.ee\/swp\/wp-json\/wp\/v2\/product"}],"about":[{"href":"https:\/\/saxsim.ee\/swp\/wp-json\/wp\/v2\/types\/product"}],"replies":[{"embeddable":true,"href":"https:\/\/saxsim.ee\/swp\/wp-json\/wp\/v2\/comments?post=2813"}],"wp:featuredmedia":[{"embeddable":true,"href":"https:\/\/saxsim.ee\/swp\/wp-json\/wp\/v2\/media\/2814"}],"wp:attachment":[{"href":"https:\/\/saxsim.ee\/swp\/wp-json\/wp\/v2\/media?parent=2813"}],"wp:term":[{"taxonomy":"product_cat","embeddable":true,"href":"https:\/\/saxsim.ee\/swp\/wp-json\/wp\/v2\/product_cat?post=2813"},{"taxonomy":"product_tag","embeddable":true,"href":"https:\/\/saxsim.ee\/swp\/wp-json\/wp\/v2\/product_tag?post=2813"}],"curies":[{"name":"wp","href":"https:\/\/api.w.org\/{rel}","templated":true}]}}