{"id":2605,"date":"2017-04-08T13:34:59","date_gmt":"2017-04-08T10:34:59","guid":{"rendered":"https:\/\/www.saxsim.ee\/swp\/?post_type=product&#038;p=2605"},"modified":"2026-02-02T20:22:19","modified_gmt":"2026-02-02T18:22:19","slug":"sx45-kulmu-ja-naokarvade-trimmer","status":"publish","type":"product","link":"https:\/\/saxsim.ee\/swp\/product\/sx45-kulmu-ja-naokarvade-trimmer\/","title":{"rendered":"SX45 &#8211; kulmu- ja n\u00e4okarvade trimmer"},"content":{"rendered":"<p>Kompaktne, patareiga t\u00f6\u00f6tav kulmu- ja n\u00e4okarvade trimmer.<\/p>\n<p><strong>Komplektis:<\/strong><\/p>\n<p>SX45\u00a0trimmer<\/p>\n<p>puhastushari<\/p>\n<p>NB! Kasutada ainult 1,5 V, AAA-suuruses patareid. Patarei ei kuulu komplekti.<\/p>\n<p>&nbsp;<\/p>\n","protected":false},"excerpt":{"rendered":"<p>Kompaktne, patareiga t\u00f6\u00f6tav kulmu- ja n\u00e4okarvade trimmer. Komplektis: SX45\u00a0trimmer puhastushari NB! Kasutada ainult 1,5 V, AAA-suuruses patareid. Patarei ei kuulu komplekti. &nbsp;<\/p>\n","protected":false},"featured_media":2606,"comment_status":"closed","ping_status":"closed","template":"","meta":[],"product_cat":[577,598,401,280,286,284],"product_tag":[],"class_list":{"0":"post-2605","1":"product","2":"type-product","3":"status-publish","4":"has-post-thumbnail","6":"product_cat-iluteenindaja-tarvikud","7":"product_cat-muud-tarvikud-iluteenindaja-tarvikud","8":"product_cat-juuksuri-tarvikud","9":"product_cat-elektrilised-toovahendid","10":"product_cat-loikusmasinad-ja-trimmerid","11":"product_cat-reisimiseks","13":"first","14":"outofstock","15":"taxable","16":"shipping-taxable","17":"purchasable","18":"product-type-simple"},"_links":{"self":[{"href":"https:\/\/saxsim.ee\/swp\/wp-json\/wp\/v2\/product\/2605"}],"collection":[{"href":"https:\/\/saxsim.ee\/swp\/wp-json\/wp\/v2\/product"}],"about":[{"href":"https:\/\/saxsim.ee\/swp\/wp-json\/wp\/v2\/types\/product"}],"replies":[{"embeddable":true,"href":"https:\/\/saxsim.ee\/swp\/wp-json\/wp\/v2\/comments?post=2605"}],"wp:featuredmedia":[{"embeddable":true,"href":"https:\/\/saxsim.ee\/swp\/wp-json\/wp\/v2\/media\/2606"}],"wp:attachment":[{"href":"https:\/\/saxsim.ee\/swp\/wp-json\/wp\/v2\/media?parent=2605"}],"wp:term":[{"taxonomy":"product_cat","embeddable":true,"href":"https:\/\/saxsim.ee\/swp\/wp-json\/wp\/v2\/product_cat?post=2605"},{"taxonomy":"product_tag","embeddable":true,"href":"https:\/\/saxsim.ee\/swp\/wp-json\/wp\/v2\/product_tag?post=2605"}],"curies":[{"name":"wp","href":"https:\/\/api.w.org\/{rel}","templated":true}]}}