{"id":2575,"date":"2017-04-08T09:43:25","date_gmt":"2017-04-08T06:43:25","guid":{"rendered":"https:\/\/www.saxsim.ee\/swp\/?post_type=product&#038;p=2575"},"modified":"2023-10-22T12:53:45","modified_gmt":"2023-10-22T09:53:45","slug":"cisoria-class-o-t40-60","status":"publish","type":"product","link":"https:\/\/saxsim.ee\/swp\/product\/cisoria-class-o-t40-60\/","title":{"rendered":"Cisoria Class O-T40 &#8211; fileerk\u00e4\u00e4rid 6,0&#8243;"},"content":{"rendered":"<p>Roostevabast\u00a0terasest, ergonoomilised, 40-hambaga\u00a0fileerk\u00e4\u00e4rid.<\/p>\n<p><strong>Materjal:<\/strong><br \/>\nSUS440C roostevaba teras.<br \/>\nHRC: 57-58\u00b0<\/p>\n<p><strong>Disainielemendid:<\/strong><br \/>\nergonoomiline k\u00e4epide<br \/>\n40 hammast<br \/>\nfikseeritud s\u00f5rmetugi<br \/>\nregulaarse suurusega s\u00f5rmeaugud<\/p>\n<p><strong>Lisatud:<\/strong><br \/>\nk\u00e4\u00e4ri\u00f5li \u2013 1 tk.<br \/>\ns\u00f5rmer\u00f5ngad \u2013 2 tk.<br \/>\npuhastuslapp \u2013 1 tk.<br \/>\npingutusv\u00f5ti \u2013 1 tk.<\/p>\n<p>&nbsp;<\/p>\n<p>&nbsp;<\/p>\n<p>&nbsp;<\/p>\n","protected":false},"excerpt":{"rendered":"<p>Roostevabast\u00a0terasest, ergonoomilised, 40-hambaga\u00a0fileerk\u00e4\u00e4rid. Materjal: SUS440C roostevaba teras. HRC: 57-58\u00b0 Disainielemendid: ergonoomiline k\u00e4epide 40 hammast fikseeritud s\u00f5rmetugi regulaarse suurusega s\u00f5rmeaugud Lisatud: k\u00e4\u00e4ri\u00f5li \u2013 1 tk. s\u00f5rmer\u00f5ngad \u2013 2 tk. puhastuslapp \u2013 1 tk. pingutusv\u00f5ti \u2013 1 tk. &nbsp; &nbsp; &nbsp;<\/p>\n","protected":false},"featured_media":6626,"comment_status":"closed","ping_status":"closed","template":"","meta":[],"product_cat":[735,401,174,277],"product_tag":[],"class_list":{"0":"post-2575","1":"product","2":"type-product","3":"status-publish","4":"has-post-thumbnail","6":"product_cat-cisoria","7":"product_cat-juuksuri-tarvikud","8":"product_cat-kaarid","9":"product_cat-fileerkaarid","11":"first","12":"instock","13":"taxable","14":"shipping-taxable","15":"purchasable","16":"product-type-simple"},"_links":{"self":[{"href":"https:\/\/saxsim.ee\/swp\/wp-json\/wp\/v2\/product\/2575"}],"collection":[{"href":"https:\/\/saxsim.ee\/swp\/wp-json\/wp\/v2\/product"}],"about":[{"href":"https:\/\/saxsim.ee\/swp\/wp-json\/wp\/v2\/types\/product"}],"replies":[{"embeddable":true,"href":"https:\/\/saxsim.ee\/swp\/wp-json\/wp\/v2\/comments?post=2575"}],"wp:featuredmedia":[{"embeddable":true,"href":"https:\/\/saxsim.ee\/swp\/wp-json\/wp\/v2\/media\/6626"}],"wp:attachment":[{"href":"https:\/\/saxsim.ee\/swp\/wp-json\/wp\/v2\/media?parent=2575"}],"wp:term":[{"taxonomy":"product_cat","embeddable":true,"href":"https:\/\/saxsim.ee\/swp\/wp-json\/wp\/v2\/product_cat?post=2575"},{"taxonomy":"product_tag","embeddable":true,"href":"https:\/\/saxsim.ee\/swp\/wp-json\/wp\/v2\/product_tag?post=2575"}],"curies":[{"name":"wp","href":"https:\/\/api.w.org\/{rel}","templated":true}]}}