{"id":2487,"date":"2017-04-06T19:49:55","date_gmt":"2017-04-06T16:49:55","guid":{"rendered":"https:\/\/www.saxsim.ee\/swp\/?post_type=product&#038;p=2487"},"modified":"2017-06-02T23:40:23","modified_gmt":"2017-06-02T20:40:23","slug":"micro-fibre-towel-3482-cm-ratik","status":"publish","type":"product","link":"https:\/\/saxsim.ee\/swp\/product\/micro-fibre-towel-3482-cm-ratik\/","title":{"rendered":"Micro Fibre Towel 34*82 cm. &#8211; r\u00e4tik"},"content":{"rendered":"<p>&nbsp;<\/p>\n<p>K\u00f5rgtehnoloogilisest mikrofiiberkiust valmistatud r\u00e4tik, mis on pehme ja samas v\u00e4ga niiskustimav.<\/p>\n<p>&nbsp;<\/p>\n","protected":false},"excerpt":{"rendered":"<p>&nbsp; K\u00f5rgtehnoloogilisest mikrofiiberkiust valmistatud r\u00e4tik, mis on pehme ja samas v\u00e4ga niiskustimav. &nbsp;<\/p>\n","protected":false},"featured_media":2488,"comment_status":"closed","ping_status":"closed","template":"","meta":[],"product_cat":[577,601,401,329],"product_tag":[],"class_list":{"0":"post-2487","1":"product","2":"type-product","3":"status-publish","4":"has-post-thumbnail","6":"product_cat-iluteenindaja-tarvikud","7":"product_cat-ratikud-iluteenindaja-tarvikud","8":"product_cat-juuksuri-tarvikud","9":"product_cat-ratikud","11":"first","12":"instock","13":"taxable","14":"shipping-taxable","15":"purchasable","16":"product-type-simple"},"_links":{"self":[{"href":"https:\/\/saxsim.ee\/swp\/wp-json\/wp\/v2\/product\/2487"}],"collection":[{"href":"https:\/\/saxsim.ee\/swp\/wp-json\/wp\/v2\/product"}],"about":[{"href":"https:\/\/saxsim.ee\/swp\/wp-json\/wp\/v2\/types\/product"}],"replies":[{"embeddable":true,"href":"https:\/\/saxsim.ee\/swp\/wp-json\/wp\/v2\/comments?post=2487"}],"wp:featuredmedia":[{"embeddable":true,"href":"https:\/\/saxsim.ee\/swp\/wp-json\/wp\/v2\/media\/2488"}],"wp:attachment":[{"href":"https:\/\/saxsim.ee\/swp\/wp-json\/wp\/v2\/media?parent=2487"}],"wp:term":[{"taxonomy":"product_cat","embeddable":true,"href":"https:\/\/saxsim.ee\/swp\/wp-json\/wp\/v2\/product_cat?post=2487"},{"taxonomy":"product_tag","embeddable":true,"href":"https:\/\/saxsim.ee\/swp\/wp-json\/wp\/v2\/product_tag?post=2487"}],"curies":[{"name":"wp","href":"https:\/\/api.w.org\/{rel}","templated":true}]}}