{"id":1941,"date":"2017-04-01T20:41:51","date_gmt":"2017-04-01T17:41:51","guid":{"rendered":"https:\/\/www.saxsim.ee\/swp\/toode\/hairbrush-cleaner-puhastushari\/"},"modified":"2025-01-04T11:11:11","modified_gmt":"2025-01-04T09:11:11","slug":"hairbrush-cleaner-puhastushari","status":"publish","type":"product","link":"https:\/\/saxsim.ee\/swp\/product\/hairbrush-cleaner-puhastushari\/","title":{"rendered":"Hairbrush Cleaner &#8211; puhastushari"},"content":{"rendered":"<p>K\u00f5vade plastikharjastega puhastushari, mis\u00a0puhastab lihtsalt igat t\u00fc\u00fcpi harja v\u00f5i kammi.<\/p>\n<p>&nbsp;<\/p>\n","protected":false},"excerpt":{"rendered":"<p>K\u00f5vade plastikharjastega puhastushari, mis\u00a0puhastab lihtsalt igat t\u00fc\u00fcpi harja v\u00f5i kammi. &nbsp;<\/p>\n","protected":false},"featured_media":1943,"comment_status":"closed","ping_status":"closed","template":"","meta":[],"product_cat":[401,599,614],"product_tag":[],"class_list":{"0":"post-1941","1":"product","2":"type-product","3":"status-publish","4":"has-post-thumbnail","6":"product_cat-juuksuri-tarvikud","7":"product_cat-puhastus-ja-desinfektsioonivahendid","8":"product_cat-muud-kammid","10":"first","11":"instock","12":"taxable","13":"shipping-taxable","14":"purchasable","15":"product-type-simple"},"_links":{"self":[{"href":"https:\/\/saxsim.ee\/swp\/wp-json\/wp\/v2\/product\/1941"}],"collection":[{"href":"https:\/\/saxsim.ee\/swp\/wp-json\/wp\/v2\/product"}],"about":[{"href":"https:\/\/saxsim.ee\/swp\/wp-json\/wp\/v2\/types\/product"}],"replies":[{"embeddable":true,"href":"https:\/\/saxsim.ee\/swp\/wp-json\/wp\/v2\/comments?post=1941"}],"wp:featuredmedia":[{"embeddable":true,"href":"https:\/\/saxsim.ee\/swp\/wp-json\/wp\/v2\/media\/1943"}],"wp:attachment":[{"href":"https:\/\/saxsim.ee\/swp\/wp-json\/wp\/v2\/media?parent=1941"}],"wp:term":[{"taxonomy":"product_cat","embeddable":true,"href":"https:\/\/saxsim.ee\/swp\/wp-json\/wp\/v2\/product_cat?post=1941"},{"taxonomy":"product_tag","embeddable":true,"href":"https:\/\/saxsim.ee\/swp\/wp-json\/wp\/v2\/product_tag?post=1941"}],"curies":[{"name":"wp","href":"https:\/\/api.w.org\/{rel}","templated":true}]}}