{"id":1913,"date":"2017-03-28T21:23:55","date_gmt":"2017-03-28T18:23:55","guid":{"rendered":"https:\/\/www.saxsim.ee\/swp\/toode\/olivia-garden-finger-brush-m-juuksehari\/"},"modified":"2025-11-26T09:41:57","modified_gmt":"2025-11-26T07:41:57","slug":"olivia-garden-finger-brush-m-juuksehari","status":"publish","type":"product","link":"https:\/\/saxsim.ee\/swp\/product\/olivia-garden-finger-brush-m-juuksehari\/","title":{"rendered":"Olivia Garden Finger Brush M &#8211; juuksehari"},"content":{"rendered":"<p>Ioonidega laetud nailon- ja 100% metsseaharjastega f\u00f6\u00f6nihari. OG juukseharjal on spetsiaalne kumer disain ja ergonoomiline k\u00e4epide, mille sees on plastikust sektsioonin\u00f5el.<\/p>\n<p>&nbsp;<\/p>\n<p>&nbsp;<\/p>\n<p>&nbsp;<\/p>\n","protected":false},"excerpt":{"rendered":"<p>Ioonidega laetud nailon- ja 100% metsseaharjastega f\u00f6\u00f6nihari. OG juukseharjal on spetsiaalne kumer disain ja ergonoomiline k\u00e4epide, mille sees on plastikust sektsioonin\u00f5el. &nbsp; &nbsp; &nbsp;<\/p>\n","protected":false},"featured_media":1914,"comment_status":"closed","ping_status":"closed","template":"","meta":[],"product_cat":[722,401,172,397],"product_tag":[],"class_list":{"0":"post-1913","1":"product","2":"type-product","3":"status-publish","4":"has-post-thumbnail","6":"product_cat-olivia-garden","7":"product_cat-juuksuri-tarvikud","8":"product_cat-juukseharjad","9":"product_cat-lapikud-juukseharjad","11":"first","12":"instock","13":"taxable","14":"shipping-taxable","15":"purchasable","16":"product-type-simple"},"_links":{"self":[{"href":"https:\/\/saxsim.ee\/swp\/wp-json\/wp\/v2\/product\/1913"}],"collection":[{"href":"https:\/\/saxsim.ee\/swp\/wp-json\/wp\/v2\/product"}],"about":[{"href":"https:\/\/saxsim.ee\/swp\/wp-json\/wp\/v2\/types\/product"}],"replies":[{"embeddable":true,"href":"https:\/\/saxsim.ee\/swp\/wp-json\/wp\/v2\/comments?post=1913"}],"wp:featuredmedia":[{"embeddable":true,"href":"https:\/\/saxsim.ee\/swp\/wp-json\/wp\/v2\/media\/1914"}],"wp:attachment":[{"href":"https:\/\/saxsim.ee\/swp\/wp-json\/wp\/v2\/media?parent=1913"}],"wp:term":[{"taxonomy":"product_cat","embeddable":true,"href":"https:\/\/saxsim.ee\/swp\/wp-json\/wp\/v2\/product_cat?post=1913"},{"taxonomy":"product_tag","embeddable":true,"href":"https:\/\/saxsim.ee\/swp\/wp-json\/wp\/v2\/product_tag?post=1913"}],"curies":[{"name":"wp","href":"https:\/\/api.w.org\/{rel}","templated":true}]}}