{"id":1739,"date":"2017-03-22T23:50:05","date_gmt":"2017-03-22T21:50:05","guid":{"rendered":"https:\/\/www.saxsim.ee\/swp\/toode\/cera-wavestyler-mini-mini-lainetangid\/"},"modified":"2024-04-22T08:33:23","modified_gmt":"2024-04-22T05:33:23","slug":"cera-wavestyler-mini-mini-lainetangid","status":"publish","type":"product","link":"https:\/\/saxsim.ee\/swp\/product\/cera-wavestyler-mini-mini-lainetangid\/","title":{"rendered":"Cera Wavestyler Mini &#8211; mini lainetangid"},"content":{"rendered":"<p>Cera Wavestyler Miniga saate luua ilusaid ja p\u00f5nevaid lainelokke l\u00fchikese- ja keskmise pikkusega juustesse.\u00a0Sobivad ideaalselt reisile kaasav\u00f5tmiseks.<\/p>\n<p><strong>Tehnilised andmed:<\/strong><\/p>\n<p>ION tehnoloogia<\/p>\n<p>mittekuumenev ots<\/p>\n<p>keraamilise + turmaliin kattega k\u00fcttekehad<\/p>\n<p>t\u00f6\u00f6temperatuur \u2013 200\u00b0C<\/p>\n<p>kaal \u2013 120 g.<\/p>\n<p>p\u00f6\u00f6rlev juhe \u2013 2,0 m<\/p>\n<p>&nbsp;<\/p>\n","protected":false},"excerpt":{"rendered":"<p>Cera Wavestyler Miniga saate luua ilusaid ja p\u00f5nevaid lainelokke l\u00fchikese- ja keskmise pikkusega juustesse.\u00a0Sobivad ideaalselt reisile kaasav\u00f5tmiseks. Tehnilised andmed: ION tehnoloogia mittekuumenev ots keraamilise + turmaliin kattega k\u00fcttekehad t\u00f6\u00f6temperatuur \u2013 200\u00b0C kaal \u2013 120 g. p\u00f6\u00f6rlev juhe \u2013 2,0 m &nbsp;<\/p>\n","protected":false},"featured_media":1740,"comment_status":"closed","ping_status":"closed","template":"","meta":[],"product_cat":[710,401,280,283,284],"product_tag":[],"class_list":{"0":"post-1739","1":"product","2":"type-product","3":"status-publish","4":"has-post-thumbnail","6":"product_cat-cera-professional","7":"product_cat-juuksuri-tarvikud","8":"product_cat-elektrilised-toovahendid","9":"product_cat-krepp-ja-lainetangid","10":"product_cat-reisimiseks","12":"first","13":"outofstock","14":"taxable","15":"shipping-taxable","16":"purchasable","17":"product-type-simple"},"_links":{"self":[{"href":"https:\/\/saxsim.ee\/swp\/wp-json\/wp\/v2\/product\/1739"}],"collection":[{"href":"https:\/\/saxsim.ee\/swp\/wp-json\/wp\/v2\/product"}],"about":[{"href":"https:\/\/saxsim.ee\/swp\/wp-json\/wp\/v2\/types\/product"}],"replies":[{"embeddable":true,"href":"https:\/\/saxsim.ee\/swp\/wp-json\/wp\/v2\/comments?post=1739"}],"wp:featuredmedia":[{"embeddable":true,"href":"https:\/\/saxsim.ee\/swp\/wp-json\/wp\/v2\/media\/1740"}],"wp:attachment":[{"href":"https:\/\/saxsim.ee\/swp\/wp-json\/wp\/v2\/media?parent=1739"}],"wp:term":[{"taxonomy":"product_cat","embeddable":true,"href":"https:\/\/saxsim.ee\/swp\/wp-json\/wp\/v2\/product_cat?post=1739"},{"taxonomy":"product_tag","embeddable":true,"href":"https:\/\/saxsim.ee\/swp\/wp-json\/wp\/v2\/product_tag?post=1739"}],"curies":[{"name":"wp","href":"https:\/\/api.w.org\/{rel}","templated":true}]}}