{"id":1736,"date":"2017-03-22T23:37:29","date_gmt":"2017-03-22T21:37:29","guid":{"rendered":"https:\/\/www.saxsim.ee\/swp\/toode\/mini-wand-mini-koonustangid-16-26-mm\/"},"modified":"2025-08-05T10:32:20","modified_gmt":"2025-08-05T07:32:20","slug":"mini-wand-mini-koonustangid-16-26-mm","status":"publish","type":"product","link":"https:\/\/saxsim.ee\/swp\/product\/mini-wand-mini-koonustangid-16-26-mm\/","title":{"rendered":"Mini Wand &#8211; mini koonustangid 16-26 mm"},"content":{"rendered":"<p>Mini-koonustangid keskmiste lokkide tegemiseks. Sobivad ideaalselt reisile kaasav\u00f5tmiseks.<\/p>\n<p><strong>Tehnilised andmed:<\/strong><\/p>\n<p>ION tehnoloogia<\/p>\n<p>mittekuumenev ots<\/p>\n<p>universaalne v\u00f5rgupinge ( 110 &#8211; 240 V )<\/p>\n<p>automaatne v\u00e4ljal\u00fclitus u. 60 min. m\u00f6\u00f6dumisel<\/p>\n<p>t\u00f6\u00f6temperatuur \u2013 200\u00b0C<\/p>\n<p>kuumenev pind &#8211;\u00a0keraamiline + turmaliin<\/p>\n<p>kaal \u2013 275 g<\/p>\n<p>p\u00f6\u00f6rlev juhe \u2013 2,0 m<\/p>\n<p>&nbsp;<\/p>\n<p>&nbsp;<\/p>\n","protected":false},"excerpt":{"rendered":"<p>Mini-koonustangid keskmiste lokkide tegemiseks. Sobivad ideaalselt reisile kaasav\u00f5tmiseks. Tehnilised andmed: ION tehnoloogia mittekuumenev ots universaalne v\u00f5rgupinge ( 110 &#8211; 240 V ) automaatne v\u00e4ljal\u00fclitus u. 60 min. m\u00f6\u00f6dumisel t\u00f6\u00f6temperatuur \u2013 200\u00b0C kuumenev pind &#8211;\u00a0keraamiline + turmaliin kaal \u2013 275 g p\u00f6\u00f6rlev juhe \u2013 2,0 m &nbsp; &nbsp;<\/p>\n","protected":false},"featured_media":1738,"comment_status":"closed","ping_status":"closed","template":"","meta":[],"product_cat":[401,280,281,284],"product_tag":[],"class_list":{"0":"post-1736","1":"product","2":"type-product","3":"status-publish","4":"has-post-thumbnail","6":"product_cat-juuksuri-tarvikud","7":"product_cat-elektrilised-toovahendid","8":"product_cat-lokitangid","9":"product_cat-reisimiseks","11":"first","12":"instock","13":"taxable","14":"shipping-taxable","15":"purchasable","16":"product-type-simple"},"_links":{"self":[{"href":"https:\/\/saxsim.ee\/swp\/wp-json\/wp\/v2\/product\/1736"}],"collection":[{"href":"https:\/\/saxsim.ee\/swp\/wp-json\/wp\/v2\/product"}],"about":[{"href":"https:\/\/saxsim.ee\/swp\/wp-json\/wp\/v2\/types\/product"}],"replies":[{"embeddable":true,"href":"https:\/\/saxsim.ee\/swp\/wp-json\/wp\/v2\/comments?post=1736"}],"wp:featuredmedia":[{"embeddable":true,"href":"https:\/\/saxsim.ee\/swp\/wp-json\/wp\/v2\/media\/1738"}],"wp:attachment":[{"href":"https:\/\/saxsim.ee\/swp\/wp-json\/wp\/v2\/media?parent=1736"}],"wp:term":[{"taxonomy":"product_cat","embeddable":true,"href":"https:\/\/saxsim.ee\/swp\/wp-json\/wp\/v2\/product_cat?post=1736"},{"taxonomy":"product_tag","embeddable":true,"href":"https:\/\/saxsim.ee\/swp\/wp-json\/wp\/v2\/product_tag?post=1736"}],"curies":[{"name":"wp","href":"https:\/\/api.w.org\/{rel}","templated":true}]}}