{"id":1713,"date":"2017-03-22T22:02:22","date_gmt":"2017-03-22T20:02:22","guid":{"rendered":"https:\/\/www.saxsim.ee\/swp\/toode\/cera-hotstyler-elektriline-rullhari-45-mm\/"},"modified":"2024-01-04T07:51:05","modified_gmt":"2024-01-04T05:51:05","slug":"cera-hotstyler-elektriline-rullhari-45-mm","status":"publish","type":"product","link":"https:\/\/saxsim.ee\/swp\/product\/cera-hotstyler-elektriline-rullhari-45-mm\/","title":{"rendered":"Cera Hotstyler &#8211; elektriline rullhari 45 mm"},"content":{"rendered":"<p>Cera Hotstyler on 2 in 1 kuumenev rullhari, mis annab l\u00f5putult v\u00f5imalusi soengute tegemiseks.<\/p>\n<p><strong>Tehnilised andmed:<\/strong><\/p>\n<p>ION tehnoloogia<\/p>\n<p>2 in 1 kvaliteet<\/p>\n<p>mittekuumenev ots<\/p>\n<p>automaatne v\u00e4ljal\u00fclitus 60 min. p\u00e4rast<\/p>\n<p>t\u00f6\u00f6temperatuur \u2013 130\u00b0C &#8211; 230\u00b0C, digitaalselt reguleeritav<\/p>\n<p>keraamiline kuumenev pind, kuumakindlate nailonpiidega<\/p>\n<p>kaal \u2013 180-325 g.<\/p>\n<p>p\u00f6\u00f6rlev juhe \u2013 2,5 m<\/p>\n<p>&nbsp;<\/p>\n<p>&nbsp;<\/p>\n","protected":false},"excerpt":{"rendered":"<p>Cera Hotstyler on 2 in 1 kuumenev rullhari, mis annab l\u00f5putult v\u00f5imalusi soengute tegemiseks. Tehnilised andmed: ION tehnoloogia 2 in 1 kvaliteet mittekuumenev ots automaatne v\u00e4ljal\u00fclitus 60 min. p\u00e4rast t\u00f6\u00f6temperatuur \u2013 130\u00b0C &#8211; 230\u00b0C, digitaalselt reguleeritav keraamiline kuumenev pind, kuumakindlate nailonpiidega kaal \u2013 180-325 g. p\u00f6\u00f6rlev juhe \u2013 2,5 m &nbsp; &nbsp;<\/p>\n","protected":false},"featured_media":1714,"comment_status":"closed","ping_status":"closed","template":"","meta":[],"product_cat":[710,401,280,282],"product_tag":[],"class_list":{"0":"post-1713","1":"product","2":"type-product","3":"status-publish","4":"has-post-thumbnail","6":"product_cat-cera-professional","7":"product_cat-juuksuri-tarvikud","8":"product_cat-elektrilised-toovahendid","9":"product_cat-elektrilised-juukseharjad","11":"first","12":"instock","13":"taxable","14":"shipping-taxable","15":"purchasable","16":"product-type-simple"},"_links":{"self":[{"href":"https:\/\/saxsim.ee\/swp\/wp-json\/wp\/v2\/product\/1713"}],"collection":[{"href":"https:\/\/saxsim.ee\/swp\/wp-json\/wp\/v2\/product"}],"about":[{"href":"https:\/\/saxsim.ee\/swp\/wp-json\/wp\/v2\/types\/product"}],"replies":[{"embeddable":true,"href":"https:\/\/saxsim.ee\/swp\/wp-json\/wp\/v2\/comments?post=1713"}],"wp:featuredmedia":[{"embeddable":true,"href":"https:\/\/saxsim.ee\/swp\/wp-json\/wp\/v2\/media\/1714"}],"wp:attachment":[{"href":"https:\/\/saxsim.ee\/swp\/wp-json\/wp\/v2\/media?parent=1713"}],"wp:term":[{"taxonomy":"product_cat","embeddable":true,"href":"https:\/\/saxsim.ee\/swp\/wp-json\/wp\/v2\/product_cat?post=1713"},{"taxonomy":"product_tag","embeddable":true,"href":"https:\/\/saxsim.ee\/swp\/wp-json\/wp\/v2\/product_tag?post=1713"}],"curies":[{"name":"wp","href":"https:\/\/api.w.org\/{rel}","templated":true}]}}