{"id":1696,"date":"2017-03-22T19:04:13","date_gmt":"2017-03-22T17:04:13","guid":{"rendered":"https:\/\/www.saxsim.ee\/swp\/toode\/pro-hairstyler-duo-rullfoon\/"},"modified":"2025-07-03T10:07:07","modified_gmt":"2025-07-03T07:07:07","slug":"pro-hairstyler-duo-rullfoon","status":"publish","type":"product","link":"https:\/\/saxsim.ee\/swp\/product\/pro-hairstyler-duo-rullfoon\/","title":{"rendered":"Pro Hairstyler Duo &#8211; rullf\u00f6\u00f6n"},"content":{"rendered":"<p>Kahe vahetatava otsikuga rullf\u00f6\u00f6n.<\/p>\n<p><strong>Tehnilised andmed:<\/strong><\/p>\n<p>v\u00f5imsus &#8211; 180 W<br \/>\ntugevate plastpiidega otsik &#8211; 13 mm<br \/>\ntugevate plastpiidega otsik &#8211; 19 mm<br \/>\np\u00f6\u00f6rlev juhe &#8211; 2,5 m<\/p>\n","protected":false},"excerpt":{"rendered":"<p>Kahe vahetatava otsikuga rullf\u00f6\u00f6n. Tehnilised andmed: v\u00f5imsus &#8211; 180 W tugevate plastpiidega otsik &#8211; 13 mm tugevate plastpiidega otsik &#8211; 19 mm p\u00f6\u00f6rlev juhe &#8211; 2,5 m<\/p>\n","protected":false},"featured_media":1697,"comment_status":"closed","ping_status":"closed","template":"","meta":[],"product_cat":[401,280,593],"product_tag":[],"class_list":{"0":"post-1696","1":"product","2":"type-product","3":"status-publish","4":"has-post-thumbnail","6":"product_cat-juuksuri-tarvikud","7":"product_cat-elektrilised-toovahendid","8":"product_cat-rullfoonid","10":"first","11":"instock","12":"taxable","13":"shipping-taxable","14":"purchasable","15":"product-type-simple"},"_links":{"self":[{"href":"https:\/\/saxsim.ee\/swp\/wp-json\/wp\/v2\/product\/1696"}],"collection":[{"href":"https:\/\/saxsim.ee\/swp\/wp-json\/wp\/v2\/product"}],"about":[{"href":"https:\/\/saxsim.ee\/swp\/wp-json\/wp\/v2\/types\/product"}],"replies":[{"embeddable":true,"href":"https:\/\/saxsim.ee\/swp\/wp-json\/wp\/v2\/comments?post=1696"}],"wp:featuredmedia":[{"embeddable":true,"href":"https:\/\/saxsim.ee\/swp\/wp-json\/wp\/v2\/media\/1697"}],"wp:attachment":[{"href":"https:\/\/saxsim.ee\/swp\/wp-json\/wp\/v2\/media?parent=1696"}],"wp:term":[{"taxonomy":"product_cat","embeddable":true,"href":"https:\/\/saxsim.ee\/swp\/wp-json\/wp\/v2\/product_cat?post=1696"},{"taxonomy":"product_tag","embeddable":true,"href":"https:\/\/saxsim.ee\/swp\/wp-json\/wp\/v2\/product_tag?post=1696"}],"curies":[{"name":"wp","href":"https:\/\/api.w.org\/{rel}","templated":true}]}}